107.194.32.55 - - [20/May/2026:11:38:59 -0700] "GET /wp-admin/admin-ajax.php?action=updraft_ajax&subaction=activejobs_list&nonce=33dd573458&downloaders= HTTP/2.0" 400 1 "https://www.pioneercabinetry.net/wp-admin/options-general.php?page=updraftplus" "Mozilla/5.0 (Macintosh; Intel Mac OS X 10.15; rv:150.0) Gecko/20100101 Firefox/150.0" 958 **0/958522**
67.182.194.213 - - [20/May/2026:11:39:01 -0700] "GET /wp-content/uploads/2018/09/IMG_4638-1_edited-3-400x284.jpg HTTP/2.0" 200 25030 "https://www.pioneercabinetry.net/gallery/" "Mozilla/5.0 (Macintosh; Intel Mac OS X 10_15_7) AppleWebKit/605.1.15 (KHTML, like Gecko) Version/17.6 Safari/605.1.15" 12 **0/12612**
67.182.194.213 - - [20/May/2026:11:39:01 -0700] "GET /wp-content/uploads/2018/09/8T3A2878-Edit-Edit-400x284.jpg HTTP/2.0" 200 26441 "https://www.pioneercabinetry.net/gallery/" "Mozilla/5.0 (Macintosh; Intel Mac OS X 10_15_7) AppleWebKit/605.1.15 (KHTML, like Gecko) Version/17.6 Safari/605.1.15" 13 **0/13105**
67.182.194.213 - - [20/May/2026:11:39:01 -0700] "GET /wp-content/uploads/2018/09/8T3A2894-Edit-Edit-Edit-400x284.jpg HTTP/2.0" 200 25004 "https://www.pioneercabinetry.net/gallery/" "Mozilla/5.0 (Macintosh; Intel Mac OS X 10_15_7) AppleWebKit/605.1.15 (KHTML, like Gecko) Version/17.6 Safari/605.1.15" 13 **0/13429**
67.182.194.213 - - [20/May/2026:11:39:01 -0700] "GET /wp-content/uploads/2018/09/IMG_2425-400x284.jpg HTTP/2.0" 200 19523 "https://www.pioneercabinetry.net/gallery/" "Mozilla/5.0 (Macintosh; Intel Mac OS X 10_15_7) AppleWebKit/605.1.15 (KHTML, like Gecko) Version/17.6 Safari/605.1.15" 14 **0/14270**
67.182.194.213 - - [20/May/2026:11:39:01 -0700] "GET /wp-content/uploads/2018/09/IMG_4641-1-400x284.jpg HTTP/2.0" 200 24984 "https://www.pioneercabinetry.net/gallery/" "Mozilla/5.0 (Macintosh; Intel Mac OS X 10_15_7) AppleWebKit/605.1.15 (KHTML, like Gecko) Version/17.6 Safari/605.1.15" 14 **0/14591**
67.182.194.213 - - [20/May/2026:11:39:01 -0700] "GET /wp-content/uploads/2018/09/8T3A2926-Edit-Edit-400x284.jpg HTTP/2.0" 200 24009 "https://www.pioneercabinetry.net/gallery/" "Mozilla/5.0 (Macintosh; Intel Mac OS X 10_15_7) AppleWebKit/605.1.15 (KHTML, like Gecko) Version/17.6 Safari/605.1.15" 134 **0/134994**
67.182.194.213 - - [20/May/2026:11:39:01 -0700] "GET /wp-content/uploads/2018/09/Quinn-Laundry-400x284.jpg HTTP/2.0" 200 21027 "https://www.pioneercabinetry.net/gallery/" "Mozilla/5.0 (Macintosh; Intel Mac OS X 10_15_7) AppleWebKit/605.1.15 (KHTML, like Gecko) Version/17.6 Safari/605.1.15" 178 **0/178169**
67.182.194.213 - - [20/May/2026:11:39:01 -0700] "GET /wp-content/uploads/2018/09/Kitchenmaster-12_16-07724-HDR-400x284.jpg HTTP/2.0" 200 22566 "https://www.pioneercabinetry.net/gallery/" "Mozilla/5.0 (Macintosh; Intel Mac OS X 10_15_7) AppleWebKit/605.1.15 (KHTML, like Gecko) Version/17.6 Safari/605.1.15" 178 **0/178870**
67.182.194.213 - - [20/May/2026:11:39:01 -0700] "GET /wp-content/uploads/2018/09/Kitchenmaster-12_16-07829-HDR-1-400x284.jpg HTTP/2.0" 200 21496 "https://www.pioneercabinetry.net/gallery/" "Mozilla/5.0 (Macintosh; Intel Mac OS X 10_15_7) AppleWebKit/605.1.15 (KHTML, like Gecko) Version/17.6 Safari/605.1.15" 179 **0/179338**
67.182.194.213 - - [20/May/2026:11:39:01 -0700] "GET /wp-content/uploads/2018/09/Kitchenmaster-12_16-07846-HDR-1-400x284.jpg HTTP/2.0" 200 20459 "https://www.pioneercabinetry.net/gallery/" "Mozilla/5.0 (Macintosh; Intel Mac OS X 10_15_7) AppleWebKit/605.1.15 (KHTML, like Gecko) Version/17.6 Safari/605.1.15" 179 **0/179837**
67.182.194.213 - - [20/May/2026:11:39:01 -0700] "GET /wp-content/uploads/2018/09/Pioneer-1-400x284.jpg HTTP/2.0" 200 14322 "https://www.pioneercabinetry.net/gallery/" "Mozilla/5.0 (Macintosh; Intel Mac OS X 10_15_7) AppleWebKit/605.1.15 (KHTML, like Gecko) Version/17.6 Safari/605.1.15" 181 **0/181963**
67.182.194.213 - - [20/May/2026:11:39:01 -0700] "GET /wp-content/uploads/2018/09/IMG_7915-400x284.jpg HTTP/2.0" 200 25351 "https://www.pioneercabinetry.net/gallery/" "Mozilla/5.0 (Macintosh; Intel Mac OS X 10_15_7) AppleWebKit/605.1.15 (KHTML, like Gecko) Version/17.6 Safari/605.1.15" 184 **0/184023**
67.182.194.213 - - [20/May/2026:11:39:01 -0700] "GET /wp-content/uploads/2018/09/15658612_1657273157632152_1994047578_o-400x284.jpg HTTP/2.0" 200 22928 "https://www.pioneercabinetry.net/gallery/" "Mozilla/5.0 (Macintosh; Intel Mac OS X 10_15_7) AppleWebKit/605.1.15 (KHTML, like Gecko) Version/17.6 Safari/605.1.15" 51 **0/51228**
67.182.194.213 - - [20/May/2026:11:39:01 -0700] "GET /wp-content/uploads/2018/09/Kitchenmaster-12_16-07976-HDR-400x284.jpg HTTP/2.0" 200 23590 "https://www.pioneercabinetry.net/gallery/" "Mozilla/5.0 (Macintosh; Intel Mac OS X 10_15_7) AppleWebKit/605.1.15 (KHTML, like Gecko) Version/17.6 Safari/605.1.15" 51 **0/51864**
67.182.194.213 - - [20/May/2026:11:39:01 -0700] "GET /wp-content/uploads/2017/09/527baab4ac383-400x284.jpg HTTP/2.0" 200 29504 "https://www.pioneercabinetry.net/gallery/" "Mozilla/5.0 (Macintosh; Intel Mac OS X 10_15_7) AppleWebKit/605.1.15 (KHTML, like Gecko) Version/17.6 Safari/605.1.15" 52 **0/52214**
67.182.194.213 - - [20/May/2026:11:39:01 -0700] "GET /wp-content/uploads/2018/09/IMG_1544-1_edited-1-400x284.jpg HTTP/2.0" 200 21676 "https://www.pioneercabinetry.net/gallery/" "Mozilla/5.0 (Macintosh; Intel Mac OS X 10_15_7) AppleWebKit/605.1.15 (KHTML, like Gecko) Version/17.6 Safari/605.1.15" 52 **0/52702**
67.182.194.213 - - [20/May/2026:11:39:03 -0700] "GET /wp-content/uploads/2018/09/IMG_0230-400x284.jpg HTTP/2.0" 200 21414 "https://www.pioneercabinetry.net/gallery/" "Mozilla/5.0 (Macintosh; Intel Mac OS X 10_15_7) AppleWebKit/605.1.15 (KHTML, like Gecko) Version/17.6 Safari/605.1.15" 15 **0/15329**
67.182.194.213 - - [20/May/2026:11:39:03 -0700] "GET /wp-content/uploads/2018/09/IMG_1613_edited-4-400x284.jpg HTTP/2.0" 200 21908 "https://www.pioneercabinetry.net/gallery/" "Mozilla/5.0 (Macintosh; Intel Mac OS X 10_15_7) AppleWebKit/605.1.15 (KHTML, like Gecko) Version/17.6 Safari/605.1.15" 18 **0/18042**
67.182.194.213 - - [20/May/2026:11:39:03 -0700] "GET /wp-content/uploads/2018/09/IMG_0232-400x284.jpg HTTP/2.0" 200 19659 "https://www.pioneercabinetry.net/gallery/" "Mozilla/5.0 (Macintosh; Intel Mac OS X 10_15_7) AppleWebKit/605.1.15 (KHTML, like Gecko) Version/17.6 Safari/605.1.15" 23 **0/23413**
67.182.194.213 - - [20/May/2026:11:39:03 -0700] "GET /wp-content/uploads/2018/09/8T3A2978-Edit-21-400x284.jpg HTTP/2.0" 200 24349 "https://www.pioneercabinetry.net/gallery/" "Mozilla/5.0 (Macintosh; Intel Mac OS X 10_15_7) AppleWebKit/605.1.15 (KHTML, like Gecko) Version/17.6 Safari/605.1.15" 26 **0/26666**
107.194.32.55 - - [20/May/2026:11:39:05 -0700] "GET /wp-admin/admin-ajax.php?action=updraft_ajax&subaction=activejobs_list&nonce=33dd573458&downloaders= HTTP/2.0" 400 1 "https://www.pioneercabinetry.net/wp-admin/options-general.php?page=updraftplus" "Mozilla/5.0 (Macintosh; Intel Mac OS X 10.15; rv:150.0) Gecko/20100101 Firefox/150.0" 1106 **1/1106975**
107.194.32.55 - - [20/May/2026:11:39:11 -0700] "GET /wp-admin/admin-ajax.php?action=updraft_ajax&subaction=activejobs_list&nonce=33dd573458&downloaders= HTTP/2.0" 400 1 "https://www.pioneercabinetry.net/wp-admin/options-general.php?page=updraftplus" "Mozilla/5.0 (Macintosh; Intel Mac OS X 10.15; rv:150.0) Gecko/20100101 Firefox/150.0" 1116 **1/1116522**
67.182.194.213 - - [20/May/2026:11:39:14 -0700] "GET /wp-content/uploads/2018/09/DSC_0032-400x284.jpg HTTP/2.0" 200 24093 "https://www.pioneercabinetry.net/gallery/" "Mozilla/5.0 (Macintosh; Intel Mac OS X 10_15_7) AppleWebKit/605.1.15 (KHTML, like Gecko) Version/17.6 Safari/605.1.15" 9 **0/9102**
67.182.194.213 - - [20/May/2026:11:39:14 -0700] "GET /wp-content/uploads/2017/09/527baabaed83e-400x284.jpg HTTP/2.0" 200 25473 "https://www.pioneercabinetry.net/gallery/" "Mozilla/5.0 (Macintosh; Intel Mac OS X 10_15_7) AppleWebKit/605.1.15 (KHTML, like Gecko) Version/17.6 Safari/605.1.15" 11 **0/11570**
67.182.194.213 - - [20/May/2026:11:39:14 -0700] "GET /wp-content/uploads/2018/09/Access_Gladwin08-400x284.jpg HTTP/2.0" 200 24691 "https://www.pioneercabinetry.net/gallery/" "Mozilla/5.0 (Macintosh; Intel Mac OS X 10_15_7) AppleWebKit/605.1.15 (KHTML, like Gecko) Version/17.6 Safari/605.1.15" 11 **0/11797**
67.182.194.213 - - [20/May/2026:11:39:14 -0700] "GET /wp-content/uploads/2018/09/00018T3A4607-Edit-X3-400x284.jpg HTTP/2.0" 200 20533 "https://www.pioneercabinetry.net/gallery/" "Mozilla/5.0 (Macintosh; Intel Mac OS X 10_15_7) AppleWebKit/605.1.15 (KHTML, like Gecko) Version/17.6 Safari/605.1.15" 12 **0/12055**
67.182.194.213 - - [20/May/2026:11:39:14 -0700] "GET /wp-content/uploads/2018/09/00048T3A4693-Edit-X3-400x284.jpg HTTP/2.0" 200 21850 "https://www.pioneercabinetry.net/gallery/" "Mozilla/5.0 (Macintosh; Intel Mac OS X 10_15_7) AppleWebKit/605.1.15 (KHTML, like Gecko) Version/17.6 Safari/605.1.15" 12 **0/12292**
67.182.194.213 - - [20/May/2026:11:39:14 -0700] "GET /wp-content/uploads/2018/09/IMG_0374-2-400x284.jpg HTTP/2.0" 200 21622 "https://www.pioneercabinetry.net/gallery/" "Mozilla/5.0 (Macintosh; Intel Mac OS X 10_15_7) AppleWebKit/605.1.15 (KHTML, like Gecko) Version/17.6 Safari/605.1.15" 12 **0/12516**
67.182.194.213 - - [20/May/2026:11:39:14 -0700] "GET /wp-content/uploads/2018/09/IMG_0421-1-400x284.jpg HTTP/2.0" 200 21265 "https://www.pioneercabinetry.net/gallery/" "Mozilla/5.0 (Macintosh; Intel Mac OS X 10_15_7) AppleWebKit/605.1.15 (KHTML, like Gecko) Version/17.6 Safari/605.1.15" 144 **0/144278**
67.182.194.213 - - [20/May/2026:11:39:14 -0700] "GET /wp-content/uploads/2018/09/Rolling-Ridge-Kitchen-2-400x284.jpg HTTP/2.0" 200 23178 "https://www.pioneercabinetry.net/gallery/" "Mozilla/5.0 (Macintosh; Intel Mac OS X 10_15_7) AppleWebKit/605.1.15 (KHTML, like Gecko) Version/17.6 Safari/605.1.15" 144 **0/144826**
67.182.194.213 - - [20/May/2026:11:39:14 -0700] "GET /wp-content/uploads/2018/09/IMG_0624-400x284.jpg HTTP/2.0" 200 25280 "https://www.pioneercabinetry.net/gallery/" "Mozilla/5.0 (Macintosh; Intel Mac OS X 10_15_7) AppleWebKit/605.1.15 (KHTML, like Gecko) Version/17.6 Safari/605.1.15" 9 **0/9350**
67.182.194.213 - - [20/May/2026:11:39:14 -0700] "GET /wp-content/uploads/2017/09/527baab888de0-400x284.jpg HTTP/2.0" 200 21960 "https://www.pioneercabinetry.net/gallery/" "Mozilla/5.0 (Macintosh; Intel Mac OS X 10_15_7) AppleWebKit/605.1.15 (KHTML, like Gecko) Version/17.6 Safari/605.1.15" 9 **0/9895**
67.182.194.213 - - [20/May/2026:11:39:14 -0700] "GET /wp-content/uploads/2017/09/527baabbdf2e2-400x284.jpg HTTP/2.0" 200 26876 "https://www.pioneercabinetry.net/gallery/" "Mozilla/5.0 (Macintosh; Intel Mac OS X 10_15_7) AppleWebKit/605.1.15 (KHTML, like Gecko) Version/17.6 Safari/605.1.15" 11 **0/11338**
67.182.194.213 - - [20/May/2026:11:39:14 -0700] "GET /wp-content/uploads/2018/09/00028T3A31631-Edit-L-400x284.jpg HTTP/2.0" 200 21161 "https://www.pioneercabinetry.net/gallery/" "Mozilla/5.0 (Macintosh; Intel Mac OS X 10_15_7) AppleWebKit/605.1.15 (KHTML, like Gecko) Version/17.6 Safari/605.1.15" 17 **0/17879**
67.182.194.213 - - [20/May/2026:11:39:14 -0700] "GET /wp-content/uploads/2018/09/00018T3A3148-Edit-L-400x284.jpg HTTP/2.0" 200 17975 "https://www.pioneercabinetry.net/gallery/" "Mozilla/5.0 (Macintosh; Intel Mac OS X 10_15_7) AppleWebKit/605.1.15 (KHTML, like Gecko) Version/17.6 Safari/605.1.15" 10 **0/10186**
67.182.194.213 - - [20/May/2026:11:39:14 -0700] "GET /wp-content/uploads/2018/09/IMG_5713-21-400x284.jpg HTTP/2.0" 200 25235 "https://www.pioneercabinetry.net/gallery/" "Mozilla/5.0 (Macintosh; Intel Mac OS X 10_15_7) AppleWebKit/605.1.15 (KHTML, like Gecko) Version/17.6 Safari/605.1.15" 7 **0/7235**
67.182.194.213 - - [20/May/2026:11:39:14 -0700] "GET /wp-content/uploads/2018/09/IMG_5711-21-400x284.jpg HTTP/2.0" 200 19894 "https://www.pioneercabinetry.net/gallery/" "Mozilla/5.0 (Macintosh; Intel Mac OS X 10_15_7) AppleWebKit/605.1.15 (KHTML, like Gecko) Version/17.6 Safari/605.1.15" 9 **0/9282**
67.182.194.213 - - [20/May/2026:11:39:14 -0700] "GET /wp-content/uploads/2018/09/Jamrog-Kitchen-400x284.jpg HTTP/2.0" 200 26421 "https://www.pioneercabinetry.net/gallery/" "Mozilla/5.0 (Macintosh; Intel Mac OS X 10_15_7) AppleWebKit/605.1.15 (KHTML, like Gecko) Version/17.6 Safari/605.1.15" 10 **0/10202**
67.182.194.213 - - [20/May/2026:11:39:19 -0700] "GET /wp-content/uploads/2017/09/527baaba3fb97-400x284.jpg HTTP/2.0" 200 27015 "https://www.pioneercabinetry.net/gallery/" "Mozilla/5.0 (Macintosh; Intel Mac OS X 10_15_7) AppleWebKit/605.1.15 (KHTML, like Gecko) Version/17.6 Safari/605.1.15" 10 **0/10649**
67.182.194.213 - - [20/May/2026:11:39:19 -0700] "GET /wp-content/uploads/2018/09/IMG_4551-9-400x284.jpg HTTP/2.0" 200 22839 "https://www.pioneercabinetry.net/gallery/" "Mozilla/5.0 (Macintosh; Intel Mac OS X 10_15_7) AppleWebKit/605.1.15 (KHTML, like Gecko) Version/17.6 Safari/605.1.15" 11 **0/11363**
67.182.194.213 - - [20/May/2026:11:39:19 -0700] "GET /wp-content/uploads/2017/09/527baab5049de-400x284.jpg HTTP/2.0" 200 27374 "https://www.pioneercabinetry.net/gallery/" "Mozilla/5.0 (Macintosh; Intel Mac OS X 10_15_7) AppleWebKit/605.1.15 (KHTML, like Gecko) Version/17.6 Safari/605.1.15" 12 **0/12005**
67.182.194.213 - - [20/May/2026:11:39:19 -0700] "GET /wp-content/uploads/2018/09/IMG_4536-7-400x284.jpg HTTP/2.0" 200 24769 "https://www.pioneercabinetry.net/gallery/" "Mozilla/5.0 (Macintosh; Intel Mac OS X 10_15_7) AppleWebKit/605.1.15 (KHTML, like Gecko) Version/17.6 Safari/605.1.15" 17 **0/17069**
67.182.194.213 - - [20/May/2026:11:39:19 -0700] "GET /wp-content/uploads/2018/09/IMG_4568-9_edited-1-400x284.jpg HTTP/2.0" 200 23000 "https://www.pioneercabinetry.net/gallery/" "Mozilla/5.0 (Macintosh; Intel Mac OS X 10_15_7) AppleWebKit/605.1.15 (KHTML, like Gecko) Version/17.6 Safari/605.1.15" 8 **0/8933**
67.182.194.213 - - [20/May/2026:11:39:19 -0700] "GET /wp-content/uploads/2018/09/IMG_1514-400x284.jpg HTTP/2.0" 200 24277 "https://www.pioneercabinetry.net/gallery/" "Mozilla/5.0 (Macintosh; Intel Mac OS X 10_15_7) AppleWebKit/605.1.15 (KHTML, like Gecko) Version/17.6 Safari/605.1.15" 9 **0/9724**
67.182.194.213 - - [20/May/2026:11:39:19 -0700] "GET /wp-content/uploads/2017/09/527baabf0adb1-400x284.jpg HTTP/2.0" 200 29531 "https://www.pioneercabinetry.net/gallery/" "Mozilla/5.0 (Macintosh; Intel Mac OS X 10_15_7) AppleWebKit/605.1.15 (KHTML, like Gecko) Version/17.6 Safari/605.1.15" 10 **0/10153**
67.182.194.213 - - [20/May/2026:11:39:19 -0700] "GET /wp-content/uploads/2018/09/DSCN1028-400x284.jpg HTTP/2.0" 200 22744 "https://www.pioneercabinetry.net/gallery/" "Mozilla/5.0 (Macintosh; Intel Mac OS X 10_15_7) AppleWebKit/605.1.15 (KHTML, like Gecko) Version/17.6 Safari/605.1.15" 10 **0/10647**
67.182.194.213 - - [20/May/2026:11:39:21 -0700] "GET /wp-content/uploads/2018/09/IMG_0319-400x284.jpg HTTP/2.0" 200 27459 "https://www.pioneercabinetry.net/gallery/" "Mozilla/5.0 (Macintosh; Intel Mac OS X 10_15_7) AppleWebKit/605.1.15 (KHTML, like Gecko) Version/17.6 Safari/605.1.15" 8 **0/8729**
67.182.194.213 - - [20/May/2026:11:39:21 -0700] "GET /wp-content/uploads/2018/09/DSC_0006-400x284.jpg HTTP/2.0" 200 23314 "https://www.pioneercabinetry.net/gallery/" "Mozilla/5.0 (Macintosh; Intel Mac OS X 10_15_7) AppleWebKit/605.1.15 (KHTML, like Gecko) Version/17.6 Safari/605.1.15" 9 **0/9096**
67.182.194.213 - - [20/May/2026:11:39:21 -0700] "GET /wp-content/uploads/2018/09/Kitchenmaster-12_16-07880-HDR-1-400x284.jpg HTTP/2.0" 200 24886 "https://www.pioneercabinetry.net/gallery/" "Mozilla/5.0 (Macintosh; Intel Mac OS X 10_15_7) AppleWebKit/605.1.15 (KHTML, like Gecko) Version/17.6 Safari/605.1.15" 10 **0/10414**
67.182.194.213 - - [20/May/2026:11:39:21 -0700] "GET /wp-content/uploads/2018/09/DSC_0007-2-400x284.jpg HTTP/2.0" 200 23834 "https://www.pioneercabinetry.net/gallery/" "Mozilla/5.0 (Macintosh; Intel Mac OS X 10_15_7) AppleWebKit/605.1.15 (KHTML, like Gecko) Version/17.6 Safari/605.1.15" 10 **0/10768**
107.194.32.55 - - [20/May/2026:11:39:17 -0700] "GET /wp-admin/admin-ajax.php?action=updraft_ajax&subaction=activejobs_list&nonce=33dd573458&downloaders= HTTP/2.0" 400 1 "https://www.pioneercabinetry.net/wp-admin/options-general.php?page=updraftplus" "Mozilla/5.0 (Macintosh; Intel Mac OS X 10.15; rv:150.0) Gecko/20100101 Firefox/150.0" 5962 **5/5962534**
67.182.194.213 - - [20/May/2026:11:39:23 -0700] "GET /wp-content/uploads/2018/09/IMG_0360-400x284.jpg HTTP/2.0" 200 19349 "https://www.pioneercabinetry.net/gallery/" "Mozilla/5.0 (Macintosh; Intel Mac OS X 10_15_7) AppleWebKit/605.1.15 (KHTML, like Gecko) Version/17.6 Safari/605.1.15" 10 **0/10730**
67.182.194.213 - - [20/May/2026:11:39:23 -0700] "GET /wp-content/uploads/2018/09/DSCN1171-400x284.jpg HTTP/2.0" 200 19575 "https://www.pioneercabinetry.net/gallery/" "Mozilla/5.0 (Macintosh; Intel Mac OS X 10_15_7) AppleWebKit/605.1.15 (KHTML, like Gecko) Version/17.6 Safari/605.1.15" 11 **0/11701**
67.182.194.213 - - [20/May/2026:11:39:23 -0700] "GET /wp-content/uploads/2018/09/Rousee-Overall-Kitchen-400x284.jpg HTTP/2.0" 200 24986 "https://www.pioneercabinetry.net/gallery/" "Mozilla/5.0 (Macintosh; Intel Mac OS X 10_15_7) AppleWebKit/605.1.15 (KHTML, like Gecko) Version/17.6 Safari/605.1.15" 12 **0/12364**
67.182.194.213 - - [20/May/2026:11:39:23 -0700] "GET /wp-content/uploads/2017/09/527baac131bfd-400x284.jpg HTTP/2.0" 200 27626 "https://www.pioneercabinetry.net/gallery/" "Mozilla/5.0 (Macintosh; Intel Mac OS X 10_15_7) AppleWebKit/605.1.15 (KHTML, like Gecko) Version/17.6 Safari/605.1.15" 15 **0/15275**
67.182.194.213 - - [20/May/2026:11:39:24 -0700] "GET /wp-content/uploads/2018/09/IMG_5776-400x284.jpg HTTP/2.0" 200 20298 "https://www.pioneercabinetry.net/gallery/" "Mozilla/5.0 (Macintosh; Intel Mac OS X 10_15_7) AppleWebKit/605.1.15 (KHTML, like Gecko) Version/17.6 Safari/605.1.15" 9 **0/9874**
67.182.194.213 - - [20/May/2026:11:39:24 -0700] "GET /wp-content/uploads/2018/09/IMG_1292-1_edited-6-400x284.jpg HTTP/2.0" 200 28178 "https://www.pioneercabinetry.net/gallery/" "Mozilla/5.0 (Macintosh; Intel Mac OS X 10_15_7) AppleWebKit/605.1.15 (KHTML, like Gecko) Version/17.6 Safari/605.1.15" 10 **0/10672**
67.182.194.213 - - [20/May/2026:11:39:24 -0700] "GET /wp-content/uploads/2018/09/DSC_0057-400x284.jpg HTTP/2.0" 200 21205 "https://www.pioneercabinetry.net/gallery/" "Mozilla/5.0 (Macintosh; Intel Mac OS X 10_15_7) AppleWebKit/605.1.15 (KHTML, like Gecko) Version/17.6 Safari/605.1.15" 11 **0/11185**
67.182.194.213 - - [20/May/2026:11:39:24 -0700] "GET /wp-content/uploads/2018/09/IMG_5802-400x284.jpg HTTP/2.0" 200 21473 "https://www.pioneercabinetry.net/gallery/" "Mozilla/5.0 (Macintosh; Intel Mac OS X 10_15_7) AppleWebKit/605.1.15 (KHTML, like Gecko) Version/17.6 Safari/605.1.15" 11 **0/11613**
107.194.32.55 - - [20/May/2026:11:39:23 -0700] "GET /wp-admin/admin-ajax.php?action=updraft_ajax&subaction=activejobs_list&nonce=33dd573458&downloaders= HTTP/2.0" 400 1 "https://www.pioneercabinetry.net/wp-admin/options-general.php?page=updraftplus" "Mozilla/5.0 (Macintosh; Intel Mac OS X 10.15; rv:150.0) Gecko/20100101 Firefox/150.0" 1020 **1/1020432**
67.182.194.213 - - [20/May/2026:11:39:26 -0700] "GET /wp-content/uploads/2018/09/IMG_8723-400x284.jpg HTTP/2.0" 200 22130 "https://www.pioneercabinetry.net/gallery/" "Mozilla/5.0 (Macintosh; Intel Mac OS X 10_15_7) AppleWebKit/605.1.15 (KHTML, like Gecko) Version/17.6 Safari/605.1.15" 8 **0/8531**
67.182.194.213 - - [20/May/2026:11:39:26 -0700] "GET /wp-content/uploads/2018/09/Kitchenmaster-12_16-07996-HDR-1-400x284.jpg HTTP/2.0" 200 23573 "https://www.pioneercabinetry.net/gallery/" "Mozilla/5.0 (Macintosh; Intel Mac OS X 10_15_7) AppleWebKit/605.1.15 (KHTML, like Gecko) Version/17.6 Safari/605.1.15" 8 **0/8982**
67.182.194.213 - - [20/May/2026:11:39:26 -0700] "GET /wp-content/uploads/2018/09/Kitchenmaster-12_16-07982-HDR-400x284.jpg HTTP/2.0" 200 26322 "https://www.pioneercabinetry.net/gallery/" "Mozilla/5.0 (Macintosh; Intel Mac OS X 10_15_7) AppleWebKit/605.1.15 (KHTML, like Gecko) Version/17.6 Safari/605.1.15" 9 **0/9543**
67.182.194.213 - - [20/May/2026:11:39:26 -0700] "GET /wp-content/uploads/2018/09/IMG_8734-400x284.jpg HTTP/2.0" 200 23878 "https://www.pioneercabinetry.net/gallery/" "Mozilla/5.0 (Macintosh; Intel Mac OS X 10_15_7) AppleWebKit/605.1.15 (KHTML, like Gecko) Version/17.6 Safari/605.1.15" 9 **0/9984**
67.182.194.213 - - [20/May/2026:11:39:26 -0700] "GET /wp-content/uploads/2019/10/Tom-Peters-2-400x284.jpg HTTP/2.0" 200 25617 "https://www.pioneercabinetry.net/gallery/" "Mozilla/5.0 (Macintosh; Intel Mac OS X 10_15_7) AppleWebKit/605.1.15 (KHTML, like Gecko) Version/17.6 Safari/605.1.15" 8 **0/8488**
67.182.194.213 - - [20/May/2026:11:39:26 -0700] "GET /wp-content/uploads/2019/10/Tom-Peters-4-400x284.jpg HTTP/2.0" 200 18409 "https://www.pioneercabinetry.net/gallery/" "Mozilla/5.0 (Macintosh; Intel Mac OS X 10_15_7) AppleWebKit/605.1.15 (KHTML, like Gecko) Version/17.6 Safari/605.1.15" 8 **0/8889**
67.182.194.213 - - [20/May/2026:11:39:26 -0700] "GET /wp-content/uploads/2019/10/Tom-Peters-1-400x284.jpg HTTP/2.0" 200 21436 "https://www.pioneercabinetry.net/gallery/" "Mozilla/5.0 (Macintosh; Intel Mac OS X 10_15_7) AppleWebKit/605.1.15 (KHTML, like Gecko) Version/17.6 Safari/605.1.15" 9 **0/9512**
107.194.32.55 - - [20/May/2026:11:39:29 -0700] "GET /wp-admin/admin-ajax.php?action=updraft_ajax&subaction=activejobs_list&nonce=33dd573458&downloaders= HTTP/2.0" 400 1 "https://www.pioneercabinetry.net/wp-admin/options-general.php?page=updraftplus" "Mozilla/5.0 (Macintosh; Intel Mac OS X 10.15; rv:150.0) Gecko/20100101 Firefox/150.0" 1023 **1/1023992**
107.194.32.55 - - [20/May/2026:11:39:35 -0700] "GET /wp-admin/admin-ajax.php?action=updraft_ajax&subaction=activejobs_list&nonce=33dd573458&downloaders= HTTP/2.0" 400 1 "https://www.pioneercabinetry.net/wp-admin/options-general.php?page=updraftplus" "Mozilla/5.0 (Macintosh; Intel Mac OS X 10.15; rv:150.0) Gecko/20100101 Firefox/150.0" 1024 **1/1024461**
107.194.32.55 - - [20/May/2026:11:39:41 -0700] "GET /wp-admin/admin-ajax.php?action=updraft_ajax&subaction=activejobs_list&nonce=33dd573458&downloaders= HTTP/2.0" 400 1 "https://www.pioneercabinetry.net/wp-admin/options-general.php?page=updraftplus" "Mozilla/5.0 (Macintosh; Intel Mac OS X 10.15; rv:150.0) Gecko/20100101 Firefox/150.0" 958 **0/958303**
107.194.32.55 - - [20/May/2026:11:39:48 -0700] "GET /wp-admin/admin-ajax.php?action=updraft_ajax&subaction=activejobs_list&nonce=33dd573458&downloaders= HTTP/2.0" 400 1 "https://www.pioneercabinetry.net/wp-admin/options-general.php?page=updraftplus" "Mozilla/5.0 (Macintosh; Intel Mac OS X 10.15; rv:150.0) Gecko/20100101 Firefox/150.0" 1018 **1/1018331**
107.194.32.55 - - [20/May/2026:11:39:53 -0700] "GET /wp-admin/admin-ajax.php?action=updraft_ajax&subaction=activejobs_list&nonce=33dd573458&downloaders= HTTP/2.0" 400 1 "https://www.pioneercabinetry.net/wp-admin/options-general.php?page=updraftplus" "Mozilla/5.0 (Macintosh; Intel Mac OS X 10.15; rv:150.0) Gecko/20100101 Firefox/150.0" 994 **0/994128**
107.194.32.55 - - [20/May/2026:11:40:00 -0700] "GET /wp-admin/admin-ajax.php?action=updraft_ajax&subaction=activejobs_list&nonce=33dd573458&downloaders= HTTP/2.0" 400 1 "https://www.pioneercabinetry.net/wp-admin/options-general.php?page=updraftplus" "Mozilla/5.0 (Macintosh; Intel Mac OS X 10.15; rv:150.0) Gecko/20100101 Firefox/150.0" 1450 **1/1450674**
107.194.32.55 - - [20/May/2026:11:40:06 -0700] "GET /wp-admin/admin-ajax.php?action=updraft_ajax&subaction=activejobs_list&nonce=33dd573458&downloaders= HTTP/2.0" 400 1 "https://www.pioneercabinetry.net/wp-admin/options-general.php?page=updraftplus" "Mozilla/5.0 (Macintosh; Intel Mac OS X 10.15; rv:150.0) Gecko/20100101 Firefox/150.0" 1381 **1/1381799**
107.194.32.55 - - [20/May/2026:11:40:12 -0700] "GET /wp-admin/admin-ajax.php?action=updraft_ajax&subaction=activejobs_list&nonce=33dd573458&downloaders= HTTP/2.0" 400 1 "https://www.pioneercabinetry.net/wp-admin/options-general.php?page=updraftplus" "Mozilla/5.0 (Macintosh; Intel Mac OS X 10.15; rv:150.0) Gecko/20100101 Firefox/150.0" 1219 **1/1219810**
107.194.32.55 - - [20/May/2026:11:40:18 -0700] "GET /wp-admin/admin-ajax.php?action=updraft_ajax&subaction=activejobs_list&nonce=33dd573458&downloaders= HTTP/2.0" 400 1 "https://www.pioneercabinetry.net/wp-admin/options-general.php?page=updraftplus" "Mozilla/5.0 (Macintosh; Intel Mac OS X 10.15; rv:150.0) Gecko/20100101 Firefox/150.0" 1188 **1/1188913**
52.167.144.59 - - [20/May/2026:11:40:20 -0700] "GET /robots.txt HTTP/2.0" 200 134 "-" "Mozilla/5.0 AppleWebKit/537.36 (KHTML, like Gecko; compatible; bingbot/2.0; +http://www.bing.com/bingbot.htm) Chrome/116.0.1938.76 Safari/537.36" 1366 **1/1366670**
67.182.194.213 - - [20/May/2026:11:40:20 -0700] "GET /wood-species/wood-cherry/ HTTP/2.0" 200 24511 "https://www.pioneercabinetry.net/gallery/" "Mozilla/5.0 (Macintosh; Intel Mac OS X 10_15_7) AppleWebKit/605.1.15 (KHTML, like Gecko) Version/17.6 Safari/605.1.15" 1984 **1/1984337**
67.182.194.213 - - [20/May/2026:11:40:23 -0700] "GET /wp-content/et-cache/6561/et-divi-dynamic-tb-6589-tb-5898-6561-late.css?ver=1779295139 HTTP/2.0" 200 3400 "https://www.pioneercabinetry.net/wood-species/wood-cherry/" "Mozilla/5.0 (Macintosh; Intel Mac OS X 10_15_7) AppleWebKit/605.1.15 (KHTML, like Gecko) Version/17.6 Safari/605.1.15" 9 **0/9878**
67.182.194.213 - - [20/May/2026:11:40:23 -0700] "GET /wp-content/et-cache/6561/et-core-unified-6561.min.css?ver=1779295139 HTTP/2.0" 200 749 "https://www.pioneercabinetry.net/wood-species/wood-cherry/" "Mozilla/5.0 (Macintosh; Intel Mac OS X 10_15_7) AppleWebKit/605.1.15 (KHTML, like Gecko) Version/17.6 Safari/605.1.15" 10 **0/10768**
67.182.194.213 - - [20/May/2026:11:40:23 -0700] "GET /wp-content/et-cache/6561/et-core-unified-tb-6589-tb-5898-deferred-6561.min.css?ver=1779295139 HTTP/2.0" 200 528 "https://www.pioneercabinetry.net/wood-species/wood-cherry/" "Mozilla/5.0 (Macintosh; Intel Mac OS X 10_15_7) AppleWebKit/605.1.15 (KHTML, like Gecko) Version/17.6 Safari/605.1.15" 11 **0/11318**
67.182.194.213 - - [20/May/2026:11:40:23 -0700] "GET /wp-content/uploads/2024/09/Wood-Cherry.jpg HTTP/2.0" 200 110739 "https://www.pioneercabinetry.net/wood-species/wood-cherry/" "Mozilla/5.0 (Macintosh; Intel Mac OS X 10_15_7) AppleWebKit/605.1.15 (KHTML, like Gecko) Version/17.6 Safari/605.1.15" 11 **0/11696**
67.182.194.213 - - [20/May/2026:11:40:23 -0700] "GET /wp-content/themes/Divi/includes/builder/feature/dynamic-assets/assets/js/magnific-popup.js?ver=4.27.6 HTTP/2.0" 200 8337 "https://www.pioneercabinetry.net/wood-species/wood-cherry/" "Mozilla/5.0 (Macintosh; Intel Mac OS X 10_15_7) AppleWebKit/605.1.15 (KHTML, like Gecko) Version/17.6 Safari/605.1.15" 18 **0/18578**
67.182.194.213 - - [20/May/2026:11:40:23 -0700] "GET /wp-content/et-cache/6561/et-divi-dynamic-tb-6589-tb-5898-6561-late.css HTTP/2.0" 200 3400 "https://www.pioneercabinetry.net/wood-species/wood-cherry/" "Mozilla/5.0 (Macintosh; Intel Mac OS X 10_15_7) AppleWebKit/605.1.15 (KHTML, like Gecko) Version/17.6 Safari/605.1.15" 10 **0/10887**
67.182.194.213 - - [20/May/2026:11:40:23 -0700] "GET /wp-content/uploads/2024/09/Knotty-Cherry.jpg HTTP/2.0" 200 179748 "https://www.pioneercabinetry.net/wood-species/wood-cherry/" "Mozilla/5.0 (Macintosh; Intel Mac OS X 10_15_7) AppleWebKit/605.1.15 (KHTML, like Gecko) Version/17.6 Safari/605.1.15" 12 **0/12515**
67.182.194.213 - - [20/May/2026:11:40:23 -0700] "GET /wp-content/uploads/2022/12/cherry-sweethoney-min.jpg HTTP/2.0" 200 68783 "https://www.pioneercabinetry.net/wood-species/wood-cherry/" "Mozilla/5.0 (Macintosh; Intel Mac OS X 10_15_7) AppleWebKit/605.1.15 (KHTML, like Gecko) Version/17.6 Safari/605.1.15" 12 **0/12893**
67.182.194.213 - - [20/May/2026:11:40:23 -0700] "GET /wp-content/uploads/2022/12/cherry-cappuccino-min.jpg HTTP/2.0" 200 189690 "https://www.pioneercabinetry.net/wood-species/wood-cherry/" "Mozilla/5.0 (Macintosh; Intel Mac OS X 10_15_7) AppleWebKit/605.1.15 (KHTML, like Gecko) Version/17.6 Safari/605.1.15" 13 **0/13183**
67.182.194.213 - - [20/May/2026:11:40:23 -0700] "GET /wp-content/uploads/2018/03/Cherry-Mocha.jpg HTTP/2.0" 200 233947 "https://www.pioneercabinetry.net/wood-species/wood-cherry/" "Mozilla/5.0 (Macintosh; Intel Mac OS X 10_15_7) AppleWebKit/605.1.15 (KHTML, like Gecko) Version/17.6 Safari/605.1.15" 14 **0/14160**
67.182.194.213 - - [20/May/2026:11:40:23 -0700] "GET /wp-content/uploads/2018/03/Cherry-Tawny.jpg HTTP/2.0" 200 242467 "https://www.pioneercabinetry.net/wood-species/wood-cherry/" "Mozilla/5.0 (Macintosh; Intel Mac OS X 10_15_7) AppleWebKit/605.1.15 (KHTML, like Gecko) Version/17.6 Safari/605.1.15" 16 **0/16790**
67.182.194.213 - - [20/May/2026:11:40:24 -0700] "GET /wp-content/uploads/2018/03/Cherry-Cayenne.jpg HTTP/2.0" 200 241482 "https://www.pioneercabinetry.net/wood-species/wood-cherry/" "Mozilla/5.0 (Macintosh; Intel Mac OS X 10_15_7) AppleWebKit/605.1.15 (KHTML, like Gecko) Version/17.6 Safari/605.1.15" 15 **0/15089**
67.182.194.213 - - [20/May/2026:11:40:24 -0700] "GET /wp-content/uploads/2018/03/Cherry-Hazelnut.jpg HTTP/2.0" 200 246606 "https://www.pioneercabinetry.net/wood-species/wood-cherry/" "Mozilla/5.0 (Macintosh; Intel Mac OS X 10_15_7) AppleWebKit/605.1.15 (KHTML, like Gecko) Version/17.6 Safari/605.1.15" 15 **0/15686**
67.182.194.213 - - [20/May/2026:11:40:24 -0700] "GET /wp-content/uploads/2018/03/Cherry-Pebble.jpg HTTP/2.0" 200 275246 "https://www.pioneercabinetry.net/wood-species/wood-cherry/" "Mozilla/5.0 (Macintosh; Intel Mac OS X 10_15_7) AppleWebKit/605.1.15 (KHTML, like Gecko) Version/17.6 Safari/605.1.15" 16 **0/16028**
67.182.194.213 - - [20/May/2026:11:40:24 -0700] "GET /wp-content/uploads/2018/03/Cherry-Platinum.jpg HTTP/2.0" 200 250076 "https://www.pioneercabinetry.net/wood-species/wood-cherry/" "Mozilla/5.0 (Macintosh; Intel Mac OS X 10_15_7) AppleWebKit/605.1.15 (KHTML, like Gecko) Version/17.6 Safari/605.1.15" 16 **0/16382**
107.194.32.55 - - [20/May/2026:11:40:24 -0700] "GET /wp-admin/admin-ajax.php?action=updraft_ajax&subaction=activejobs_list&nonce=33dd573458&downloaders= HTTP/2.0" 400 1 "https://www.pioneercabinetry.net/wp-admin/options-general.php?page=updraftplus" "Mozilla/5.0 (Macintosh; Intel Mac OS X 10.15; rv:150.0) Gecko/20100101 Firefox/150.0" 1045 **1/1045455**
67.182.194.213 - - [20/May/2026:11:40:26 -0700] "GET /wp-content/uploads/2018/03/Cherry-Cobblestone.jpg HTTP/2.0" 200 254205 "https://www.pioneercabinetry.net/wood-species/wood-cherry/" "Mozilla/5.0 (Macintosh; Intel Mac OS X 10_15_7) AppleWebKit/605.1.15 (KHTML, like Gecko) Version/17.6 Safari/605.1.15" 10 **0/10369**
67.182.194.213 - - [20/May/2026:11:40:26 -0700] "GET /wp-content/uploads/2021/01/Cherry-Charcoal.jpg HTTP/2.0" 200 633250 "https://www.pioneercabinetry.net/wood-species/wood-cherry/" "Mozilla/5.0 (Macintosh; Intel Mac OS X 10_15_7) AppleWebKit/605.1.15 (KHTML, like Gecko) Version/17.6 Safari/605.1.15" 14 **0/14975**
67.182.194.213 - - [20/May/2026:11:40:26 -0700] "GET /wp-content/uploads/2018/03/Cherry-Coffee.jpg HTTP/2.0" 200 213310 "https://www.pioneercabinetry.net/wood-species/wood-cherry/" "Mozilla/5.0 (Macintosh; Intel Mac OS X 10_15_7) AppleWebKit/605.1.15 (KHTML, like Gecko) Version/17.6 Safari/605.1.15" 15 **0/15457**
67.182.194.213 - - [20/May/2026:11:40:26 -0700] "GET /wp-content/uploads/2018/03/Cherry-Java.jpg HTTP/2.0" 200 193862 "https://www.pioneercabinetry.net/wood-species/wood-cherry/" "Mozilla/5.0 (Macintosh; Intel Mac OS X 10_15_7) AppleWebKit/605.1.15 (KHTML, like Gecko) Version/17.6 Safari/605.1.15" 15 **0/15809**
67.182.194.213 - - [20/May/2026:11:40:27 -0700] "GET /wp-content/uploads/2018/03/Cherry-Clear.jpg HTTP/2.0" 200 177843 "https://www.pioneercabinetry.net/wood-species/wood-cherry/" "Mozilla/5.0 (Macintosh; Intel Mac OS X 10_15_7) AppleWebKit/605.1.15 (KHTML, like Gecko) Version/17.6 Safari/605.1.15" 11 **0/11256**
67.182.194.213 - - [20/May/2026:11:40:27 -0700] "GET /wp-content/uploads/2018/03/Cherry-TawnyChocolate.jpg HTTP/2.0" 200 218551 "https://www.pioneercabinetry.net/wood-species/wood-cherry/" "Mozilla/5.0 (Macintosh; Intel Mac OS X 10_15_7) AppleWebKit/605.1.15 (KHTML, like Gecko) Version/17.6 Safari/605.1.15" 13 **0/13158**
67.182.194.213 - - [20/May/2026:11:40:27 -0700] "GET /wp-content/uploads/2018/03/Cherry-CoffeeChocolate.jpg HTTP/2.0" 200 225837 "https://www.pioneercabinetry.net/wood-species/wood-cherry/" "Mozilla/5.0 (Macintosh; Intel Mac OS X 10_15_7) AppleWebKit/605.1.15 (KHTML, like Gecko) Version/17.6 Safari/605.1.15" 13 **0/13585**
67.182.194.213 - - [20/May/2026:11:40:27 -0700] "GET /wp-content/uploads/2018/03/Cherry-CayenneMidnight.jpg HTTP/2.0" 200 264483 "https://www.pioneercabinetry.net/wood-species/wood-cherry/" "Mozilla/5.0 (Macintosh; Intel Mac OS X 10_15_7) AppleWebKit/605.1.15 (KHTML, like Gecko) Version/17.6 Safari/605.1.15" 14 **0/14680**
107.194.32.55 - - [20/May/2026:11:40:30 -0700] "GET /wp-admin/admin-ajax.php?action=updraft_ajax&subaction=activejobs_list&nonce=33dd573458&downloaders= HTTP/2.0" 400 1 "https://www.pioneercabinetry.net/wp-admin/options-general.php?page=updraftplus" "Mozilla/5.0 (Macintosh; Intel Mac OS X 10.15; rv:150.0) Gecko/20100101 Firefox/150.0" 1672 **1/1672699**
52.167.144.196 - - [20/May/2026:11:40:31 -0700] "GET /wood-species/overlays-profiles-drawers/ HTTP/2.0" 200 23440 "-" "Mozilla/5.0 AppleWebKit/537.36 (KHTML, like Gecko; compatible; bingbot/2.0; +http://www.bing.com/bingbot.htm) Chrome/116.0.1938.76 Safari/537.36" 2238 **2/2238453**
107.194.32.55 - - [20/May/2026:11:40:36 -0700] "GET /wp-admin/admin-ajax.php?action=updraft_ajax&subaction=activejobs_list&nonce=33dd573458&downloaders= HTTP/2.0" 400 1 "https://www.pioneercabinetry.net/wp-admin/options-general.php?page=updraftplus" "Mozilla/5.0 (Macintosh; Intel Mac OS X 10.15; rv:150.0) Gecko/20100101 Firefox/150.0" 1098 **1/1098049**
67.182.194.213 - - [20/May/2026:11:40:40 -0700] "GET /wp-content/uploads/2018/09/DSCN1063.jpg HTTP/2.0" 200 2670045 "https://www.pioneercabinetry.net/gallery/" "Mozilla/5.0 (Macintosh; Intel Mac OS X 10_15_7) AppleWebKit/605.1.15 (KHTML, like Gecko) Version/17.6 Safari/605.1.15" 321 **0/321346**
67.182.194.213 - - [20/May/2026:11:40:40 -0700] "GET /wp-content/uploads/2018/09/DSCN1066.jpg HTTP/2.0" 200 2556586 "https://www.pioneercabinetry.net/gallery/" "Mozilla/5.0 (Macintosh; Intel Mac OS X 10_15_7) AppleWebKit/605.1.15 (KHTML, like Gecko) Version/17.6 Safari/605.1.15" 457 **0/457498**
67.182.194.213 - - [20/May/2026:11:40:40 -0700] "GET /wp-content/uploads/2018/09/IMG_0966.jpg HTTP/2.0" 200 1984926 "https://www.pioneercabinetry.net/gallery/" "Mozilla/5.0 (Macintosh; Intel Mac OS X 10_15_7) AppleWebKit/605.1.15 (KHTML, like Gecko) Version/17.6 Safari/605.1.15" 457 **0/457971**
107.194.32.55 - - [20/May/2026:11:40:42 -0700] "GET /wp-admin/admin-ajax.php?action=updraft_ajax&subaction=activejobs_list&nonce=33dd573458&downloaders= HTTP/2.0" 400 1 "https://www.pioneercabinetry.net/wp-admin/options-general.php?page=updraftplus" "Mozilla/5.0 (Macintosh; Intel Mac OS X 10.15; rv:150.0) Gecko/20100101 Firefox/150.0" 983 **0/983826**
107.194.32.55 - - [20/May/2026:11:40:49 -0700] "GET /wp-admin/admin-ajax.php?action=updraft_ajax&subaction=activejobs_list&nonce=33dd573458&downloaders= HTTP/2.0" 400 1 "https://www.pioneercabinetry.net/wp-admin/options-general.php?page=updraftplus" "Mozilla/5.0 (Macintosh; Intel Mac OS X 10.15; rv:150.0) Gecko/20100101 Firefox/150.0" 1097 **1/1097491**
67.182.194.213 - - [20/May/2026:11:40:50 -0700] "GET /wp-content/uploads/2018/09/IMG_2451.jpg HTTP/2.0" 200 1810887 "https://www.pioneercabinetry.net/gallery/" "Mozilla/5.0 (Macintosh; Intel Mac OS X 10_15_7) AppleWebKit/605.1.15 (KHTML, like Gecko) Version/17.6 Safari/605.1.15" 309 **0/309439**
67.182.194.213 - - [20/May/2026:11:40:50 -0700] "GET /wp-content/uploads/2018/09/IMG_4408-11.jpg HTTP/2.0" 200 6587636 "https://www.pioneercabinetry.net/gallery/" "Mozilla/5.0 (Macintosh; Intel Mac OS X 10_15_7) AppleWebKit/605.1.15 (KHTML, like Gecko) Version/17.6 Safari/605.1.15" 652 **0/652602**
52.167.144.196 - - [20/May/2026:11:40:51 -0700] "GET /wp-content/et-cache/1314/et-divi-dynamic-tb-6029-tb-5898-1314-late.css?ver=1779294976 HTTP/2.0" 200 3400 "https://www.pioneercabinetry.net/wood-species/overlays-profiles-drawers/" "Mozilla/5.0 AppleWebKit/537.36 (KHTML, like Gecko; compatible; bingbot/2.0; +http://www.bing.com/bingbot.htm) Chrome/136.0.0.0 Safari/537.36 AppleWebKit/537.36 (KHTML, like Gecko; compatible; bingbot/2.0; +http://www.bing.com/bingbot.htm) Chrome/116.0.1938.76 Safari/537.36" 9 **0/9118**
67.182.194.213 - - [20/May/2026:11:40:50 -0700] "GET /wp-content/uploads/2018/09/IMG_4366-1_edited-3.jpg HTTP/2.0" 200 7301992 "https://www.pioneercabinetry.net/gallery/" "Mozilla/5.0 (Macintosh; Intel Mac OS X 10_15_7) AppleWebKit/605.1.15 (KHTML, like Gecko) Version/17.6 Safari/605.1.15" 753 **0/753483**
52.167.144.196 - - [20/May/2026:11:40:51 -0700] "GET /wp-content/et-cache/1314/et-divi-dynamic-tb-6029-tb-5898-1314-late.css HTTP/2.0" 200 3400 "https://www.pioneercabinetry.net/wood-species/overlays-profiles-drawers/" "Mozilla/5.0 AppleWebKit/537.36 (KHTML, like Gecko; compatible; bingbot/2.0; +http://www.bing.com/bingbot.htm) Chrome/136.0.0.0 Safari/537.36 AppleWebKit/537.36 (KHTML, like Gecko; compatible; bingbot/2.0; +http://www.bing.com/bingbot.htm) Chrome/116.0.1938.76 Safari/537.36" 8 **0/8598**
40.77.167.76 - - [20/May/2026:11:40:54 -0700] "GET /wp-content/et-cache/1314/et-core-unified-tb-6029-tb-5898-deferred-1314.min.css?ver=1779294976 HTTP/2.0" 200 228 "https://www.pioneercabinetry.net/wood-species/overlays-profiles-drawers/" "Mozilla/5.0 AppleWebKit/537.36 (KHTML, like Gecko; compatible; bingbot/2.0; +http://www.bing.com/bingbot.htm) Chrome/136.0.0.0 Safari/537.36 AppleWebKit/537.36 (KHTML, like Gecko; compatible; bingbot/2.0; +http://www.bing.com/bingbot.htm) Chrome/116.0.1938.76 Safari/537.36" 11 **0/11567**
207.46.13.116 - - [20/May/2026:11:40:56 -0700] "GET /wp-content/et-cache/1314/et-core-unified-1314.min.css?ver=1779294975 HTTP/2.0" 200 749 "https://www.pioneercabinetry.net/wood-species/overlays-profiles-drawers/" "Mozilla/5.0 AppleWebKit/537.36 (KHTML, like Gecko; compatible; bingbot/2.0; +http://www.bing.com/bingbot.htm) Chrome/136.0.0.0 Safari/537.36 AppleWebKit/537.36 (KHTML, like Gecko; compatible; bingbot/2.0; +http://www.bing.com/bingbot.htm) Chrome/116.0.1938.76 Safari/537.36" 11 **0/11023**
107.194.32.55 - - [20/May/2026:11:40:54 -0700] "GET /wp-admin/admin-ajax.php?action=updraft_ajax&subaction=activejobs_list&nonce=33dd573458&downloaders= HTTP/2.0" 400 1 "https://www.pioneercabinetry.net/wp-admin/options-general.php?page=updraftplus" "Mozilla/5.0 (Macintosh; Intel Mac OS X 10.15; rv:150.0) Gecko/20100101 Firefox/150.0" 1136 **1/1136142**
67.182.194.213 - - [20/May/2026:11:41:00 -0700] "GET /gallery/ HTTP/2.0" 200 34111 "https://www.pioneercabinetry.net/" "Mozilla/5.0 (Macintosh; Intel Mac OS X 10_15_7) AppleWebKit/605.1.15 (KHTML, like Gecko) Version/17.6 Safari/605.1.15" 32 **0/32246**
67.182.194.213 - - [20/May/2026:11:41:00 -0700] "GET /wp-content/et-cache/264/et-core-unified-264.min.css?ver=1770311551 HTTP/2.0" 404 133657 "https://www.pioneercabinetry.net/gallery/" "Mozilla/5.0 (Macintosh; Intel Mac OS X 10_15_7) AppleWebKit/605.1.15 (KHTML, like Gecko) Version/17.6 Safari/605.1.15" 1506 **1/1506307**
107.194.32.55 - - [20/May/2026:11:41:01 -0700] "GET /wp-admin/admin-ajax.php?action=updraft_ajax&subaction=activejobs_list&nonce=33dd573458&downloaders= HTTP/2.0" 400 1 "https://www.pioneercabinetry.net/wp-admin/options-general.php?page=updraftplus" "Mozilla/5.0 (Macintosh; Intel Mac OS X 10.15; rv:150.0) Gecko/20100101 Firefox/150.0" 2219 **2/2219375**
67.182.194.213 - - [20/May/2026:11:41:01 -0700] "GET /wp-content/et-cache/264/et-divi-dynamic-tb-6029-tb-5898-264-late.css HTTP/2.0" 404 133653 "https://www.pioneercabinetry.net/gallery/" "Mozilla/5.0 (Macintosh; Intel Mac OS X 10_15_7) AppleWebKit/605.1.15 (KHTML, like Gecko) Version/17.6 Safari/605.1.15" 2320 **2/2320994**
107.194.32.55 - - [20/May/2026:11:41:07 -0700] "GET /wp-admin/admin-ajax.php?action=updraft_ajax&subaction=activejobs_list&nonce=33dd573458&downloaders= HTTP/2.0" 400 1 "https://www.pioneercabinetry.net/wp-admin/options-general.php?page=updraftplus" "Mozilla/5.0 (Macintosh; Intel Mac OS X 10.15; rv:150.0) Gecko/20100101 Firefox/150.0" 965 **0/965428**
107.194.32.55 - - [20/May/2026:11:41:13 -0700] "GET /wp-admin/admin-ajax.php?action=updraft_ajax&subaction=activejobs_list&nonce=33dd573458&downloaders= HTTP/2.0" 400 1 "https://www.pioneercabinetry.net/wp-admin/options-general.php?page=updraftplus" "Mozilla/5.0 (Macintosh; Intel Mac OS X 10.15; rv:150.0) Gecko/20100101 Firefox/150.0" 991 **0/991058**
67.182.194.213 - - [20/May/2026:11:41:13 -0700] "GET /wp-content/uploads/2018/09/2.jpg HTTP/2.0" 200 10988064 "https://www.pioneercabinetry.net/gallery/" "Mozilla/5.0 (Macintosh; Intel Mac OS X 10_15_7) AppleWebKit/605.1.15 (KHTML, like Gecko) Version/17.6 Safari/605.1.15" 1147 **1/1147801**
67.182.194.213 - - [20/May/2026:11:41:13 -0700] "GET /wp-content/uploads/2018/09/5.jpg HTTP/2.0" 200 13840243 "https://www.pioneercabinetry.net/gallery/" "Mozilla/5.0 (Macintosh; Intel Mac OS X 10_15_7) AppleWebKit/605.1.15 (KHTML, like Gecko) Version/17.6 Safari/605.1.15" 1738 **1/1738240**
67.182.194.213 - - [20/May/2026:11:41:13 -0700] "GET /wp-content/uploads/2018/09/8.jpg HTTP/2.0" 200 14454646 "https://www.pioneercabinetry.net/gallery/" "Mozilla/5.0 (Macintosh; Intel Mac OS X 10_15_7) AppleWebKit/605.1.15 (KHTML, like Gecko) Version/17.6 Safari/605.1.15" 2031 **2/2031561**
67.182.194.213 - - [20/May/2026:11:41:19 -0700] "GET /wp-content/uploads/2018/09/DSCN1270.jpg HTTP/2.0" 200 2602717 "https://www.pioneercabinetry.net/gallery/" "Mozilla/5.0 (Macintosh; Intel Mac OS X 10_15_7) AppleWebKit/605.1.15 (KHTML, like Gecko) Version/17.6 Safari/605.1.15" 17 **0/17520**
107.194.32.55 - - [20/May/2026:11:41:19 -0700] "GET /wp-admin/admin-ajax.php?action=updraft_ajax&subaction=activejobs_list&nonce=33dd573458&downloaders= HTTP/2.0" 400 1 "https://www.pioneercabinetry.net/wp-admin/options-general.php?page=updraftplus" "Mozilla/5.0 (Macintosh; Intel Mac OS X 10.15; rv:150.0) Gecko/20100101 Firefox/150.0" 1028 **1/1028142**
67.182.194.213 - - [20/May/2026:11:41:21 -0700] "GET /wp-content/uploads/2018/09/3901_SC_2_WEB.jpg HTTP/2.0" 200 1038443 "https://www.pioneercabinetry.net/gallery/" "Mozilla/5.0 (Macintosh; Intel Mac OS X 10_15_7) AppleWebKit/605.1.15 (KHTML, like Gecko) Version/17.6 Safari/605.1.15" 10 **0/10781**
67.182.194.213 - - [20/May/2026:11:41:22 -0700] "GET /wp-content/uploads/2018/09/3901_SC_8_WEB.jpg HTTP/2.0" 200 788483 "https://www.pioneercabinetry.net/gallery/" "Mozilla/5.0 (Macintosh; Intel Mac OS X 10_15_7) AppleWebKit/605.1.15 (KHTML, like Gecko) Version/17.6 Safari/605.1.15" 10 **0/10947**
67.182.194.213 - - [20/May/2026:11:41:24 -0700] "GET /wp-content/uploads/2018/09/8T3A3068-Edit.jpg HTTP/2.0" 200 4723918 "https://www.pioneercabinetry.net/gallery/" "Mozilla/5.0 (Macintosh; Intel Mac OS X 10_15_7) AppleWebKit/605.1.15 (KHTML, like Gecko) Version/17.6 Safari/605.1.15" 121 **0/121028**
67.182.194.213 - - [20/May/2026:11:41:26 -0700] "GET /wp-content/uploads/2018/09/8T3A3118-Edit.jpg HTTP/2.0" 200 4810262 "https://www.pioneercabinetry.net/gallery/" "Mozilla/5.0 (Macintosh; Intel Mac OS X 10_15_7) AppleWebKit/605.1.15 (KHTML, like Gecko) Version/17.6 Safari/605.1.15" 100 **0/100745**
107.194.32.55 - - [20/May/2026:11:41:25 -0700] "GET /wp-admin/admin-ajax.php?action=updraft_ajax&subaction=activejobs_list&nonce=33dd573458&downloaders= HTTP/2.0" 400 1 "https://www.pioneercabinetry.net/wp-admin/options-general.php?page=updraftplus" "Mozilla/5.0 (Macintosh; Intel Mac OS X 10.15; rv:150.0) Gecko/20100101 Firefox/150.0" 1062 **1/1062337**
67.182.194.213 - - [20/May/2026:11:41:27 -0700] "GET /wp-content/uploads/2018/09/IMG_3077.jpg HTTP/2.0" 200 352460 "https://www.pioneercabinetry.net/gallery/" "Mozilla/5.0 (Macintosh; Intel Mac OS X 10_15_7) AppleWebKit/605.1.15 (KHTML, like Gecko) Version/17.6 Safari/605.1.15" 12 **0/12236**
67.182.194.213 - - [20/May/2026:11:41:28 -0700] "GET /wp-content/uploads/2018/09/IMG_3080.jpg HTTP/2.0" 200 361047 "https://www.pioneercabinetry.net/gallery/" "Mozilla/5.0 (Macintosh; Intel Mac OS X 10_15_7) AppleWebKit/605.1.15 (KHTML, like Gecko) Version/17.6 Safari/605.1.15" 10 **0/10228**
67.182.194.213 - - [20/May/2026:11:41:29 -0700] "GET /wp-content/uploads/2018/09/IMG_3079.jpg HTTP/2.0" 200 359606 "https://www.pioneercabinetry.net/gallery/" "Mozilla/5.0 (Macintosh; Intel Mac OS X 10_15_7) AppleWebKit/605.1.15 (KHTML, like Gecko) Version/17.6 Safari/605.1.15" 12 **0/12162**
107.194.32.55 - - [20/May/2026:11:41:31 -0700] "GET /wp-admin/admin-ajax.php?action=updraft_ajax&subaction=activejobs_list&nonce=33dd573458&downloaders= HTTP/2.0" 400 1 "https://www.pioneercabinetry.net/wp-admin/options-general.php?page=updraftplus" "Mozilla/5.0 (Macintosh; Intel Mac OS X 10.15; rv:150.0) Gecko/20100101 Firefox/150.0" 1155 **1/1155331**
107.194.32.55 - - [20/May/2026:11:41:37 -0700] "GET /wp-admin/admin-ajax.php?action=updraft_ajax&subaction=activejobs_list&nonce=33dd573458&downloaders= HTTP/2.0" 400 1 "https://www.pioneercabinetry.net/wp-admin/options-general.php?page=updraftplus" "Mozilla/5.0 (Macintosh; Intel Mac OS X 10.15; rv:150.0) Gecko/20100101 Firefox/150.0" 1087 **1/1087874**
67.182.194.213 - - [20/May/2026:11:41:41 -0700] "GET /wp-content/uploads/2018/09/IMG_3090.jpg HTTP/2.0" 200 3350975 "https://www.pioneercabinetry.net/gallery/" "Mozilla/5.0 (Macintosh; Intel Mac OS X 10_15_7) AppleWebKit/605.1.15 (KHTML, like Gecko) Version/17.6 Safari/605.1.15" 387 **0/387876**
67.182.194.213 - - [20/May/2026:11:41:42 -0700] "GET /wp-content/uploads/2018/09/IMG_4336-1_edited-3.jpg HTTP/2.0" 200 5202398 "https://www.pioneercabinetry.net/gallery/" "Mozilla/5.0 (Macintosh; Intel Mac OS X 10_15_7) AppleWebKit/605.1.15 (KHTML, like Gecko) Version/17.6 Safari/605.1.15" 108 **0/108069**
107.194.32.55 - - [20/May/2026:11:41:43 -0700] "GET /wp-admin/admin-ajax.php?action=updraft_ajax&subaction=activejobs_list&nonce=33dd573458&downloaders= HTTP/2.0" 400 1 "https://www.pioneercabinetry.net/wp-admin/options-general.php?page=updraftplus" "Mozilla/5.0 (Macintosh; Intel Mac OS X 10.15; rv:150.0) Gecko/20100101 Firefox/150.0" 1117 **1/1117710**
107.194.32.55 - - [20/May/2026:11:41:49 -0700] "GET /wp-admin/admin-ajax.php?action=updraft_ajax&subaction=activejobs_list&nonce=33dd573458&downloaders= HTTP/2.0" 400 1 "https://www.pioneercabinetry.net/wp-admin/options-general.php?page=updraftplus" "Mozilla/5.0 (Macintosh; Intel Mac OS X 10.15; rv:150.0) Gecko/20100101 Firefox/150.0" 994 **0/994679**
34.217.52.124 - - [20/May/2026:11:41:51 -0700] "GET /?rnd=1779302511785 HTTP/2.0" 301 - "-" "GoDaddy-UptimeMonitoring" 1067 **1/1067140**
34.217.52.124 - - [20/May/2026:11:41:53 -0700] "GET /?rnd=1779302511785 HTTP/2.0" 200 29084 "https://pioneercabinetry.net/?rnd=1779302511785" "GoDaddy-UptimeMonitoring" 1574 **1/1574430**
107.194.32.55 - - [20/May/2026:11:41:56 -0700] "GET /wp-admin/admin-ajax.php?action=updraft_ajax&subaction=activejobs_list&nonce=33dd573458&downloaders= HTTP/2.0" 400 1 "https://www.pioneercabinetry.net/wp-admin/options-general.php?page=updraftplus" "Mozilla/5.0 (Macintosh; Intel Mac OS X 10.15; rv:150.0) Gecko/20100101 Firefox/150.0" 996 **0/996679**
107.194.32.55 - - [20/May/2026:11:42:01 -0700] "GET /wp-admin/admin-ajax.php?action=updraft_ajax&subaction=activejobs_list&nonce=33dd573458&downloaders= HTTP/2.0" 400 1 "https://www.pioneercabinetry.net/wp-admin/options-general.php?page=updraftplus" "Mozilla/5.0 (Macintosh; Intel Mac OS X 10.15; rv:150.0) Gecko/20100101 Firefox/150.0" 1335 **1/1335839**
52.167.144.147 - - [20/May/2026:11:42:04 -0700] "GET /craftsman-door-styles/ HTTP/2.0" 200 25466 "-" "Mozilla/5.0 AppleWebKit/537.36 (KHTML, like Gecko; compatible; bingbot/2.0; +http://www.bing.com/bingbot.htm) Chrome/116.0.1938.76 Safari/537.36" 1712 **1/1712821**
107.194.32.55 - - [20/May/2026:11:42:08 -0700] "GET /wp-admin/admin-ajax.php?action=updraft_ajax&subaction=activejobs_list&nonce=33dd573458&downloaders= HTTP/2.0" 400 1 "https://www.pioneercabinetry.net/wp-admin/options-general.php?page=updraftplus" "Mozilla/5.0 (Macintosh; Intel Mac OS X 10.15; rv:150.0) Gecko/20100101 Firefox/150.0" 1128 **1/1128985**
67.182.194.213 - - [20/May/2026:11:42:14 -0700] "GET /wp-content/uploads/2018/09/IMG_2448.jpg HTTP/2.0" 200 1677776 "https://www.pioneercabinetry.net/gallery/" "Mozilla/5.0 (Macintosh; Intel Mac OS X 10_15_7) AppleWebKit/605.1.15 (KHTML, like Gecko) Version/17.6 Safari/605.1.15" 297 **0/297553**
107.194.32.55 - - [20/May/2026:11:42:14 -0700] "GET /wp-admin/admin-ajax.php?action=updraft_ajax&subaction=activejobs_list&nonce=33dd573458&downloaders= HTTP/2.0" 400 1 "https://www.pioneercabinetry.net/wp-admin/options-general.php?page=updraftplus" "Mozilla/5.0 (Macintosh; Intel Mac OS X 10.15; rv:150.0) Gecko/20100101 Firefox/150.0" 1035 **1/1035839**
67.182.194.213 - - [20/May/2026:11:42:16 -0700] "GET /wp-content/uploads/2018/09/IMG_9606-1_edited-2.jpg HTTP/2.0" 200 2932707 "https://www.pioneercabinetry.net/gallery/" "Mozilla/5.0 (Macintosh; Intel Mac OS X 10_15_7) AppleWebKit/605.1.15 (KHTML, like Gecko) Version/17.6 Safari/605.1.15" 17 **0/17075**
67.182.194.213 - - [20/May/2026:11:42:17 -0700] "GET /wp-content/uploads/2018/09/IMG_9616-1.jpg HTTP/2.0" 200 2486616 "https://www.pioneercabinetry.net/gallery/" "Mozilla/5.0 (Macintosh; Intel Mac OS X 10_15_7) AppleWebKit/605.1.15 (KHTML, like Gecko) Version/17.6 Safari/605.1.15" 17 **0/17126**
67.182.194.213 - - [20/May/2026:11:42:19 -0700] "GET /wp-content/uploads/2018/09/IMG_9647-1.jpg HTTP/2.0" 200 1645697 "https://www.pioneercabinetry.net/gallery/" "Mozilla/5.0 (Macintosh; Intel Mac OS X 10_15_7) AppleWebKit/605.1.15 (KHTML, like Gecko) Version/17.6 Safari/605.1.15" 12 **0/12116**
