162.235.73.178 - - [20/May/2026:09:56:56 -0700] "GET /wp-content/uploads/2024/09/Knotty-Cherry.jpg HTTP/2.0" 200 179748 "https://www.pioneercabinetry.net/wood-species/wood-cherry/" "Mozilla/5.0 (Macintosh; Intel Mac OS X 10_15_7) AppleWebKit/605.1.15 (KHTML, like Gecko) Version/26.4 Safari/605.1.15" 12 **0/12442**
107.194.32.55 - - [20/May/2026:09:56:56 -0700] "GET /wp-admin/admin-ajax.php?action=updraft_ajax&subaction=activejobs_list&nonce=33dd573458&downloaders= HTTP/2.0" 200 34 "https://www.pioneercabinetry.net/wp-admin/options-general.php?page=updraftplus" "Mozilla/5.0 (Macintosh; Intel Mac OS X 10.15; rv:150.0) Gecko/20100101 Firefox/150.0" 1073 **1/1073351**
162.235.73.178 - - [20/May/2026:09:56:58 -0700] "GET /wp-content/uploads/2018/03/Cherry-Mocha.jpg HTTP/2.0" 200 233947 "https://www.pioneercabinetry.net/wood-species/wood-cherry/" "Mozilla/5.0 (Macintosh; Intel Mac OS X 10_15_7) AppleWebKit/605.1.15 (KHTML, like Gecko) Version/26.4 Safari/605.1.15" 9 **0/9926**
162.235.73.178 - - [20/May/2026:09:56:58 -0700] "GET /wp-content/uploads/2022/12/cherry-sweethoney-min.jpg HTTP/2.0" 200 68783 "https://www.pioneercabinetry.net/wood-species/wood-cherry/" "Mozilla/5.0 (Macintosh; Intel Mac OS X 10_15_7) AppleWebKit/605.1.15 (KHTML, like Gecko) Version/26.4 Safari/605.1.15" 16 **0/16605**
162.235.73.178 - - [20/May/2026:09:56:58 -0700] "GET /wp-content/uploads/2018/03/Cherry-Tawny.jpg HTTP/2.0" 200 242467 "https://www.pioneercabinetry.net/wood-species/wood-cherry/" "Mozilla/5.0 (Macintosh; Intel Mac OS X 10_15_7) AppleWebKit/605.1.15 (KHTML, like Gecko) Version/26.4 Safari/605.1.15" 11 **0/11887**
162.235.73.178 - - [20/May/2026:09:56:58 -0700] "GET /wp-content/uploads/2022/12/cherry-cappuccino-min.jpg HTTP/2.0" 200 189690 "https://www.pioneercabinetry.net/wood-species/wood-cherry/" "Mozilla/5.0 (Macintosh; Intel Mac OS X 10_15_7) AppleWebKit/605.1.15 (KHTML, like Gecko) Version/26.4 Safari/605.1.15" 16 **0/16645**
162.235.73.178 - - [20/May/2026:09:56:58 -0700] "GET /wp-content/uploads/2018/03/Cherry-Hazelnut.jpg HTTP/2.0" 200 246606 "https://www.pioneercabinetry.net/wood-species/wood-cherry/" "Mozilla/5.0 (Macintosh; Intel Mac OS X 10_15_7) AppleWebKit/605.1.15 (KHTML, like Gecko) Version/26.4 Safari/605.1.15" 11 **0/11507**
162.235.73.178 - - [20/May/2026:09:56:58 -0700] "GET /wp-content/uploads/2018/03/Cherry-Cayenne.jpg HTTP/2.0" 200 241482 "https://www.pioneercabinetry.net/wood-species/wood-cherry/" "Mozilla/5.0 (Macintosh; Intel Mac OS X 10_15_7) AppleWebKit/605.1.15 (KHTML, like Gecko) Version/26.4 Safari/605.1.15" 274 **0/274862**
162.235.73.178 - - [20/May/2026:09:56:58 -0700] "GET /wp-content/uploads/2018/03/Cherry-Pebble.jpg HTTP/2.0" 200 275246 "https://www.pioneercabinetry.net/wood-species/wood-cherry/" "Mozilla/5.0 (Macintosh; Intel Mac OS X 10_15_7) AppleWebKit/605.1.15 (KHTML, like Gecko) Version/26.4 Safari/605.1.15" 422 **0/422963**
162.235.73.178 - - [20/May/2026:09:56:58 -0700] "GET /wp-content/uploads/2018/03/Cherry-Platinum.jpg HTTP/2.0" 200 250076 "https://www.pioneercabinetry.net/wood-species/wood-cherry/" "Mozilla/5.0 (Macintosh; Intel Mac OS X 10_15_7) AppleWebKit/605.1.15 (KHTML, like Gecko) Version/26.4 Safari/605.1.15" 839 **0/839119**
162.235.73.178 - - [20/May/2026:09:56:59 -0700] "GET /wp-content/uploads/2021/01/Cherry-Charcoal.jpg HTTP/2.0" 200 633250 "https://www.pioneercabinetry.net/wood-species/wood-cherry/" "Mozilla/5.0 (Macintosh; Intel Mac OS X 10_15_7) AppleWebKit/605.1.15 (KHTML, like Gecko) Version/26.4 Safari/605.1.15" 302 **0/302663**
162.235.73.178 - - [20/May/2026:09:56:59 -0700] "GET /wp-content/uploads/2018/03/Cherry-Coffee.jpg HTTP/2.0" 200 213310 "https://www.pioneercabinetry.net/wood-species/wood-cherry/" "Mozilla/5.0 (Macintosh; Intel Mac OS X 10_15_7) AppleWebKit/605.1.15 (KHTML, like Gecko) Version/26.4 Safari/605.1.15" 630 **0/630884**
162.235.73.178 - - [20/May/2026:09:56:59 -0700] "GET /wp-content/uploads/2018/03/Cherry-Java.jpg HTTP/2.0" 200 193862 "https://www.pioneercabinetry.net/wood-species/wood-cherry/" "Mozilla/5.0 (Macintosh; Intel Mac OS X 10_15_7) AppleWebKit/605.1.15 (KHTML, like Gecko) Version/26.4 Safari/605.1.15" 671 **0/671351**
162.235.73.178 - - [20/May/2026:09:56:59 -0700] "GET /wp-content/uploads/2018/03/Cherry-Cobblestone.jpg HTTP/2.0" 200 254205 "https://www.pioneercabinetry.net/wood-species/wood-cherry/" "Mozilla/5.0 (Macintosh; Intel Mac OS X 10_15_7) AppleWebKit/605.1.15 (KHTML, like Gecko) Version/26.4 Safari/605.1.15" 672 **0/672362**
162.235.73.178 - - [20/May/2026:09:57:02 -0700] "GET /wp-content/uploads/2018/03/Cherry-Clear.jpg HTTP/2.0" 200 177843 "https://www.pioneercabinetry.net/wood-species/wood-cherry/" "Mozilla/5.0 (Macintosh; Intel Mac OS X 10_15_7) AppleWebKit/605.1.15 (KHTML, like Gecko) Version/26.4 Safari/605.1.15" 16 **0/16599**
162.235.73.178 - - [20/May/2026:09:57:02 -0700] "GET /wp-content/uploads/2018/03/Cherry-TawnyChocolate.jpg HTTP/2.0" 200 218551 "https://www.pioneercabinetry.net/wood-species/wood-cherry/" "Mozilla/5.0 (Macintosh; Intel Mac OS X 10_15_7) AppleWebKit/605.1.15 (KHTML, like Gecko) Version/26.4 Safari/605.1.15" 19 **0/19106**
162.235.73.178 - - [20/May/2026:09:57:02 -0700] "GET /wp-content/uploads/2018/03/Cherry-CoffeeChocolate.jpg HTTP/2.0" 200 225837 "https://www.pioneercabinetry.net/wood-species/wood-cherry/" "Mozilla/5.0 (Macintosh; Intel Mac OS X 10_15_7) AppleWebKit/605.1.15 (KHTML, like Gecko) Version/26.4 Safari/605.1.15" 15 **0/15944**
162.235.73.178 - - [20/May/2026:09:57:02 -0700] "GET /wp-content/uploads/2018/03/Cherry-CayenneMidnight.jpg HTTP/2.0" 200 264483 "https://www.pioneercabinetry.net/wood-species/wood-cherry/" "Mozilla/5.0 (Macintosh; Intel Mac OS X 10_15_7) AppleWebKit/605.1.15 (KHTML, like Gecko) Version/26.4 Safari/605.1.15" 16 **0/16290**
107.194.32.55 - - [20/May/2026:09:57:02 -0700] "GET /wp-admin/admin-ajax.php?action=updraft_ajax&subaction=activejobs_list&nonce=33dd573458&downloaders= HTTP/2.0" 200 34 "https://www.pioneercabinetry.net/wp-admin/options-general.php?page=updraftplus" "Mozilla/5.0 (Macintosh; Intel Mac OS X 10.15; rv:150.0) Gecko/20100101 Firefox/150.0" 1428 **1/1428624**
107.194.32.55 - - [20/May/2026:09:57:08 -0700] "GET /wp-admin/admin-ajax.php?action=updraft_ajax&subaction=activejobs_list&nonce=33dd573458&downloaders= HTTP/2.0" 200 34 "https://www.pioneercabinetry.net/wp-admin/options-general.php?page=updraftplus" "Mozilla/5.0 (Macintosh; Intel Mac OS X 10.15; rv:150.0) Gecko/20100101 Firefox/150.0" 1139 **1/1139317**
107.194.32.55 - - [20/May/2026:09:57:15 -0700] "GET /wp-admin/admin-ajax.php?action=updraft_ajax&subaction=activejobs_list&nonce=33dd573458&downloaders= HTTP/2.0" 200 34 "https://www.pioneercabinetry.net/wp-admin/options-general.php?page=updraftplus" "Mozilla/5.0 (Macintosh; Intel Mac OS X 10.15; rv:150.0) Gecko/20100101 Firefox/150.0" 1972 **1/1972853**
162.235.73.178 - - [20/May/2026:09:57:15 -0700] "GET /wood-species/personal-look/ HTTP/2.0" 200 23185 "https://www.pioneercabinetry.net/wood-species/wood-cherry/" "Mozilla/5.0 (Macintosh; Intel Mac OS X 10_15_7) AppleWebKit/605.1.15 (KHTML, like Gecko) Version/26.4 Safari/605.1.15" 2607 **2/2607457**
162.235.73.178 - - [20/May/2026:09:57:18 -0700] "GET /wp-content/et-cache/1310/et-core-unified-1310.min.css?ver=1779296237 HTTP/2.0" 200 749 "https://www.pioneercabinetry.net/wood-species/personal-look/" "Mozilla/5.0 (Macintosh; Intel Mac OS X 10_15_7) AppleWebKit/605.1.15 (KHTML, like Gecko) Version/26.4 Safari/605.1.15" 10 **0/10019**
162.235.73.178 - - [20/May/2026:09:57:18 -0700] "GET /wp-content/uploads/2018/03/Tech-Weathered.jpg HTTP/2.0" 200 111404 "https://www.pioneercabinetry.net/wood-species/personal-look/" "Mozilla/5.0 (Macintosh; Intel Mac OS X 10_15_7) AppleWebKit/605.1.15 (KHTML, like Gecko) Version/26.4 Safari/605.1.15" 11 **0/11260**
162.235.73.178 - - [20/May/2026:09:57:18 -0700] "GET /wp-content/uploads/2018/03/Tech-Distressed.jpg HTTP/2.0" 200 107533 "https://www.pioneercabinetry.net/wood-species/personal-look/" "Mozilla/5.0 (Macintosh; Intel Mac OS X 10_15_7) AppleWebKit/605.1.15 (KHTML, like Gecko) Version/26.4 Safari/605.1.15" 9 **0/9900**
162.235.73.178 - - [20/May/2026:09:57:18 -0700] "GET /wp-content/et-cache/1310/et-divi-dynamic-tb-6029-tb-5898-1310-late.css HTTP/2.0" 200 3400 "https://www.pioneercabinetry.net/wood-species/personal-look/" "Mozilla/5.0 (Macintosh; Intel Mac OS X 10_15_7) AppleWebKit/605.1.15 (KHTML, like Gecko) Version/26.4 Safari/605.1.15" 10 **0/10597**
162.235.73.178 - - [20/May/2026:09:57:18 -0700] "GET /wp-content/uploads/2018/03/Tech-Antiqued.jpg HTTP/2.0" 200 122045 "https://www.pioneercabinetry.net/wood-species/personal-look/" "Mozilla/5.0 (Macintosh; Intel Mac OS X 10_15_7) AppleWebKit/605.1.15 (KHTML, like Gecko) Version/26.4 Safari/605.1.15" 9 **0/9707**
162.235.73.178 - - [20/May/2026:09:57:19 -0700] "GET /wp-content/uploads/2018/03/Tech-WeatheredDistressedAntiqued.jpg HTTP/2.0" 200 144245 "https://www.pioneercabinetry.net/wood-species/personal-look/" "Mozilla/5.0 (Macintosh; Intel Mac OS X 10_15_7) AppleWebKit/605.1.15 (KHTML, like Gecko) Version/26.4 Safari/605.1.15" 11 **0/11906**
162.235.73.178 - - [20/May/2026:09:57:20 -0700] "GET /wp-content/uploads/2024/09/ClearWash.jpg HTTP/2.0" 200 189316 "https://www.pioneercabinetry.net/wood-species/personal-look/" "Mozilla/5.0 (Macintosh; Intel Mac OS X 10_15_7) AppleWebKit/605.1.15 (KHTML, like Gecko) Version/26.4 Safari/605.1.15" 12 **0/12446**
162.235.73.178 - - [20/May/2026:09:57:20 -0700] "GET /wp-content/uploads/2018/03/Glazing-Stain-1.jpg HTTP/2.0" 200 656928 "https://www.pioneercabinetry.net/wood-species/personal-look/" "Mozilla/5.0 (Macintosh; Intel Mac OS X 10_15_7) AppleWebKit/605.1.15 (KHTML, like Gecko) Version/26.4 Safari/605.1.15" 445 **0/445944**
162.235.73.178 - - [20/May/2026:09:57:22 -0700] "GET /wp-content/uploads/2018/03/Glazing-Painted.jpg HTTP/2.0" 200 154396 "https://www.pioneercabinetry.net/wood-species/personal-look/" "Mozilla/5.0 (Macintosh; Intel Mac OS X 10_15_7) AppleWebKit/605.1.15 (KHTML, like Gecko) Version/26.4 Safari/605.1.15" 9 **0/9814**
107.194.32.55 - - [20/May/2026:09:57:21 -0700] "GET /wp-admin/admin-ajax.php?action=updraft_ajax&subaction=activejobs_list&nonce=33dd573458&downloaders= HTTP/2.0" 200 34 "https://www.pioneercabinetry.net/wp-admin/options-general.php?page=updraftplus" "Mozilla/5.0 (Macintosh; Intel Mac OS X 10.15; rv:150.0) Gecko/20100101 Firefox/150.0" 998 **0/998647**
107.194.32.55 - - [20/May/2026:09:57:27 -0700] "GET /wp-admin/admin-ajax.php?action=updraft_ajax&subaction=activejobs_list&nonce=33dd573458&downloaders= HTTP/2.0" 200 34 "https://www.pioneercabinetry.net/wp-admin/options-general.php?page=updraftplus" "Mozilla/5.0 (Macintosh; Intel Mac OS X 10.15; rv:150.0) Gecko/20100101 Firefox/150.0" 1041 **1/1041820**
107.194.32.55 - - [20/May/2026:09:57:33 -0700] "GET /wp-admin/admin-ajax.php?action=updraft_ajax&subaction=activejobs_list&nonce=33dd573458&downloaders= HTTP/2.0" 200 34 "https://www.pioneercabinetry.net/wp-admin/options-general.php?page=updraftplus" "Mozilla/5.0 (Macintosh; Intel Mac OS X 10.15; rv:150.0) Gecko/20100101 Firefox/150.0" 1091 **1/1091801**
107.194.32.55 - - [20/May/2026:09:57:40 -0700] "GET /wp-admin/admin-ajax.php?action=updraft_ajax&subaction=activejobs_list&nonce=33dd573458&downloaders= HTTP/2.0" 200 34 "https://www.pioneercabinetry.net/wp-admin/options-general.php?page=updraftplus" "Mozilla/5.0 (Macintosh; Intel Mac OS X 10.15; rv:150.0) Gecko/20100101 Firefox/150.0" 1076 **1/1076699**
107.194.32.55 - - [20/May/2026:09:57:46 -0700] "GET /wp-admin/admin-ajax.php?action=updraft_ajax&subaction=activejobs_list&nonce=33dd573458&downloaders= HTTP/2.0" 200 34 "https://www.pioneercabinetry.net/wp-admin/options-general.php?page=updraftplus" "Mozilla/5.0 (Macintosh; Intel Mac OS X 10.15; rv:150.0) Gecko/20100101 Firefox/150.0" 1017 **1/1017501**
162.235.73.178 - - [20/May/2026:09:57:50 -0700] "GET /quality-care/hardware-adjustments/ HTTP/2.0" 200 24756 "https://www.pioneercabinetry.net/wood-species/wood-cherry/" "Mozilla/5.0 (Macintosh; Intel Mac OS X 10_15_7) AppleWebKit/605.1.15 (KHTML, like Gecko) Version/26.4 Safari/605.1.15" 1659 **1/1659284**
162.235.73.178 - - [20/May/2026:09:57:52 -0700] "GET /wp-content/et-cache/246/et-divi-dynamic-tb-6029-tb-5898-246.css?ver=1779296271 HTTP/2.0" 200 898 "https://www.pioneercabinetry.net/quality-care/hardware-adjustments/" "Mozilla/5.0 (Macintosh; Intel Mac OS X 10_15_7) AppleWebKit/605.1.15 (KHTML, like Gecko) Version/26.4 Safari/605.1.15" 9 **0/9429**
162.235.73.178 - - [20/May/2026:09:57:52 -0700] "GET /wp-content/et-cache/246/et-core-unified-246.min.css?ver=1779296271 HTTP/2.0" 200 749 "https://www.pioneercabinetry.net/quality-care/hardware-adjustments/" "Mozilla/5.0 (Macintosh; Intel Mac OS X 10_15_7) AppleWebKit/605.1.15 (KHTML, like Gecko) Version/26.4 Safari/605.1.15" 9 **0/9855**
162.235.73.178 - - [20/May/2026:09:57:52 -0700] "GET /wp-content/et-cache/246/et-divi-dynamic-tb-6029-tb-5898-246-late.css HTTP/2.0" 200 1691 "https://www.pioneercabinetry.net/quality-care/hardware-adjustments/" "Mozilla/5.0 (Macintosh; Intel Mac OS X 10_15_7) AppleWebKit/605.1.15 (KHTML, like Gecko) Version/26.4 Safari/605.1.15" 9 **0/9410**
162.235.73.178 - - [20/May/2026:09:57:52 -0700] "GET /wp-content/uploads/2017/09/Adjusting-CupHinge.png HTTP/2.0" 200 139083 "https://www.pioneercabinetry.net/quality-care/hardware-adjustments/" "Mozilla/5.0 (Macintosh; Intel Mac OS X 10_15_7) AppleWebKit/605.1.15 (KHTML, like Gecko) Version/26.4 Safari/605.1.15" 93 **0/93879**
162.235.73.178 - - [20/May/2026:09:57:52 -0700] "GET /wp-content/uploads/2017/09/Adjusting-Slides.png HTTP/2.0" 200 49648 "https://www.pioneercabinetry.net/quality-care/hardware-adjustments/" "Mozilla/5.0 (Macintosh; Intel Mac OS X 10_15_7) AppleWebKit/605.1.15 (KHTML, like Gecko) Version/26.4 Safari/605.1.15" 266 **0/266578**
162.235.73.178 - - [20/May/2026:09:57:52 -0700] "GET /wp-content/uploads/2019/01/Hinge-Angle-Reduction-Clip.png HTTP/2.0" 200 915433 "https://www.pioneercabinetry.net/quality-care/hardware-adjustments/" "Mozilla/5.0 (Macintosh; Intel Mac OS X 10_15_7) AppleWebKit/605.1.15 (KHTML, like Gecko) Version/26.4 Safari/605.1.15" 267 **0/267137**
107.194.32.55 - - [20/May/2026:09:57:52 -0700] "GET /wp-admin/admin-ajax.php?action=updraft_ajax&subaction=activejobs_list&nonce=33dd573458&downloaders= HTTP/2.0" 200 34 "https://www.pioneercabinetry.net/wp-admin/options-general.php?page=updraftplus" "Mozilla/5.0 (Macintosh; Intel Mac OS X 10.15; rv:150.0) Gecko/20100101 Firefox/150.0" 1049 **1/1049632**
107.194.32.55 - - [20/May/2026:09:57:58 -0700] "GET /wp-admin/admin-ajax.php?action=updraft_ajax&subaction=activejobs_list&nonce=33dd573458&downloaders= HTTP/2.0" 200 34 "https://www.pioneercabinetry.net/wp-admin/options-general.php?page=updraftplus" "Mozilla/5.0 (Macintosh; Intel Mac OS X 10.15; rv:150.0) Gecko/20100101 Firefox/150.0" 1110 **1/1110429**
107.194.32.55 - - [20/May/2026:09:58:05 -0700] "GET /wp-admin/admin-ajax.php?action=updraft_ajax&subaction=activejobs_list&nonce=33dd573458&downloaders= HTTP/2.0" 200 34 "https://www.pioneercabinetry.net/wp-admin/options-general.php?page=updraftplus" "Mozilla/5.0 (Macintosh; Intel Mac OS X 10.15; rv:150.0) Gecko/20100101 Firefox/150.0" 1128 **1/1128870**
107.194.32.55 - - [20/May/2026:09:58:11 -0700] "GET /wp-admin/admin-ajax.php?action=updraft_ajax&subaction=activejobs_list&nonce=33dd573458&downloaders= HTTP/2.0" 200 34 "https://www.pioneercabinetry.net/wp-admin/options-general.php?page=updraftplus" "Mozilla/5.0 (Macintosh; Intel Mac OS X 10.15; rv:150.0) Gecko/20100101 Firefox/150.0" 1097 **1/1097625**
107.194.32.55 - - [20/May/2026:09:58:18 -0700] "GET /wp-admin/admin-ajax.php?action=updraft_ajax&subaction=activejobs_list&nonce=33dd573458&downloaders= HTTP/2.0" 200 34 "https://www.pioneercabinetry.net/wp-admin/options-general.php?page=updraftplus" "Mozilla/5.0 (Macintosh; Intel Mac OS X 10.15; rv:150.0) Gecko/20100101 Firefox/150.0" 1093 **1/1093490**
107.194.32.55 - - [20/May/2026:09:58:24 -0700] "GET /wp-admin/admin-ajax.php?action=updraft_ajax&subaction=activejobs_list&nonce=33dd573458&downloaders= HTTP/2.0" 200 34 "https://www.pioneercabinetry.net/wp-admin/options-general.php?page=updraftplus" "Mozilla/5.0 (Macintosh; Intel Mac OS X 10.15; rv:150.0) Gecko/20100101 Firefox/150.0" 1102 **1/1102502**
107.194.32.55 - - [20/May/2026:09:58:30 -0700] "GET /wp-admin/admin-ajax.php?action=updraft_ajax&subaction=activejobs_list&nonce=33dd573458&downloaders= HTTP/2.0" 200 34 "https://www.pioneercabinetry.net/wp-admin/options-general.php?page=updraftplus" "Mozilla/5.0 (Macintosh; Intel Mac OS X 10.15; rv:150.0) Gecko/20100101 Firefox/150.0" 1220 **1/1220232**
107.194.32.55 - - [20/May/2026:09:58:33 -0700] "POST /wp-admin/admin-ajax.php HTTP/2.0" 200 254 "https://www.pioneercabinetry.net/wp-admin/options-general.php?page=updraftplus" "Mozilla/5.0 (Macintosh; Intel Mac OS X 10.15; rv:150.0) Gecko/20100101 Firefox/150.0" 1239 **1/1239486**
107.194.32.55 - - [20/May/2026:09:58:36 -0700] "GET /wp-admin/admin-ajax.php?action=updraft_ajax&subaction=activejobs_list&nonce=33dd573458&downloaders= HTTP/2.0" 200 34 "https://www.pioneercabinetry.net/wp-admin/options-general.php?page=updraftplus" "Mozilla/5.0 (Macintosh; Intel Mac OS X 10.15; rv:150.0) Gecko/20100101 Firefox/150.0" 1268 **1/1268268**
162.235.73.178 - - [20/May/2026:09:58:38 -0700] "GET /storage-solutions/ HTTP/2.0" 200 24495 "https://www.pioneercabinetry.net/quality-care/hardware-adjustments/" "Mozilla/5.0 (Macintosh; Intel Mac OS X 10_15_7) AppleWebKit/605.1.15 (KHTML, like Gecko) Version/26.4 Safari/605.1.15" 1952 **1/1952055**
162.235.73.178 - - [20/May/2026:09:58:41 -0700] "GET /wp-content/uploads/2019/02/StorageFeature-Drawers.jpg HTTP/2.0" 200 73941 "https://www.pioneercabinetry.net/storage-solutions/" "Mozilla/5.0 (Macintosh; Intel Mac OS X 10_15_7) AppleWebKit/605.1.15 (KHTML, like Gecko) Version/26.4 Safari/605.1.15" 9 **0/9255**
162.235.73.178 - - [20/May/2026:09:58:41 -0700] "GET /wp-content/et-cache/2391/et-core-unified-2391.min.css?ver=1779296320 HTTP/2.0" 200 749 "https://www.pioneercabinetry.net/storage-solutions/" "Mozilla/5.0 (Macintosh; Intel Mac OS X 10_15_7) AppleWebKit/605.1.15 (KHTML, like Gecko) Version/26.4 Safari/605.1.15" 13 **0/13082**
162.235.73.178 - - [20/May/2026:09:58:41 -0700] "GET /wp-content/uploads/2019/02/StorageFeature-Pullout.jpg HTTP/2.0" 200 39230 "https://www.pioneercabinetry.net/storage-solutions/" "Mozilla/5.0 (Macintosh; Intel Mac OS X 10_15_7) AppleWebKit/605.1.15 (KHTML, like Gecko) Version/26.4 Safari/605.1.15" 9 **0/9700**
162.235.73.178 - - [20/May/2026:09:58:41 -0700] "GET /wp-content/et-cache/2391/et-divi-dynamic-tb-6029-tb-5898-2391-late.css HTTP/2.0" 200 1691 "https://www.pioneercabinetry.net/storage-solutions/" "Mozilla/5.0 (Macintosh; Intel Mac OS X 10_15_7) AppleWebKit/605.1.15 (KHTML, like Gecko) Version/26.4 Safari/605.1.15" 10 **0/10095**
162.235.73.178 - - [20/May/2026:09:58:41 -0700] "GET /wp-content/uploads/2019/02/StorageFeature-Cleaning.jpg HTTP/2.0" 200 51596 "https://www.pioneercabinetry.net/storage-solutions/" "Mozilla/5.0 (Macintosh; Intel Mac OS X 10_15_7) AppleWebKit/605.1.15 (KHTML, like Gecko) Version/26.4 Safari/605.1.15" 11 **0/11269**
162.235.73.178 - - [20/May/2026:09:58:41 -0700] "GET /wp-content/uploads/2019/02/StorageFeature-Vanity.jpg HTTP/2.0" 200 46473 "https://www.pioneercabinetry.net/storage-solutions/" "Mozilla/5.0 (Macintosh; Intel Mac OS X 10_15_7) AppleWebKit/605.1.15 (KHTML, like Gecko) Version/26.4 Safari/605.1.15" 10 **0/10901**
162.235.73.178 - - [20/May/2026:09:58:41 -0700] "GET /wp-content/uploads/2019/02/StorageFeature-Unique.jpg HTTP/2.0" 200 51388 "https://www.pioneercabinetry.net/storage-solutions/" "Mozilla/5.0 (Macintosh; Intel Mac OS X 10_15_7) AppleWebKit/605.1.15 (KHTML, like Gecko) Version/26.4 Safari/605.1.15" 12 **0/12281**
162.235.73.178 - - [20/May/2026:09:58:41 -0700] "GET /wp/wp-content/uploads/2016/06/lightKitchen.jpg HTTP/2.0" 404 133629 "https://www.pioneercabinetry.net/storage-solutions/" "Mozilla/5.0 (Macintosh; Intel Mac OS X 10_15_7) AppleWebKit/605.1.15 (KHTML, like Gecko) Version/26.4 Safari/605.1.15" 1511 **1/1511313**
107.194.32.55 - - [20/May/2026:09:58:42 -0700] "GET /wp-admin/admin-ajax.php?action=updraft_ajax&subaction=activejobs_list&nonce=33dd573458&downloaders= HTTP/2.0" 200 34 "https://www.pioneercabinetry.net/wp-admin/options-general.php?page=updraftplus" "Mozilla/5.0 (Macintosh; Intel Mac OS X 10.15; rv:150.0) Gecko/20100101 Firefox/150.0" 1107 **1/1107355**
107.194.32.55 - - [20/May/2026:09:58:49 -0700] "GET /wp-admin/admin-ajax.php?action=updraft_ajax&subaction=activejobs_list&nonce=33dd573458&downloaders= HTTP/2.0" 200 34 "https://www.pioneercabinetry.net/wp-admin/options-general.php?page=updraftplus" "Mozilla/5.0 (Macintosh; Intel Mac OS X 10.15; rv:150.0) Gecko/20100101 Firefox/150.0" 1034 **1/1034536**
107.194.32.55 - - [20/May/2026:09:58:55 -0700] "GET /wp-admin/admin-ajax.php?action=updraft_ajax&subaction=activejobs_list&nonce=33dd573458&downloaders= HTTP/2.0" 200 34 "https://www.pioneercabinetry.net/wp-admin/options-general.php?page=updraftplus" "Mozilla/5.0 (Macintosh; Intel Mac OS X 10.15; rv:150.0) Gecko/20100101 Firefox/150.0" 1032 **1/1032999**
162.235.73.178 - - [20/May/2026:09:58:57 -0700] "GET /wood-species/overlays-profiles-drawers/ HTTP/2.0" 200 23443 "https://www.pioneercabinetry.net/storage-solutions/" "Mozilla/5.0 (Macintosh; Intel Mac OS X 10_15_7) AppleWebKit/605.1.15 (KHTML, like Gecko) Version/26.4 Safari/605.1.15" 1621 **1/1621314**
162.235.73.178 - - [20/May/2026:09:58:59 -0700] "GET /wp-content/et-cache/1314/et-divi-dynamic-tb-6029-tb-5898-1314-late.css?ver=1779294976 HTTP/2.0" 200 3400 "https://www.pioneercabinetry.net/wood-species/overlays-profiles-drawers/" "Mozilla/5.0 (Macintosh; Intel Mac OS X 10_15_7) AppleWebKit/605.1.15 (KHTML, like Gecko) Version/26.4 Safari/605.1.15" 10 **0/10679**
162.235.73.178 - - [20/May/2026:09:58:59 -0700] "GET /wp-content/et-cache/1314/et-core-unified-1314.min.css?ver=1779294975 HTTP/2.0" 200 749 "https://www.pioneercabinetry.net/wood-species/overlays-profiles-drawers/" "Mozilla/5.0 (Macintosh; Intel Mac OS X 10_15_7) AppleWebKit/605.1.15 (KHTML, like Gecko) Version/26.4 Safari/605.1.15" 10 **0/10269**
162.235.73.178 - - [20/May/2026:09:58:59 -0700] "GET /wp-content/et-cache/1314/et-core-unified-tb-6029-tb-5898-deferred-1314.min.css?ver=1779294976 HTTP/2.0" 200 228 "https://www.pioneercabinetry.net/wood-species/overlays-profiles-drawers/" "Mozilla/5.0 (Macintosh; Intel Mac OS X 10_15_7) AppleWebKit/605.1.15 (KHTML, like Gecko) Version/26.4 Safari/605.1.15" 27 **0/27147**
162.235.73.178 - - [20/May/2026:09:58:59 -0700] "GET /wp-content/uploads/2018/03/Overlays.jpg HTTP/2.0" 200 64933 "https://www.pioneercabinetry.net/wood-species/overlays-profiles-drawers/" "Mozilla/5.0 (Macintosh; Intel Mac OS X 10_15_7) AppleWebKit/605.1.15 (KHTML, like Gecko) Version/26.4 Safari/605.1.15" 26 **0/26118**
162.235.73.178 - - [20/May/2026:09:58:59 -0700] "GET /wp-content/uploads/2018/03/Profiles.jpg HTTP/2.0" 200 116101 "https://www.pioneercabinetry.net/wood-species/overlays-profiles-drawers/" "Mozilla/5.0 (Macintosh; Intel Mac OS X 10_15_7) AppleWebKit/605.1.15 (KHTML, like Gecko) Version/26.4 Safari/605.1.15" 10 **0/10216**
162.235.73.178 - - [20/May/2026:09:58:59 -0700] "GET /wp-content/et-cache/1314/et-divi-dynamic-tb-6029-tb-5898-1314-late.css HTTP/2.0" 200 3400 "https://www.pioneercabinetry.net/wood-species/overlays-profiles-drawers/" "Mozilla/5.0 (Macintosh; Intel Mac OS X 10_15_7) AppleWebKit/605.1.15 (KHTML, like Gecko) Version/26.4 Safari/605.1.15" 8 **0/8451**
162.235.73.178 - - [20/May/2026:09:58:59 -0700] "GET /wp-content/uploads/2018/03/Drawer-Slab.jpg HTTP/2.0" 200 111416 "https://www.pioneercabinetry.net/wood-species/overlays-profiles-drawers/" "Mozilla/5.0 (Macintosh; Intel Mac OS X 10_15_7) AppleWebKit/605.1.15 (KHTML, like Gecko) Version/26.4 Safari/605.1.15" 11 **0/11640**
107.194.32.55 - - [20/May/2026:09:59:02 -0700] "GET /wp-admin/admin-ajax.php?action=updraft_ajax&subaction=activejobs_list&nonce=33dd573458&downloaders= HTTP/2.0" 200 34 "https://www.pioneercabinetry.net/wp-admin/options-general.php?page=updraftplus" "Mozilla/5.0 (Macintosh; Intel Mac OS X 10.15; rv:150.0) Gecko/20100101 Firefox/150.0" 1521 **1/1521503**
107.194.32.55 - - [20/May/2026:09:59:08 -0700] "GET /wp-admin/admin-ajax.php?action=updraft_ajax&subaction=activejobs_list&nonce=33dd573458&downloaders= HTTP/2.0" 200 34 "https://www.pioneercabinetry.net/wp-admin/options-general.php?page=updraftplus" "Mozilla/5.0 (Macintosh; Intel Mac OS X 10.15; rv:150.0) Gecko/20100101 Firefox/150.0" 1195 **1/1195662**
162.235.73.178 - - [20/May/2026:09:59:14 -0700] "GET /wp-content/uploads/2018/03/Drawer-5PieceFlat.jpg HTTP/2.0" 200 125350 "https://www.pioneercabinetry.net/wood-species/overlays-profiles-drawers/" "Mozilla/5.0 (Macintosh; Intel Mac OS X 10_15_7) AppleWebKit/605.1.15 (KHTML, like Gecko) Version/26.4 Safari/605.1.15" 12 **0/12183**
162.235.73.178 - - [20/May/2026:09:59:14 -0700] "GET /wp-content/uploads/2018/03/Drawer-5PieceSolid.jpg HTTP/2.0" 200 123564 "https://www.pioneercabinetry.net/wood-species/overlays-profiles-drawers/" "Mozilla/5.0 (Macintosh; Intel Mac OS X 10_15_7) AppleWebKit/605.1.15 (KHTML, like Gecko) Version/26.4 Safari/605.1.15" 10 **0/10563**
107.194.32.55 - - [20/May/2026:09:59:14 -0700] "GET /wp-admin/admin-ajax.php?action=updraft_ajax&subaction=activejobs_list&nonce=33dd573458&downloaders= HTTP/2.0" 200 34 "https://www.pioneercabinetry.net/wp-admin/options-general.php?page=updraftplus" "Mozilla/5.0 (Macintosh; Intel Mac OS X 10.15; rv:150.0) Gecko/20100101 Firefox/150.0" 1157 **1/1157678**
107.194.32.55 - - [20/May/2026:09:59:20 -0700] "GET /wp-admin/admin-ajax.php?action=updraft_ajax&subaction=activejobs_list&nonce=33dd573458&downloaders= HTTP/2.0" 200 34 "https://www.pioneercabinetry.net/wp-admin/options-general.php?page=updraftplus" "Mozilla/5.0 (Macintosh; Intel Mac OS X 10.15; rv:150.0) Gecko/20100101 Firefox/150.0" 1134 **1/1134432**
107.194.32.55 - - [20/May/2026:09:59:27 -0700] "GET /wp-admin/admin-ajax.php?action=updraft_ajax&subaction=activejobs_list&nonce=33dd573458&downloaders= HTTP/2.0" 200 34 "https://www.pioneercabinetry.net/wp-admin/options-general.php?page=updraftplus" "Mozilla/5.0 (Macintosh; Intel Mac OS X 10.15; rv:150.0) Gecko/20100101 Firefox/150.0" 1113 **1/1113732**
162.235.73.178 - - [20/May/2026:09:59:30 -0700] "GET /wp-content/uploads/2018/03/Drawer-5PieceRaised.jpg HTTP/2.0" 200 113452 "https://www.pioneercabinetry.net/wood-species/overlays-profiles-drawers/" "Mozilla/5.0 (Macintosh; Intel Mac OS X 10_15_7) AppleWebKit/605.1.15 (KHTML, like Gecko) Version/26.4 Safari/605.1.15" 11 **0/11108**
162.235.73.178 - - [20/May/2026:09:59:30 -0700] "GET /wp-content/uploads/2018/03/Drawer-5PieceBeaded.jpg HTTP/2.0" 200 115760 "https://www.pioneercabinetry.net/wood-species/overlays-profiles-drawers/" "Mozilla/5.0 (Macintosh; Intel Mac OS X 10_15_7) AppleWebKit/605.1.15 (KHTML, like Gecko) Version/26.4 Safari/605.1.15" 101 **0/101854**
107.194.32.55 - - [20/May/2026:09:59:33 -0700] "GET /wp-admin/admin-ajax.php?action=updraft_ajax&subaction=activejobs_list&nonce=33dd573458&downloaders= HTTP/2.0" 200 34 "https://www.pioneercabinetry.net/wp-admin/options-general.php?page=updraftplus" "Mozilla/5.0 (Macintosh; Intel Mac OS X 10.15; rv:150.0) Gecko/20100101 Firefox/150.0" 1069 **1/1069306**
107.194.32.55 - - [20/May/2026:09:59:39 -0700] "GET /wp-admin/admin-ajax.php?action=updraft_ajax&subaction=activejobs_list&nonce=33dd573458&downloaders= HTTP/2.0" 200 34 "https://www.pioneercabinetry.net/wp-admin/options-general.php?page=updraftplus" "Mozilla/5.0 (Macintosh; Intel Mac OS X 10.15; rv:150.0) Gecko/20100101 Firefox/150.0" 2091 **2/2091210**
34.173.113.28 - - [20/May/2026:09:59:43 -0700] "GET / HTTP/2.0" 200 29053 "http://pioneercabinetry.net" "Mozilla/5.0 (compatible; CMS-Checker/1.0; +https://example.com)" 1476 **1/1476420**
107.194.32.55 - - [20/May/2026:09:59:45 -0700] "GET /wp-admin/admin-ajax.php?action=updraft_ajax&subaction=activejobs_list&nonce=33dd573458&downloaders= HTTP/2.0" 200 34 "https://www.pioneercabinetry.net/wp-admin/options-general.php?page=updraftplus" "Mozilla/5.0 (Macintosh; Intel Mac OS X 10.15; rv:150.0) Gecko/20100101 Firefox/150.0" 1017 **1/1017580**
107.194.32.55 - - [20/May/2026:09:59:52 -0700] "GET /wp-admin/admin-ajax.php?action=updraft_ajax&subaction=activejobs_list&nonce=33dd573458&downloaders= HTTP/2.0" 200 34 "https://www.pioneercabinetry.net/wp-admin/options-general.php?page=updraftplus" "Mozilla/5.0 (Macintosh; Intel Mac OS X 10.15; rv:150.0) Gecko/20100101 Firefox/150.0" 1112 **1/1112318**
107.194.32.55 - - [20/May/2026:09:59:58 -0700] "GET /wp-admin/admin-ajax.php?action=updraft_ajax&subaction=activejobs_list&nonce=33dd573458&downloaders= HTTP/2.0" 200 34 "https://www.pioneercabinetry.net/wp-admin/options-general.php?page=updraftplus" "Mozilla/5.0 (Macintosh; Intel Mac OS X 10.15; rv:150.0) Gecko/20100101 Firefox/150.0" 1053 **1/1053013**
107.194.32.55 - - [20/May/2026:10:00:04 -0700] "GET /wp-admin/admin-ajax.php?action=updraft_ajax&subaction=activejobs_list&nonce=33dd573458&downloaders= HTTP/2.0" 200 34 "https://www.pioneercabinetry.net/wp-admin/options-general.php?page=updraftplus" "Mozilla/5.0 (Macintosh; Intel Mac OS X 10.15; rv:150.0) Gecko/20100101 Firefox/150.0" 1480 **1/1480071**
107.194.32.55 - - [20/May/2026:10:00:10 -0700] "GET /wp-admin/admin-ajax.php?action=updraft_ajax&subaction=activejobs_list&nonce=33dd573458&downloaders= HTTP/2.0" 200 34 "https://www.pioneercabinetry.net/wp-admin/options-general.php?page=updraftplus" "Mozilla/5.0 (Macintosh; Intel Mac OS X 10.15; rv:150.0) Gecko/20100101 Firefox/150.0" 1278 **1/1278509**
107.194.32.55 - - [20/May/2026:10:00:17 -0700] "GET /wp-admin/admin-ajax.php?action=updraft_ajax&subaction=activejobs_list&nonce=33dd573458&downloaders= HTTP/2.0" 200 34 "https://www.pioneercabinetry.net/wp-admin/options-general.php?page=updraftplus" "Mozilla/5.0 (Macintosh; Intel Mac OS X 10.15; rv:150.0) Gecko/20100101 Firefox/150.0" 1010 **1/1010091**
107.194.32.55 - - [20/May/2026:10:00:23 -0700] "GET /wp-admin/admin-ajax.php?action=updraft_ajax&subaction=activejobs_list&nonce=33dd573458&downloaders= HTTP/2.0" 200 34 "https://www.pioneercabinetry.net/wp-admin/options-general.php?page=updraftplus" "Mozilla/5.0 (Macintosh; Intel Mac OS X 10.15; rv:150.0) Gecko/20100101 Firefox/150.0" 1086 **1/1086795**
107.194.32.55 - - [20/May/2026:10:00:27 -0700] "POST /wp-admin/admin-ajax.php HTTP/2.0" 200 48 "https://www.pioneercabinetry.net/wp-admin/admin.php?page=et_divi_options" "Mozilla/5.0 (Macintosh; Intel Mac OS X 10.15; rv:150.0) Gecko/20100101 Firefox/150.0" 1063 **1/1063465**
107.194.32.55 - - [20/May/2026:10:00:28 -0700] "GET /wp-includes/images/spinner-2x.gif HTTP/2.0" 200 7536 "https://www.pioneercabinetry.net/wp-admin/load-styles.php?c=1&dir=ltr&load%5Bchunk_0%5D=dashicons,admin-bar,wp-jquery-ui-dialog,farbtastic,common,forms,admin-menu,dashboard,list-tables,edit,revisions,media,themes,abo&load%5Bchunk_1%5D=ut,nav-menus,wp-pointer,widgets,site-icon,l10n,buttons,wp-auth-check,wp-components,wp-commands&ver=6.9.4" "Mozilla/5.0 (Macintosh; Intel Mac OS X 10.15; rv:150.0) Gecko/20100101 Firefox/150.0" 9 **0/9080**
107.194.32.55 - - [20/May/2026:10:00:28 -0700] "GET /wp-login.php?interim-login=1&wp_lang=en_US HTTP/2.0" 200 2121 "https://www.pioneercabinetry.net/wp-admin/admin.php?page=et_divi_options" "Mozilla/5.0 (Macintosh; Intel Mac OS X 10.15; rv:150.0) Gecko/20100101 Firefox/150.0" 1096 **1/1096197**
107.194.32.55 - - [20/May/2026:10:00:29 -0700] "GET /wp-admin/admin-ajax.php?action=updraft_ajax&subaction=activejobs_list&nonce=33dd573458&downloaders= HTTP/2.0" 200 34 "https://www.pioneercabinetry.net/wp-admin/options-general.php?page=updraftplus" "Mozilla/5.0 (Macintosh; Intel Mac OS X 10.15; rv:150.0) Gecko/20100101 Firefox/150.0" 1166 **1/1166782**
107.194.32.55 - - [20/May/2026:10:00:36 -0700] "GET /wp-admin/admin-ajax.php?action=updraft_ajax&subaction=activejobs_list&nonce=33dd573458&downloaders= HTTP/2.0" 200 34 "https://www.pioneercabinetry.net/wp-admin/options-general.php?page=updraftplus" "Mozilla/5.0 (Macintosh; Intel Mac OS X 10.15; rv:150.0) Gecko/20100101 Firefox/150.0" 1249 **1/1249526**
107.194.32.55 - - [20/May/2026:10:00:42 -0700] "GET /wp-admin/admin-ajax.php?action=updraft_ajax&subaction=activejobs_list&nonce=33dd573458&downloaders= HTTP/2.0" 200 34 "https://www.pioneercabinetry.net/wp-admin/options-general.php?page=updraftplus" "Mozilla/5.0 (Macintosh; Intel Mac OS X 10.15; rv:150.0) Gecko/20100101 Firefox/150.0" 1063 **1/1063724**
107.194.32.55 - - [20/May/2026:10:00:48 -0700] "GET /wp-admin/admin-ajax.php?action=updraft_ajax&subaction=activejobs_list&nonce=33dd573458&downloaders= HTTP/2.0" 200 34 "https://www.pioneercabinetry.net/wp-admin/options-general.php?page=updraftplus" "Mozilla/5.0 (Macintosh; Intel Mac OS X 10.15; rv:150.0) Gecko/20100101 Firefox/150.0" 1004 **1/1004907**
107.194.32.55 - - [20/May/2026:10:00:54 -0700] "GET /wp-admin/admin-ajax.php?action=updraft_ajax&subaction=activejobs_list&nonce=33dd573458&downloaders= HTTP/2.0" 200 34 "https://www.pioneercabinetry.net/wp-admin/options-general.php?page=updraftplus" "Mozilla/5.0 (Macintosh; Intel Mac OS X 10.15; rv:150.0) Gecko/20100101 Firefox/150.0" 1105 **1/1105137**
107.194.32.55 - - [20/May/2026:10:01:01 -0700] "GET /wp-admin/admin-ajax.php?action=updraft_ajax&subaction=activejobs_list&nonce=33dd573458&downloaders= HTTP/2.0" 200 34 "https://www.pioneercabinetry.net/wp-admin/options-general.php?page=updraftplus" "Mozilla/5.0 (Macintosh; Intel Mac OS X 10.15; rv:150.0) Gecko/20100101 Firefox/150.0" 1501 **1/1501512**
107.194.32.55 - - [20/May/2026:10:01:07 -0700] "GET /wp-admin/admin-ajax.php?action=updraft_ajax&subaction=activejobs_list&nonce=33dd573458&downloaders= HTTP/2.0" 200 34 "https://www.pioneercabinetry.net/wp-admin/options-general.php?page=updraftplus" "Mozilla/5.0 (Macintosh; Intel Mac OS X 10.15; rv:150.0) Gecko/20100101 Firefox/150.0" 1188 **1/1188034**
107.194.32.55 - - [20/May/2026:10:01:14 -0700] "GET /wp-admin/admin-ajax.php?action=updraft_ajax&subaction=activejobs_list&nonce=33dd573458&downloaders= HTTP/2.0" 200 34 "https://www.pioneercabinetry.net/wp-admin/options-general.php?page=updraftplus" "Mozilla/5.0 (Macintosh; Intel Mac OS X 10.15; rv:150.0) Gecko/20100101 Firefox/150.0" 1094 **1/1094896**
107.194.32.55 - - [20/May/2026:10:01:20 -0700] "GET /wp-admin/admin-ajax.php?action=updraft_ajax&subaction=activejobs_list&nonce=33dd573458&downloaders= HTTP/2.0" 200 34 "https://www.pioneercabinetry.net/wp-admin/options-general.php?page=updraftplus" "Mozilla/5.0 (Macintosh; Intel Mac OS X 10.15; rv:150.0) Gecko/20100101 Firefox/150.0" 1077 **1/1077999**
107.194.32.55 - - [20/May/2026:10:01:26 -0700] "GET /wp-admin/admin-ajax.php?action=updraft_ajax&subaction=activejobs_list&nonce=33dd573458&downloaders= HTTP/2.0" 200 34 "https://www.pioneercabinetry.net/wp-admin/options-general.php?page=updraftplus" "Mozilla/5.0 (Macintosh; Intel Mac OS X 10.15; rv:150.0) Gecko/20100101 Firefox/150.0" 1059 **1/1059917**
107.194.32.55 - - [20/May/2026:10:01:32 -0700] "GET /wp-admin/admin-ajax.php?action=updraft_ajax&subaction=activejobs_list&nonce=33dd573458&downloaders= HTTP/2.0" 200 34 "https://www.pioneercabinetry.net/wp-admin/options-general.php?page=updraftplus" "Mozilla/5.0 (Macintosh; Intel Mac OS X 10.15; rv:150.0) Gecko/20100101 Firefox/150.0" 1099 **1/1099655**
107.194.32.55 - - [20/May/2026:10:01:38 -0700] "GET /wp-admin/admin-ajax.php?action=updraft_ajax&subaction=activejobs_list&nonce=33dd573458&downloaders= HTTP/2.0" 200 34 "https://www.pioneercabinetry.net/wp-admin/options-general.php?page=updraftplus" "Mozilla/5.0 (Macintosh; Intel Mac OS X 10.15; rv:150.0) Gecko/20100101 Firefox/150.0" 1079 **1/1079015**
107.194.32.55 - - [20/May/2026:10:01:45 -0700] "GET /wp-admin/admin-ajax.php?action=updraft_ajax&subaction=activejobs_list&nonce=33dd573458&downloaders= HTTP/2.0" 200 34 "https://www.pioneercabinetry.net/wp-admin/options-general.php?page=updraftplus" "Mozilla/5.0 (Macintosh; Intel Mac OS X 10.15; rv:150.0) Gecko/20100101 Firefox/150.0" 1680 **1/1680277**
103.131.71.26 - - [20/May/2026:10:01:48 -0700] "GET /wp-content/uploads/2024/03/PC_031824_RCWO_MOCHA_Web.jpg HTTP/1.1" 304 - "-" "Mozilla/5.0 (compatible; coccocbot-image/1.0; +http://help.coccoc.com/searchengine)" 10 **0/10006**
107.194.32.55 - - [20/May/2026:10:01:51 -0700] "GET /wp-admin/admin-ajax.php?action=updraft_ajax&subaction=activejobs_list&nonce=33dd573458&downloaders= HTTP/2.0" 200 34 "https://www.pioneercabinetry.net/wp-admin/options-general.php?page=updraftplus" "Mozilla/5.0 (Macintosh; Intel Mac OS X 10.15; rv:150.0) Gecko/20100101 Firefox/150.0" 1009 **1/1009217**
107.194.32.55 - - [20/May/2026:10:01:58 -0700] "GET /wp-admin/admin-ajax.php?action=updraft_ajax&subaction=activejobs_list&nonce=33dd573458&downloaders= HTTP/2.0" 200 34 "https://www.pioneercabinetry.net/wp-admin/options-general.php?page=updraftplus" "Mozilla/5.0 (Macintosh; Intel Mac OS X 10.15; rv:150.0) Gecko/20100101 Firefox/150.0" 1112 **1/1112929**
107.194.32.55 - - [20/May/2026:10:02:04 -0700] "GET /wp-admin/admin-ajax.php?action=updraft_ajax&subaction=activejobs_list&nonce=33dd573458&downloaders= HTTP/2.0" 200 34 "https://www.pioneercabinetry.net/wp-admin/options-general.php?page=updraftplus" "Mozilla/5.0 (Macintosh; Intel Mac OS X 10.15; rv:150.0) Gecko/20100101 Firefox/150.0" 1101 **1/1101385**
107.194.32.55 - - [20/May/2026:10:02:10 -0700] "GET /wp-admin/admin-ajax.php?action=updraft_ajax&subaction=activejobs_list&nonce=33dd573458&downloaders= HTTP/2.0" 200 34 "https://www.pioneercabinetry.net/wp-admin/options-general.php?page=updraftplus" "Mozilla/5.0 (Macintosh; Intel Mac OS X 10.15; rv:150.0) Gecko/20100101 Firefox/150.0" 1068 **1/1068912**
107.194.32.55 - - [20/May/2026:10:02:16 -0700] "GET /wp-admin/admin-ajax.php?action=updraft_ajax&subaction=activejobs_list&nonce=33dd573458&downloaders= HTTP/2.0" 200 34 "https://www.pioneercabinetry.net/wp-admin/options-general.php?page=updraftplus" "Mozilla/5.0 (Macintosh; Intel Mac OS X 10.15; rv:150.0) Gecko/20100101 Firefox/150.0" 1105 **1/1105223**
107.194.32.55 - - [20/May/2026:10:02:23 -0700] "GET /wp-admin/admin-ajax.php?action=updraft_ajax&subaction=activejobs_list&nonce=33dd573458&downloaders= HTTP/2.0" 200 34 "https://www.pioneercabinetry.net/wp-admin/options-general.php?page=updraftplus" "Mozilla/5.0 (Macintosh; Intel Mac OS X 10.15; rv:150.0) Gecko/20100101 Firefox/150.0" 1065 **1/1065483**
107.194.32.55 - - [20/May/2026:10:02:29 -0700] "GET /wp-admin/admin-ajax.php?action=updraft_ajax&subaction=activejobs_list&nonce=33dd573458&downloaders= HTTP/2.0" 200 34 "https://www.pioneercabinetry.net/wp-admin/options-general.php?page=updraftplus" "Mozilla/5.0 (Macintosh; Intel Mac OS X 10.15; rv:150.0) Gecko/20100101 Firefox/150.0" 1182 **1/1182026**
107.194.32.55 - - [20/May/2026:10:02:36 -0700] "GET /wp-admin/admin-ajax.php?action=updraft_ajax&subaction=activejobs_list&nonce=33dd573458&downloaders= HTTP/2.0" 200 34 "https://www.pioneercabinetry.net/wp-admin/options-general.php?page=updraftplus" "Mozilla/5.0 (Macintosh; Intel Mac OS X 10.15; rv:150.0) Gecko/20100101 Firefox/150.0" 1145 **1/1145399**
107.194.32.55 - - [20/May/2026:10:02:42 -0700] "GET /wp-admin/admin-ajax.php?action=updraft_ajax&subaction=activejobs_list&nonce=33dd573458&downloaders= HTTP/2.0" 200 34 "https://www.pioneercabinetry.net/wp-admin/options-general.php?page=updraftplus" "Mozilla/5.0 (Macintosh; Intel Mac OS X 10.15; rv:150.0) Gecko/20100101 Firefox/150.0" 1112 **1/1112590**
107.194.32.55 - - [20/May/2026:10:02:48 -0700] "GET /wp-admin/admin-ajax.php?action=updraft_ajax&subaction=activejobs_list&nonce=33dd573458&downloaders= HTTP/2.0" 200 34 "https://www.pioneercabinetry.net/wp-admin/options-general.php?page=updraftplus" "Mozilla/5.0 (Macintosh; Intel Mac OS X 10.15; rv:150.0) Gecko/20100101 Firefox/150.0" 944 **0/944538**
107.194.32.55 - - [20/May/2026:10:02:55 -0700] "GET /wp-admin/admin-ajax.php?action=updraft_ajax&subaction=activejobs_list&nonce=33dd573458&downloaders= HTTP/2.0" 200 34 "https://www.pioneercabinetry.net/wp-admin/options-general.php?page=updraftplus" "Mozilla/5.0 (Macintosh; Intel Mac OS X 10.15; rv:150.0) Gecko/20100101 Firefox/150.0" 1029 **1/1029239**
107.194.32.55 - - [20/May/2026:10:03:01 -0700] "GET /wp-admin/admin-ajax.php?action=updraft_ajax&subaction=activejobs_list&nonce=33dd573458&downloaders= HTTP/2.0" 200 34 "https://www.pioneercabinetry.net/wp-admin/options-general.php?page=updraftplus" "Mozilla/5.0 (Macintosh; Intel Mac OS X 10.15; rv:150.0) Gecko/20100101 Firefox/150.0" 1247 **1/1247213**
162.235.73.178 - - [20/May/2026:10:03:02 -0700] "GET / HTTP/2.0" 200 - "-" "Mozilla/5.0 (Macintosh; Intel Mac OS X 10_15_7) AppleWebKit/605.1.15 (KHTML, like Gecko) Version/26.4 Safari/605.1.15" 1722 **1/1722470**
44.234.253.139 - - [20/May/2026:10:03:05 -0700] "GET /?rnd=1779296585789 HTTP/2.0" 301 - "-" "GoDaddy-UptimeMonitoring" 1269 **1/1269855**
107.194.32.55 - - [20/May/2026:10:03:07 -0700] "GET /wp-admin/admin-ajax.php?action=updraft_ajax&subaction=activejobs_list&nonce=33dd573458&downloaders= HTTP/2.0" 200 34 "https://www.pioneercabinetry.net/wp-admin/options-general.php?page=updraftplus" "Mozilla/5.0 (Macintosh; Intel Mac OS X 10.15; rv:150.0) Gecko/20100101 Firefox/150.0" 2242 **2/2242004**
44.234.253.139 - - [20/May/2026:10:03:07 -0700] "GET /?rnd=1779296585789 HTTP/2.0" 200 29086 "https://pioneercabinetry.net/?rnd=1779296585789" "GoDaddy-UptimeMonitoring" 2904 **2/2904893**
107.194.32.55 - - [20/May/2026:10:03:13 -0700] "GET /wp-admin/admin-ajax.php?action=updraft_ajax&subaction=activejobs_list&nonce=33dd573458&downloaders= HTTP/2.0" 200 34 "https://www.pioneercabinetry.net/wp-admin/options-general.php?page=updraftplus" "Mozilla/5.0 (Macintosh; Intel Mac OS X 10.15; rv:150.0) Gecko/20100101 Firefox/150.0" 1197 **1/1197902**
107.194.32.55 - - [20/May/2026:10:03:20 -0700] "GET /wp-admin/admin-ajax.php?action=updraft_ajax&subaction=activejobs_list&nonce=33dd573458&downloaders= HTTP/2.0" 200 34 "https://www.pioneercabinetry.net/wp-admin/options-general.php?page=updraftplus" "Mozilla/5.0 (Macintosh; Intel Mac OS X 10.15; rv:150.0) Gecko/20100101 Firefox/150.0" 1262 **1/1262335**
107.194.32.55 - - [20/May/2026:10:03:26 -0700] "GET /wp-admin/admin-ajax.php?action=updraft_ajax&subaction=activejobs_list&nonce=33dd573458&downloaders= HTTP/2.0" 200 34 "https://www.pioneercabinetry.net/wp-admin/options-general.php?page=updraftplus" "Mozilla/5.0 (Macintosh; Intel Mac OS X 10.15; rv:150.0) Gecko/20100101 Firefox/150.0" 1177 **1/1177452**
107.194.32.55 - - [20/May/2026:10:03:33 -0700] "GET /wp-admin/admin-ajax.php?action=updraft_ajax&subaction=activejobs_list&nonce=33dd573458&downloaders= HTTP/2.0" 200 34 "https://www.pioneercabinetry.net/wp-admin/options-general.php?page=updraftplus" "Mozilla/5.0 (Macintosh; Intel Mac OS X 10.15; rv:150.0) Gecko/20100101 Firefox/150.0" 1028 **1/1028602**
107.194.32.55 - - [20/May/2026:10:03:39 -0700] "GET /wp-admin/admin-ajax.php?action=updraft_ajax&subaction=activejobs_list&nonce=33dd573458&downloaders= HTTP/2.0" 200 34 "https://www.pioneercabinetry.net/wp-admin/options-general.php?page=updraftplus" "Mozilla/5.0 (Macintosh; Intel Mac OS X 10.15; rv:150.0) Gecko/20100101 Firefox/150.0" 1179 **1/1179665**
107.194.32.55 - - [20/May/2026:10:03:45 -0700] "GET /wp-admin/admin-ajax.php?action=updraft_ajax&subaction=activejobs_list&nonce=33dd573458&downloaders= HTTP/2.0" 200 34 "https://www.pioneercabinetry.net/wp-admin/options-general.php?page=updraftplus" "Mozilla/5.0 (Macintosh; Intel Mac OS X 10.15; rv:150.0) Gecko/20100101 Firefox/150.0" 1123 **1/1123613**
107.194.32.55 - - [20/May/2026:10:03:52 -0700] "GET /wp-admin/admin-ajax.php?action=updraft_ajax&subaction=activejobs_list&nonce=33dd573458&downloaders= HTTP/2.0" 200 34 "https://www.pioneercabinetry.net/wp-admin/options-general.php?page=updraftplus" "Mozilla/5.0 (Macintosh; Intel Mac OS X 10.15; rv:150.0) Gecko/20100101 Firefox/150.0" 1117 **1/1117351**
107.194.32.55 - - [20/May/2026:10:03:58 -0700] "GET /wp-admin/admin-ajax.php?action=updraft_ajax&subaction=activejobs_list&nonce=33dd573458&downloaders= HTTP/2.0" 200 34 "https://www.pioneercabinetry.net/wp-admin/options-general.php?page=updraftplus" "Mozilla/5.0 (Macintosh; Intel Mac OS X 10.15; rv:150.0) Gecko/20100101 Firefox/150.0" 1087 **1/1087308**
107.194.32.55 - - [20/May/2026:10:04:04 -0700] "GET /wp-admin/admin-ajax.php?action=updraft_ajax&subaction=activejobs_list&nonce=33dd573458&downloaders= HTTP/2.0" 200 34 "https://www.pioneercabinetry.net/wp-admin/options-general.php?page=updraftplus" "Mozilla/5.0 (Macintosh; Intel Mac OS X 10.15; rv:150.0) Gecko/20100101 Firefox/150.0" 1098 **1/1098052**
107.194.32.55 - - [20/May/2026:10:04:10 -0700] "GET /wp-admin/admin-ajax.php?action=updraft_ajax&subaction=activejobs_list&nonce=33dd573458&downloaders= HTTP/2.0" 200 34 "https://www.pioneercabinetry.net/wp-admin/options-general.php?page=updraftplus" "Mozilla/5.0 (Macintosh; Intel Mac OS X 10.15; rv:150.0) Gecko/20100101 Firefox/150.0" 1084 **1/1084805**
107.194.32.55 - - [20/May/2026:10:04:17 -0700] "GET /wp-admin/admin-ajax.php?action=updraft_ajax&subaction=activejobs_list&nonce=33dd573458&downloaders= HTTP/2.0" 200 34 "https://www.pioneercabinetry.net/wp-admin/options-general.php?page=updraftplus" "Mozilla/5.0 (Macintosh; Intel Mac OS X 10.15; rv:150.0) Gecko/20100101 Firefox/150.0" 1022 **1/1022866**
107.194.32.55 - - [20/May/2026:10:04:23 -0700] "GET /wp-admin/admin-ajax.php?action=updraft_ajax&subaction=activejobs_list&nonce=33dd573458&downloaders= HTTP/2.0" 200 34 "https://www.pioneercabinetry.net/wp-admin/options-general.php?page=updraftplus" "Mozilla/5.0 (Macintosh; Intel Mac OS X 10.15; rv:150.0) Gecko/20100101 Firefox/150.0" 1140 **1/1140056**
107.194.32.55 - - [20/May/2026:10:04:29 -0700] "GET /wp-admin/admin-ajax.php?action=updraft_ajax&subaction=activejobs_list&nonce=33dd573458&downloaders= HTTP/2.0" 200 34 "https://www.pioneercabinetry.net/wp-admin/options-general.php?page=updraftplus" "Mozilla/5.0 (Macintosh; Intel Mac OS X 10.15; rv:150.0) Gecko/20100101 Firefox/150.0" 1231 **1/1231642**
107.194.32.55 - - [20/May/2026:10:04:36 -0700] "GET /wp-admin/admin-ajax.php?action=updraft_ajax&subaction=activejobs_list&nonce=33dd573458&downloaders= HTTP/2.0" 200 34 "https://www.pioneercabinetry.net/wp-admin/options-general.php?page=updraftplus" "Mozilla/5.0 (Macintosh; Intel Mac OS X 10.15; rv:150.0) Gecko/20100101 Firefox/150.0" 1112 **1/1112431**
107.194.32.55 - - [20/May/2026:10:04:42 -0700] "GET /wp-admin/admin-ajax.php?action=updraft_ajax&subaction=activejobs_list&nonce=33dd573458&downloaders= HTTP/2.0" 200 34 "https://www.pioneercabinetry.net/wp-admin/options-general.php?page=updraftplus" "Mozilla/5.0 (Macintosh; Intel Mac OS X 10.15; rv:150.0) Gecko/20100101 Firefox/150.0" 1118 **1/1118477**
107.194.32.55 - - [20/May/2026:10:04:48 -0700] "GET /wp-admin/admin-ajax.php?action=updraft_ajax&subaction=activejobs_list&nonce=33dd573458&downloaders= HTTP/2.0" 200 34 "https://www.pioneercabinetry.net/wp-admin/options-general.php?page=updraftplus" "Mozilla/5.0 (Macintosh; Intel Mac OS X 10.15; rv:150.0) Gecko/20100101 Firefox/150.0" 1098 **1/1098831**
107.194.32.55 - - [20/May/2026:10:04:55 -0700] "GET /wp-admin/admin-ajax.php?action=updraft_ajax&subaction=activejobs_list&nonce=33dd573458&downloaders= HTTP/2.0" 200 34 "https://www.pioneercabinetry.net/wp-admin/options-general.php?page=updraftplus" "Mozilla/5.0 (Macintosh; Intel Mac OS X 10.15; rv:150.0) Gecko/20100101 Firefox/150.0" 1021 **1/1021295**
107.194.32.55 - - [20/May/2026:10:05:01 -0700] "GET /wp-admin/admin-ajax.php?action=updraft_ajax&subaction=activejobs_list&nonce=33dd573458&downloaders= HTTP/2.0" 200 34 "https://www.pioneercabinetry.net/wp-admin/options-general.php?page=updraftplus" "Mozilla/5.0 (Macintosh; Intel Mac OS X 10.15; rv:150.0) Gecko/20100101 Firefox/150.0" 1779 **1/1779884**
107.194.32.55 - - [20/May/2026:10:05:07 -0700] "GET /wp-admin/admin-ajax.php?action=updraft_ajax&subaction=activejobs_list&nonce=33dd573458&downloaders= HTTP/2.0" 200 34 "https://www.pioneercabinetry.net/wp-admin/options-general.php?page=updraftplus" "Mozilla/5.0 (Macintosh; Intel Mac OS X 10.15; rv:150.0) Gecko/20100101 Firefox/150.0" 1165 **1/1165604**
107.194.32.55 - - [20/May/2026:10:05:14 -0700] "GET /wp-admin/admin-ajax.php?action=updraft_ajax&subaction=activejobs_list&nonce=33dd573458&downloaders= HTTP/2.0" 200 34 "https://www.pioneercabinetry.net/wp-admin/options-general.php?page=updraftplus" "Mozilla/5.0 (Macintosh; Intel Mac OS X 10.15; rv:150.0) Gecko/20100101 Firefox/150.0" 1124 **1/1124160**
107.194.32.55 - - [20/May/2026:10:05:20 -0700] "GET /wp-admin/admin-ajax.php?action=updraft_ajax&subaction=activejobs_list&nonce=33dd573458&downloaders= HTTP/2.0" 200 34 "https://www.pioneercabinetry.net/wp-admin/options-general.php?page=updraftplus" "Mozilla/5.0 (Macintosh; Intel Mac OS X 10.15; rv:150.0) Gecko/20100101 Firefox/150.0" 1081 **1/1081874**
107.194.32.55 - - [20/May/2026:10:05:26 -0700] "GET /wp-admin/admin-ajax.php?action=updraft_ajax&subaction=activejobs_list&nonce=33dd573458&downloaders= HTTP/2.0" 200 34 "https://www.pioneercabinetry.net/wp-admin/options-general.php?page=updraftplus" "Mozilla/5.0 (Macintosh; Intel Mac OS X 10.15; rv:150.0) Gecko/20100101 Firefox/150.0" 1032 **1/1032181**
107.194.32.55 - - [20/May/2026:10:05:32 -0700] "GET /wp-admin/admin-ajax.php?action=updraft_ajax&subaction=activejobs_list&nonce=33dd573458&downloaders= HTTP/2.0" 200 34 "https://www.pioneercabinetry.net/wp-admin/options-general.php?page=updraftplus" "Mozilla/5.0 (Macintosh; Intel Mac OS X 10.15; rv:150.0) Gecko/20100101 Firefox/150.0" 1193 **1/1193822**
