174.239.152.123 - - [20/May/2026:11:18:41 -0700] "GET /wp-content/themes/Divi/js/smoothscroll.js?ver=4.27.6 HTTP/2.0" 200 2557 "https://www.pioneercabinetry.net/artisan-door-styles/" "Mozilla/5.0 (iPhone; CPU iPhone OS 26_4_2 like Mac OS X) AppleWebKit/605.1.15 (KHTML, like Gecko) CriOS/148.0.7778.166 Mobile/15E148 Safari/604.1" 19 **0/19287**
174.239.152.123 - - [20/May/2026:11:18:41 -0700] "GET /wp-content/themes/Divi/core/admin/js/common.js?ver=4.27.6 HTTP/2.0" 200 566 "https://www.pioneercabinetry.net/artisan-door-styles/" "Mozilla/5.0 (iPhone; CPU iPhone OS 26_4_2 like Mac OS X) AppleWebKit/605.1.15 (KHTML, like Gecko) CriOS/148.0.7778.166 Mobile/15E148 Safari/604.1" 23 **0/23608**
174.239.152.123 - - [20/May/2026:11:18:41 -0700] "GET /wp-content/et-cache/6288/et-core-unified-tb-6252-tb-5898-deferred-6288.min.css?ver=1779289267 HTTP/2.0" 200 228 "https://www.pioneercabinetry.net/artisan-door-styles/" "Mozilla/5.0 (iPhone; CPU iPhone OS 26_4_2 like Mac OS X) AppleWebKit/605.1.15 (KHTML, like Gecko) CriOS/148.0.7778.166 Mobile/15E148 Safari/604.1" 29 **0/29563**
174.239.152.123 - - [20/May/2026:11:18:41 -0700] "GET /wp-content/uploads/2024/09/9-Artisan.jpg HTTP/2.0" 200 169724 "https://www.pioneercabinetry.net/artisan-door-styles/" "Mozilla/5.0 (iPhone; CPU iPhone OS 26_4_2 like Mac OS X) AppleWebKit/605.1.15 (KHTML, like Gecko) CriOS/148.0.7778.166 Mobile/15E148 Safari/604.1" 117 **0/117085**
107.194.32.55 - - [20/May/2026:11:18:38 -0700] "GET /wp-admin/admin-ajax.php?action=updraft_ajax&subaction=activejobs_list&nonce=33dd573458&downloaders= HTTP/2.0" 400 1 "https://www.pioneercabinetry.net/wp-admin/options-general.php?page=updraftplus" "Mozilla/5.0 (Macintosh; Intel Mac OS X 10.15; rv:150.0) Gecko/20100101 Firefox/150.0" 2454 **2/2454510**
174.239.152.123 - - [20/May/2026:11:18:41 -0700] "GET /wp-content/et-cache/6288/et-divi-dynamic-tb-6252-tb-5898-6288-late.css?ver=1779289267 HTTP/2.0" 200 3400 "https://www.pioneercabinetry.net/artisan-door-styles/" "Mozilla/5.0 (iPhone; CPU iPhone OS 26_4_2 like Mac OS X) AppleWebKit/605.1.15 (KHTML, like Gecko) CriOS/148.0.7778.166 Mobile/15E148 Safari/604.1" 196 **0/196966**
174.239.152.123 - - [20/May/2026:11:18:41 -0700] "GET /wp-includes/js/jquery/jquery-migrate.min.js?ver=3.4.1 HTTP/2.0" 200 4872 "https://www.pioneercabinetry.net/artisan-door-styles/" "Mozilla/5.0 (iPhone; CPU iPhone OS 26_4_2 like Mac OS X) AppleWebKit/605.1.15 (KHTML, like Gecko) CriOS/148.0.7778.166 Mobile/15E148 Safari/604.1" 197 **0/197498**
174.239.152.123 - - [20/May/2026:11:18:41 -0700] "GET /wp-content/themes/Divi/includes/builder/feature/dynamic-assets/assets/js/jquery.fitvids.js?ver=4.27.6 HTTP/2.0" 200 1341 "https://www.pioneercabinetry.net/artisan-door-styles/" "Mozilla/5.0 (iPhone; CPU iPhone OS 26_4_2 like Mac OS X) AppleWebKit/605.1.15 (KHTML, like Gecko) CriOS/148.0.7778.166 Mobile/15E148 Safari/604.1" 197 **0/197748**
174.239.152.123 - - [20/May/2026:11:18:41 -0700] "GET /wp-content/themes/Divi/includes/builder/feature/dynamic-assets/assets/js/magnific-popup.js?ver=4.27.6 HTTP/2.0" 200 8337 "https://www.pioneercabinetry.net/artisan-door-styles/" "Mozilla/5.0 (iPhone; CPU iPhone OS 26_4_2 like Mac OS X) AppleWebKit/605.1.15 (KHTML, like Gecko) CriOS/148.0.7778.166 Mobile/15E148 Safari/604.1" 198 **0/198169**
174.239.152.123 - - [20/May/2026:11:18:41 -0700] "GET /wp-includes/js/jquery/jquery.min.js?ver=3.7.1 HTTP/2.0" 200 30368 "https://www.pioneercabinetry.net/artisan-door-styles/" "Mozilla/5.0 (iPhone; CPU iPhone OS 26_4_2 like Mac OS X) AppleWebKit/605.1.15 (KHTML, like Gecko) CriOS/148.0.7778.166 Mobile/15E148 Safari/604.1" 198 **0/198588**
174.239.152.123 - - [20/May/2026:11:18:41 -0700] "GET /wp-content/themes/Divi/includes/builder/feature/dynamic-assets/assets/js/sticky-elements.js?ver=4.27.6 HTTP/2.0" 200 57813 "https://www.pioneercabinetry.net/artisan-door-styles/" "Mozilla/5.0 (iPhone; CPU iPhone OS 26_4_2 like Mac OS X) AppleWebKit/605.1.15 (KHTML, like Gecko) CriOS/148.0.7778.166 Mobile/15E148 Safari/604.1" 199 **0/199008**
174.239.152.123 - - [20/May/2026:11:18:41 -0700] "GET /wp-content/themes/Divi/js/scripts.min.js?ver=4.27.6 HTTP/2.0" 200 70576 "https://www.pioneercabinetry.net/artisan-door-styles/" "Mozilla/5.0 (iPhone; CPU iPhone OS 26_4_2 like Mac OS X) AppleWebKit/605.1.15 (KHTML, like Gecko) CriOS/148.0.7778.166 Mobile/15E148 Safari/604.1" 199 **0/199361**
174.239.152.123 - - [20/May/2026:11:18:41 -0700] "GET /wp-content/et-cache/6288/et-divi-dynamic-tb-6252-tb-5898-6288-late.css HTTP/2.0" 200 3400 "https://www.pioneercabinetry.net/artisan-door-styles/" "Mozilla/5.0 (iPhone; CPU iPhone OS 26_4_2 like Mac OS X) AppleWebKit/605.1.15 (KHTML, like Gecko) CriOS/148.0.7778.166 Mobile/15E148 Safari/604.1" 14 **0/14456**
174.239.152.123 - - [20/May/2026:11:18:41 -0700] "GET /wp-content/uploads/2017/09/Pioneer-LrgLogo-dark.png HTTP/2.0" 200 54528 "https://www.pioneercabinetry.net/artisan-door-styles/" "Mozilla/5.0 (iPhone; CPU iPhone OS 26_4_2 like Mac OS X) AppleWebKit/605.1.15 (KHTML, like Gecko) CriOS/148.0.7778.166 Mobile/15E148 Safari/604.1" 9 **0/9609**
174.239.152.123 - - [20/May/2026:11:18:41 -0700] "GET /wp-content/uploads/2024/09/10-Artisan.jpg HTTP/2.0" 200 172541 "https://www.pioneercabinetry.net/artisan-door-styles/" "Mozilla/5.0 (iPhone; CPU iPhone OS 26_4_2 like Mac OS X) AppleWebKit/605.1.15 (KHTML, like Gecko) CriOS/148.0.7778.166 Mobile/15E148 Safari/604.1" 10 **0/10765**
174.239.152.123 - - [20/May/2026:11:18:41 -0700] "GET /wp-content/themes/Divi/core/admin/fonts/modules/all/modules.woff HTTP/2.0" 200 92084 "https://www.pioneercabinetry.net/artisan-door-styles/" "Mozilla/5.0 (iPhone; CPU iPhone OS 26_4_2 like Mac OS X) AppleWebKit/605.1.15 (KHTML, like Gecko) CriOS/148.0.7778.166 Mobile/15E148 Safari/604.1" 11 **0/11497**
174.239.152.123 - - [20/May/2026:11:18:41 -0700] "GET /wp-content/uploads/2024/09/12-Artisan.jpg HTTP/2.0" 200 222499 "https://www.pioneercabinetry.net/artisan-door-styles/" "Mozilla/5.0 (iPhone; CPU iPhone OS 26_4_2 like Mac OS X) AppleWebKit/605.1.15 (KHTML, like Gecko) CriOS/148.0.7778.166 Mobile/15E148 Safari/604.1" 9 **0/9812**
174.239.152.123 - - [20/May/2026:11:18:41 -0700] "GET /wp-content/uploads/2024/09/Artisan-Profile.jpg HTTP/2.0" 200 24586 "https://www.pioneercabinetry.net/artisan-door-styles/" "Mozilla/5.0 (iPhone; CPU iPhone OS 26_4_2 like Mac OS X) AppleWebKit/605.1.15 (KHTML, like Gecko) CriOS/148.0.7778.166 Mobile/15E148 Safari/604.1" 10 **0/10400**
174.239.152.123 - - [20/May/2026:11:18:41 -0700] "GET /wp-content/uploads/2024/09/11-Artisan.jpg HTTP/2.0" 200 219068 "https://www.pioneercabinetry.net/artisan-door-styles/" "Mozilla/5.0 (iPhone; CPU iPhone OS 26_4_2 like Mac OS X) AppleWebKit/605.1.15 (KHTML, like Gecko) CriOS/148.0.7778.166 Mobile/15E148 Safari/604.1" 14 **0/14324**
174.239.152.123 - - [20/May/2026:11:18:41 -0700] "GET /favicon.ico HTTP/2.0" 302 - "-" "Mozilla/5.0 (iPhone; CPU iPhone OS 26_4_2 like Mac OS X) AppleWebKit/605.1.15 (KHTML, like Gecko) CriOS/148.0.7778.166 Mobile/15E148 Safari/604.1" 1197 **1/1197697**
107.194.32.55 - - [20/May/2026:11:18:44 -0700] "GET /wp-admin/admin-ajax.php?action=updraft_ajax&subaction=activejobs_list&nonce=33dd573458&downloaders= HTTP/2.0" 400 1 "https://www.pioneercabinetry.net/wp-admin/options-general.php?page=updraftplus" "Mozilla/5.0 (Macintosh; Intel Mac OS X 10.15; rv:150.0) Gecko/20100101 Firefox/150.0" 1080 **1/1080540**
107.194.32.55 - - [20/May/2026:11:18:50 -0700] "GET /wp-admin/admin-ajax.php?action=updraft_ajax&subaction=activejobs_list&nonce=33dd573458&downloaders= HTTP/2.0" 400 1 "https://www.pioneercabinetry.net/wp-admin/options-general.php?page=updraftplus" "Mozilla/5.0 (Macintosh; Intel Mac OS X 10.15; rv:150.0) Gecko/20100101 Firefox/150.0" 1129 **1/1129237**
107.194.32.55 - - [20/May/2026:11:18:56 -0700] "GET /wp-admin/admin-ajax.php?action=updraft_ajax&subaction=activejobs_list&nonce=33dd573458&downloaders= HTTP/2.0" 400 1 "https://www.pioneercabinetry.net/wp-admin/options-general.php?page=updraftplus" "Mozilla/5.0 (Macintosh; Intel Mac OS X 10.15; rv:150.0) Gecko/20100101 Firefox/150.0" 1039 **1/1039678**
107.194.32.55 - - [20/May/2026:11:19:03 -0700] "GET /wp-admin/admin-ajax.php?action=updraft_ajax&subaction=activejobs_list&nonce=33dd573458&downloaders= HTTP/2.0" 400 1 "https://www.pioneercabinetry.net/wp-admin/options-general.php?page=updraftplus" "Mozilla/5.0 (Macintosh; Intel Mac OS X 10.15; rv:150.0) Gecko/20100101 Firefox/150.0" 1315 **1/1315949**
107.194.32.55 - - [20/May/2026:11:19:08 -0700] "GET /wp-admin/admin-ajax.php?action=updraft_ajax&subaction=activejobs_list&nonce=33dd573458&downloaders= HTTP/2.0" 400 1 "https://www.pioneercabinetry.net/wp-admin/options-general.php?page=updraftplus" "Mozilla/5.0 (Macintosh; Intel Mac OS X 10.15; rv:150.0) Gecko/20100101 Firefox/150.0" 1092 **1/1092172**
68.36.78.73 - - [20/May/2026:11:19:12 -0700] "GET /refined-door-styles/ HTTP/2.0" 200 25584 "https://www.pioneercabinetry.net/transitional-door-styles/" "Mozilla/5.0 (Macintosh; Intel Mac OS X 10_15_7) AppleWebKit/605.1.15 (KHTML, like Gecko) Version/26.4 Safari/605.1.15" 2134 **2/2134519**
107.194.32.55 - - [20/May/2026:11:19:14 -0700] "GET /wp-admin/admin-ajax.php?action=updraft_ajax&subaction=activejobs_list&nonce=33dd573458&downloaders= HTTP/2.0" 400 1 "https://www.pioneercabinetry.net/wp-admin/options-general.php?page=updraftplus" "Mozilla/5.0 (Macintosh; Intel Mac OS X 10.15; rv:150.0) Gecko/20100101 Firefox/150.0" 1151 **1/1151136**
107.194.32.55 - - [20/May/2026:11:19:21 -0700] "GET /wp-admin/admin-ajax.php?action=updraft_ajax&subaction=activejobs_list&nonce=33dd573458&downloaders= HTTP/2.0" 400 1 "https://www.pioneercabinetry.net/wp-admin/options-general.php?page=updraftplus" "Mozilla/5.0 (Macintosh; Intel Mac OS X 10.15; rv:150.0) Gecko/20100101 Firefox/150.0" 1103 **1/1103115**
107.194.32.55 - - [20/May/2026:11:19:27 -0700] "GET /wp-admin/admin-ajax.php?action=updraft_ajax&subaction=activejobs_list&nonce=33dd573458&downloaders= HTTP/2.0" 400 1 "https://www.pioneercabinetry.net/wp-admin/options-general.php?page=updraftplus" "Mozilla/5.0 (Macintosh; Intel Mac OS X 10.15; rv:150.0) Gecko/20100101 Firefox/150.0" 1198 **1/1198875**
107.194.32.55 - - [20/May/2026:11:19:33 -0700] "GET /wp-admin/admin-ajax.php?action=updraft_ajax&subaction=activejobs_list&nonce=33dd573458&downloaders= HTTP/2.0" 400 1 "https://www.pioneercabinetry.net/wp-admin/options-general.php?page=updraftplus" "Mozilla/5.0 (Macintosh; Intel Mac OS X 10.15; rv:150.0) Gecko/20100101 Firefox/150.0" 1196 **1/1196593**
107.180.114.193 - - [20/May/2026:11:19:40 -0700] "POST /wp-cron.php?doing_wp_cron=1779301180.3478069305419921875000 HTTP/1.1" 200 - "-" "WordPress/6.9.4; https://www.pioneercabinetry.net" 25 **0/25984**
107.194.32.55 - - [20/May/2026:11:19:39 -0700] "GET /wp-admin/admin-ajax.php?action=updraft_ajax&subaction=activejobs_list&nonce=33dd573458&downloaders= HTTP/2.0" 400 1 "https://www.pioneercabinetry.net/wp-admin/options-general.php?page=updraftplus" "Mozilla/5.0 (Macintosh; Intel Mac OS X 10.15; rv:150.0) Gecko/20100101 Firefox/150.0" 1174 **1/1174454**
107.194.32.55 - - [20/May/2026:11:19:45 -0700] "GET /wp-admin/admin-ajax.php?action=updraft_ajax&subaction=activejobs_list&nonce=33dd573458&downloaders= HTTP/2.0" 400 1 "https://www.pioneercabinetry.net/wp-admin/options-general.php?page=updraftplus" "Mozilla/5.0 (Macintosh; Intel Mac OS X 10.15; rv:150.0) Gecko/20100101 Firefox/150.0" 1145 **1/1145313**
107.194.32.55 - - [20/May/2026:11:19:51 -0700] "GET /wp-admin/admin-ajax.php?action=updraft_ajax&subaction=activejobs_list&nonce=33dd573458&downloaders= HTTP/2.0" 400 1 "https://www.pioneercabinetry.net/wp-admin/options-general.php?page=updraftplus" "Mozilla/5.0 (Macintosh; Intel Mac OS X 10.15; rv:150.0) Gecko/20100101 Firefox/150.0" 1073 **1/1073383**
68.36.78.73 - - [20/May/2026:11:19:53 -0700] "GET /artisan-door-styles/ HTTP/2.0" 200 25082 "https://www.pioneercabinetry.net/refined-door-styles/" "Mozilla/5.0 (Macintosh; Intel Mac OS X 10_15_7) AppleWebKit/605.1.15 (KHTML, like Gecko) Version/26.4 Safari/605.1.15" 1747 **1/1747928**
107.194.32.55 - - [20/May/2026:11:19:57 -0700] "GET /wp-admin/admin-ajax.php?action=updraft_ajax&subaction=activejobs_list&nonce=33dd573458&downloaders= HTTP/2.0" 400 1 "https://www.pioneercabinetry.net/wp-admin/options-general.php?page=updraftplus" "Mozilla/5.0 (Macintosh; Intel Mac OS X 10.15; rv:150.0) Gecko/20100101 Firefox/150.0" 1338 **1/1338074**
107.194.32.55 - - [20/May/2026:11:20:03 -0700] "GET /wp-admin/admin-ajax.php?action=updraft_ajax&subaction=activejobs_list&nonce=33dd573458&downloaders= HTTP/2.0" 400 1 "https://www.pioneercabinetry.net/wp-admin/options-general.php?page=updraftplus" "Mozilla/5.0 (Macintosh; Intel Mac OS X 10.15; rv:150.0) Gecko/20100101 Firefox/150.0" 1545 **1/1545349**
107.194.32.55 - - [20/May/2026:11:20:09 -0700] "GET /wp-admin/admin-ajax.php?action=updraft_ajax&subaction=activejobs_list&nonce=33dd573458&downloaders= HTTP/2.0" 400 1 "https://www.pioneercabinetry.net/wp-admin/options-general.php?page=updraftplus" "Mozilla/5.0 (Macintosh; Intel Mac OS X 10.15; rv:150.0) Gecko/20100101 Firefox/150.0" 1262 **1/1262684**
68.36.78.73 - - [20/May/2026:11:20:12 -0700] "GET /craftsman-door-styles/ HTTP/2.0" 200 25469 "https://www.pioneercabinetry.net/artisan-door-styles/" "Mozilla/5.0 (Macintosh; Intel Mac OS X 10_15_7) AppleWebKit/605.1.15 (KHTML, like Gecko) Version/26.4 Safari/605.1.15" 2016 **2/2016836**
107.194.32.55 - - [20/May/2026:11:20:15 -0700] "GET /wp-admin/admin-ajax.php?action=updraft_ajax&subaction=activejobs_list&nonce=33dd573458&downloaders= HTTP/2.0" 400 1 "https://www.pioneercabinetry.net/wp-admin/options-general.php?page=updraftplus" "Mozilla/5.0 (Macintosh; Intel Mac OS X 10.15; rv:150.0) Gecko/20100101 Firefox/150.0" 1295 **1/1295680**
107.194.32.55 - - [20/May/2026:11:20:21 -0700] "GET /wp-admin/admin-ajax.php?action=updraft_ajax&subaction=activejobs_list&nonce=33dd573458&downloaders= HTTP/2.0" 400 1 "https://www.pioneercabinetry.net/wp-admin/options-general.php?page=updraftplus" "Mozilla/5.0 (Macintosh; Intel Mac OS X 10.15; rv:150.0) Gecko/20100101 Firefox/150.0" 1247 **1/1247675**
68.36.78.73 - - [20/May/2026:11:20:22 -0700] "GET /mission-door-styles/ HTTP/2.0" 200 25588 "https://www.pioneercabinetry.net/craftsman-door-styles/" "Mozilla/5.0 (Macintosh; Intel Mac OS X 10_15_7) AppleWebKit/605.1.15 (KHTML, like Gecko) Version/26.4 Safari/605.1.15" 2073 **2/2073338**
107.194.32.55 - - [20/May/2026:11:20:27 -0700] "GET /wp-admin/admin-ajax.php?action=updraft_ajax&subaction=activejobs_list&nonce=33dd573458&downloaders= HTTP/2.0" 400 1 "https://www.pioneercabinetry.net/wp-admin/options-general.php?page=updraftplus" "Mozilla/5.0 (Macintosh; Intel Mac OS X 10.15; rv:150.0) Gecko/20100101 Firefox/150.0" 1168 **1/1168596**
107.194.32.55 - - [20/May/2026:11:20:34 -0700] "GET /wp-admin/admin-ajax.php?action=updraft_ajax&subaction=activejobs_list&nonce=33dd573458&downloaders= HTTP/2.0" 400 1 "https://www.pioneercabinetry.net/wp-admin/options-general.php?page=updraftplus" "Mozilla/5.0 (Macintosh; Intel Mac OS X 10.15; rv:150.0) Gecko/20100101 Firefox/150.0" 1086 **1/1086632**
54.184.104.65 - - [20/May/2026:11:20:37 -0700] "GET /?rnd=1779301237201 HTTP/2.0" 301 - "-" "GoDaddy-UptimeMonitoring" 1252 **1/1252915**
68.36.78.73 - - [20/May/2026:11:20:39 -0700] "GET /gallery/ HTTP/2.0" 200 34111 "https://www.pioneercabinetry.net/mission-door-styles/" "Mozilla/5.0 (Macintosh; Intel Mac OS X 10_15_7) AppleWebKit/605.1.15 (KHTML, like Gecko) Version/26.4 Safari/605.1.15" 34 **0/34686**
54.184.104.65 - - [20/May/2026:11:20:38 -0700] "GET /?rnd=1779301237201 HTTP/2.0" 200 29082 "https://pioneercabinetry.net/?rnd=1779301237201" "GoDaddy-UptimeMonitoring" 3906 **3/3906749**
68.36.78.73 - - [20/May/2026:11:20:39 -0700] "GET /wp-content/et-cache/264/et-core-unified-264.min.css?ver=1770311551 HTTP/2.0" 404 133657 "https://www.pioneercabinetry.net/gallery/" "Mozilla/5.0 (Macintosh; Intel Mac OS X 10_15_7) AppleWebKit/605.1.15 (KHTML, like Gecko) Version/26.4 Safari/605.1.15" 3921 **3/3921724**
107.194.32.55 - - [20/May/2026:11:20:40 -0700] "GET /wp-admin/admin-ajax.php?action=updraft_ajax&subaction=activejobs_list&nonce=33dd573458&downloaders= HTTP/2.0" 400 1 "https://www.pioneercabinetry.net/wp-admin/options-general.php?page=updraftplus" "Mozilla/5.0 (Macintosh; Intel Mac OS X 10.15; rv:150.0) Gecko/20100101 Firefox/150.0" 3078 **3/3078961**
68.36.78.73 - - [20/May/2026:11:20:43 -0700] "GET /wp-content/et-cache/264/et-divi-dynamic-tb-6029-tb-5898-264-late.css HTTP/2.0" 404 133653 "https://www.pioneercabinetry.net/gallery/" "Mozilla/5.0 (Macintosh; Intel Mac OS X 10_15_7) AppleWebKit/605.1.15 (KHTML, like Gecko) Version/26.4 Safari/605.1.15" 1678 **1/1678995**
107.194.32.55 - - [20/May/2026:11:20:46 -0700] "GET /wp-admin/admin-ajax.php?action=updraft_ajax&subaction=activejobs_list&nonce=33dd573458&downloaders= HTTP/2.0" 400 1 "https://www.pioneercabinetry.net/wp-admin/options-general.php?page=updraftplus" "Mozilla/5.0 (Macintosh; Intel Mac OS X 10.15; rv:150.0) Gecko/20100101 Firefox/150.0" 1282 **1/1282837**
107.194.32.55 - - [20/May/2026:11:20:52 -0700] "GET /wp-admin/admin-ajax.php?action=updraft_ajax&subaction=activejobs_list&nonce=33dd573458&downloaders= HTTP/2.0" 400 1 "https://www.pioneercabinetry.net/wp-admin/options-general.php?page=updraftplus" "Mozilla/5.0 (Macintosh; Intel Mac OS X 10.15; rv:150.0) Gecko/20100101 Firefox/150.0" 1196 **1/1196174**
107.194.32.55 - - [20/May/2026:11:20:58 -0700] "GET /wp-admin/admin-ajax.php?action=updraft_ajax&subaction=activejobs_list&nonce=33dd573458&downloaders= HTTP/2.0" 400 1 "https://www.pioneercabinetry.net/wp-admin/options-general.php?page=updraftplus" "Mozilla/5.0 (Macintosh; Intel Mac OS X 10.15; rv:150.0) Gecko/20100101 Firefox/150.0" 1067 **1/1067211**
107.194.32.55 - - [20/May/2026:11:21:04 -0700] "GET /wp-admin/admin-ajax.php?action=updraft_ajax&subaction=activejobs_list&nonce=33dd573458&downloaders= HTTP/2.0" 400 1 "https://www.pioneercabinetry.net/wp-admin/options-general.php?page=updraftplus" "Mozilla/5.0 (Macintosh; Intel Mac OS X 10.15; rv:150.0) Gecko/20100101 Firefox/150.0" 1190 **1/1190299**
107.194.32.55 - - [20/May/2026:11:21:10 -0700] "GET /wp-admin/admin-ajax.php?action=updraft_ajax&subaction=activejobs_list&nonce=33dd573458&downloaders= HTTP/2.0" 400 1 "https://www.pioneercabinetry.net/wp-admin/options-general.php?page=updraftplus" "Mozilla/5.0 (Macintosh; Intel Mac OS X 10.15; rv:150.0) Gecko/20100101 Firefox/150.0" 1066 **1/1066910**
107.194.32.55 - - [20/May/2026:11:21:16 -0700] "GET /wp-admin/admin-ajax.php?action=updraft_ajax&subaction=activejobs_list&nonce=33dd573458&downloaders= HTTP/2.0" 400 1 "https://www.pioneercabinetry.net/wp-admin/options-general.php?page=updraftplus" "Mozilla/5.0 (Macintosh; Intel Mac OS X 10.15; rv:150.0) Gecko/20100101 Firefox/150.0" 1195 **1/1195883**
107.194.32.55 - - [20/May/2026:11:21:22 -0700] "GET /wp-admin/admin-ajax.php?action=updraft_ajax&subaction=activejobs_list&nonce=33dd573458&downloaders= HTTP/2.0" 400 1 "https://www.pioneercabinetry.net/wp-admin/options-general.php?page=updraftplus" "Mozilla/5.0 (Macintosh; Intel Mac OS X 10.15; rv:150.0) Gecko/20100101 Firefox/150.0" 1054 **1/1054185**
68.36.78.73 - - [20/May/2026:11:21:28 -0700] "GET /wp-content/uploads/2018/09/3901_SC_8_WEB.jpg HTTP/2.0" 200 788483 "https://www.pioneercabinetry.net/gallery/" "Mozilla/5.0 (Macintosh; Intel Mac OS X 10_15_7) AppleWebKit/605.1.15 (KHTML, like Gecko) Version/26.4 Safari/605.1.15" 435 **0/435581**
68.36.78.73 - - [20/May/2026:11:21:28 -0700] "GET /wp-content/uploads/2018/09/3901_SC_2_WEB.jpg HTTP/2.0" 200 1038443 "https://www.pioneercabinetry.net/gallery/" "Mozilla/5.0 (Macintosh; Intel Mac OS X 10_15_7) AppleWebKit/605.1.15 (KHTML, like Gecko) Version/26.4 Safari/605.1.15" 518 **0/518682**
68.36.78.73 - - [20/May/2026:11:21:28 -0700] "GET /wp-content/uploads/2018/09/DSCN1270.jpg HTTP/2.0" 200 2602717 "https://www.pioneercabinetry.net/gallery/" "Mozilla/5.0 (Macintosh; Intel Mac OS X 10_15_7) AppleWebKit/605.1.15 (KHTML, like Gecko) Version/26.4 Safari/605.1.15" 607 **0/607238**
107.194.32.55 - - [20/May/2026:11:21:29 -0700] "GET /wp-admin/admin-ajax.php?action=updraft_ajax&subaction=activejobs_list&nonce=33dd573458&downloaders= HTTP/2.0" 400 1 "https://www.pioneercabinetry.net/wp-admin/options-general.php?page=updraftplus" "Mozilla/5.0 (Macintosh; Intel Mac OS X 10.15; rv:150.0) Gecko/20100101 Firefox/150.0" 1275 **1/1275503**
68.36.78.73 - - [20/May/2026:11:21:33 -0700] "GET /wp-content/uploads/2018/09/IMG_4439-HDR-Edit-400x284.jpg HTTP/2.0" 200 23730 "https://www.pioneercabinetry.net/gallery/" "Mozilla/5.0 (Macintosh; Intel Mac OS X 10_15_7) AppleWebKit/605.1.15 (KHTML, like Gecko) Version/26.4 Safari/605.1.15" 10 **0/10325**
68.36.78.73 - - [20/May/2026:11:21:33 -0700] "GET /wp-content/uploads/2018/09/IMG_4417-HDR-Edit-400x284.jpg HTTP/2.0" 200 23404 "https://www.pioneercabinetry.net/gallery/" "Mozilla/5.0 (Macintosh; Intel Mac OS X 10_15_7) AppleWebKit/605.1.15 (KHTML, like Gecko) Version/26.4 Safari/605.1.15" 10 **0/10951**
68.36.78.73 - - [20/May/2026:11:21:33 -0700] "GET /wp-content/uploads/2018/09/IMG_4460-HDR-Edit-400x284.jpg HTTP/2.0" 200 21486 "https://www.pioneercabinetry.net/gallery/" "Mozilla/5.0 (Macintosh; Intel Mac OS X 10_15_7) AppleWebKit/605.1.15 (KHTML, like Gecko) Version/26.4 Safari/605.1.15" 12 **0/12150**
68.36.78.73 - - [20/May/2026:11:21:33 -0700] "GET /wp-content/uploads/2018/09/IMG_4036_edited-3-400x284.jpg HTTP/2.0" 200 17422 "https://www.pioneercabinetry.net/gallery/" "Mozilla/5.0 (Macintosh; Intel Mac OS X 10_15_7) AppleWebKit/605.1.15 (KHTML, like Gecko) Version/26.4 Safari/605.1.15" 13 **0/13824**
107.194.32.55 - - [20/May/2026:11:21:35 -0700] "GET /wp-admin/admin-ajax.php?action=updraft_ajax&subaction=activejobs_list&nonce=33dd573458&downloaders= HTTP/2.0" 400 1 "https://www.pioneercabinetry.net/wp-admin/options-general.php?page=updraftplus" "Mozilla/5.0 (Macintosh; Intel Mac OS X 10.15; rv:150.0) Gecko/20100101 Firefox/150.0" 1015 **1/1015790**
107.194.32.55 - - [20/May/2026:11:21:41 -0700] "GET /wp-admin/admin-ajax.php?action=updraft_ajax&subaction=activejobs_list&nonce=33dd573458&downloaders= HTTP/2.0" 400 1 "https://www.pioneercabinetry.net/wp-admin/options-general.php?page=updraftplus" "Mozilla/5.0 (Macintosh; Intel Mac OS X 10.15; rv:150.0) Gecko/20100101 Firefox/150.0" 1155 **1/1155398**
107.194.32.55 - - [20/May/2026:11:21:47 -0700] "GET /wp-admin/admin-ajax.php?action=updraft_ajax&subaction=activejobs_list&nonce=33dd573458&downloaders= HTTP/2.0" 400 1 "https://www.pioneercabinetry.net/wp-admin/options-general.php?page=updraftplus" "Mozilla/5.0 (Macintosh; Intel Mac OS X 10.15; rv:150.0) Gecko/20100101 Firefox/150.0" 1057 **1/1057788**
107.194.32.55 - - [20/May/2026:11:21:53 -0700] "GET /wp-admin/admin-ajax.php?action=updraft_ajax&subaction=activejobs_list&nonce=33dd573458&downloaders= HTTP/2.0" 400 1 "https://www.pioneercabinetry.net/wp-admin/options-general.php?page=updraftplus" "Mozilla/5.0 (Macintosh; Intel Mac OS X 10.15; rv:150.0) Gecko/20100101 Firefox/150.0" 1095 **1/1095600**
107.194.32.55 - - [20/May/2026:11:21:59 -0700] "GET /wp-admin/admin-ajax.php?action=updraft_ajax&subaction=activejobs_list&nonce=33dd573458&downloaders= HTTP/2.0" 400 1 "https://www.pioneercabinetry.net/wp-admin/options-general.php?page=updraftplus" "Mozilla/5.0 (Macintosh; Intel Mac OS X 10.15; rv:150.0) Gecko/20100101 Firefox/150.0" 1356 **1/1356454**
107.194.32.55 - - [20/May/2026:11:22:05 -0700] "GET /wp-admin/admin-ajax.php?action=updraft_ajax&subaction=activejobs_list&nonce=33dd573458&downloaders= HTTP/2.0" 400 1 "https://www.pioneercabinetry.net/wp-admin/options-general.php?page=updraftplus" "Mozilla/5.0 (Macintosh; Intel Mac OS X 10.15; rv:150.0) Gecko/20100101 Firefox/150.0" 1390 **1/1390996**
107.194.32.55 - - [20/May/2026:11:22:11 -0700] "GET /wp-admin/admin-ajax.php?action=updraft_ajax&subaction=activejobs_list&nonce=33dd573458&downloaders= HTTP/2.0" 400 1 "https://www.pioneercabinetry.net/wp-admin/options-general.php?page=updraftplus" "Mozilla/5.0 (Macintosh; Intel Mac OS X 10.15; rv:150.0) Gecko/20100101 Firefox/150.0" 1179 **1/1179354**
107.194.32.55 - - [20/May/2026:11:22:17 -0700] "GET /wp-admin/admin-ajax.php?action=updraft_ajax&subaction=activejobs_list&nonce=33dd573458&downloaders= HTTP/2.0" 400 1 "https://www.pioneercabinetry.net/wp-admin/options-general.php?page=updraftplus" "Mozilla/5.0 (Macintosh; Intel Mac OS X 10.15; rv:150.0) Gecko/20100101 Firefox/150.0" 1122 **1/1122164**
107.194.32.55 - - [20/May/2026:11:22:23 -0700] "GET /wp-admin/admin-ajax.php?action=updraft_ajax&subaction=activejobs_list&nonce=33dd573458&downloaders= HTTP/2.0" 400 1 "https://www.pioneercabinetry.net/wp-admin/options-general.php?page=updraftplus" "Mozilla/5.0 (Macintosh; Intel Mac OS X 10.15; rv:150.0) Gecko/20100101 Firefox/150.0" 1114 **1/1114994**
107.194.32.55 - - [20/May/2026:11:22:29 -0700] "GET /wp-admin/admin-ajax.php?action=updraft_ajax&subaction=activejobs_list&nonce=33dd573458&downloaders= HTTP/2.0" 400 1 "https://www.pioneercabinetry.net/wp-admin/options-general.php?page=updraftplus" "Mozilla/5.0 (Macintosh; Intel Mac OS X 10.15; rv:150.0) Gecko/20100101 Firefox/150.0" 1302 **1/1302960**
107.194.32.55 - - [20/May/2026:11:22:35 -0700] "GET /wp-admin/admin-ajax.php?action=updraft_ajax&subaction=activejobs_list&nonce=33dd573458&downloaders= HTTP/2.0" 400 1 "https://www.pioneercabinetry.net/wp-admin/options-general.php?page=updraftplus" "Mozilla/5.0 (Macintosh; Intel Mac OS X 10.15; rv:150.0) Gecko/20100101 Firefox/150.0" 1193 **1/1193027**
107.194.32.55 - - [20/May/2026:11:22:41 -0700] "GET /wp-admin/admin-ajax.php?action=updraft_ajax&subaction=activejobs_list&nonce=33dd573458&downloaders= HTTP/2.0" 400 1 "https://www.pioneercabinetry.net/wp-admin/options-general.php?page=updraftplus" "Mozilla/5.0 (Macintosh; Intel Mac OS X 10.15; rv:150.0) Gecko/20100101 Firefox/150.0" 1093 **1/1093037**
107.194.32.55 - - [20/May/2026:11:22:48 -0700] "GET /wp-admin/admin-ajax.php?action=updraft_ajax&subaction=activejobs_list&nonce=33dd573458&downloaders= HTTP/2.0" 400 1 "https://www.pioneercabinetry.net/wp-admin/options-general.php?page=updraftplus" "Mozilla/5.0 (Macintosh; Intel Mac OS X 10.15; rv:150.0) Gecko/20100101 Firefox/150.0" 1164 **1/1164130**
107.194.32.55 - - [20/May/2026:11:22:55 -0700] "GET /wp-admin/admin-ajax.php?action=updraft_ajax&subaction=activejobs_list&nonce=33dd573458&downloaders= HTTP/2.0" 400 1 "https://www.pioneercabinetry.net/wp-admin/options-general.php?page=updraftplus" "Mozilla/5.0 (Macintosh; Intel Mac OS X 10.15; rv:150.0) Gecko/20100101 Firefox/150.0" 1024 **1/1024974**
107.194.32.55 - - [20/May/2026:11:23:01 -0700] "GET /wp-admin/admin-ajax.php?action=updraft_ajax&subaction=activejobs_list&nonce=33dd573458&downloaders= HTTP/2.0" 400 1 "https://www.pioneercabinetry.net/wp-admin/options-general.php?page=updraftplus" "Mozilla/5.0 (Macintosh; Intel Mac OS X 10.15; rv:150.0) Gecko/20100101 Firefox/150.0" 1412 **1/1412449**
107.194.32.55 - - [20/May/2026:11:23:07 -0700] "GET /wp-admin/admin-ajax.php?action=updraft_ajax&subaction=activejobs_list&nonce=33dd573458&downloaders= HTTP/2.0" 400 1 "https://www.pioneercabinetry.net/wp-admin/options-general.php?page=updraftplus" "Mozilla/5.0 (Macintosh; Intel Mac OS X 10.15; rv:150.0) Gecko/20100101 Firefox/150.0" 1298 **1/1298521**
107.194.32.55 - - [20/May/2026:11:23:13 -0700] "GET /wp-admin/admin-ajax.php?action=updraft_ajax&subaction=activejobs_list&nonce=33dd573458&downloaders= HTTP/2.0" 400 1 "https://www.pioneercabinetry.net/wp-admin/options-general.php?page=updraftplus" "Mozilla/5.0 (Macintosh; Intel Mac OS X 10.15; rv:150.0) Gecko/20100101 Firefox/150.0" 1026 **1/1026808**
68.36.78.73 - - [20/May/2026:11:23:18 -0700] "GET /gallery/ HTTP/2.0" 200 34111 "https://www.pioneercabinetry.net/mission-door-styles/" "Mozilla/5.0 (Macintosh; Intel Mac OS X 10_15_7) AppleWebKit/605.1.15 (KHTML, like Gecko) Version/26.4 Safari/605.1.15" 30 **0/30969**
68.36.78.73 - - [20/May/2026:11:23:18 -0700] "GET /wp-content/et-cache/264/et-core-unified-264.min.css?ver=1770311551 HTTP/2.0" 404 133657 "https://www.pioneercabinetry.net/gallery/" "Mozilla/5.0 (Macintosh; Intel Mac OS X 10_15_7) AppleWebKit/605.1.15 (KHTML, like Gecko) Version/26.4 Safari/605.1.15" 3616 **3/3616200**
68.36.78.73 - - [20/May/2026:11:23:18 -0700] "GET /wp-content/et-cache/264/et-divi-dynamic-tb-6029-tb-5898-264-late.css HTTP/2.0" 404 133653 "https://www.pioneercabinetry.net/gallery/" "Mozilla/5.0 (Macintosh; Intel Mac OS X 10_15_7) AppleWebKit/605.1.15 (KHTML, like Gecko) Version/26.4 Safari/605.1.15" 3633 **3/3633869**
107.194.32.55 - - [20/May/2026:11:23:19 -0700] "GET /wp-admin/admin-ajax.php?action=updraft_ajax&subaction=activejobs_list&nonce=33dd573458&downloaders= HTTP/2.0" 400 1 "https://www.pioneercabinetry.net/wp-admin/options-general.php?page=updraftplus" "Mozilla/5.0 (Macintosh; Intel Mac OS X 10.15; rv:150.0) Gecko/20100101 Firefox/150.0" 2749 **2/2749178**
68.36.78.73 - - [20/May/2026:11:23:26 -0700] "GET /wp-content/uploads/2018/09/IMG_1801-400x284.jpg HTTP/2.0" 200 21631 "https://www.pioneercabinetry.net/gallery/" "Mozilla/5.0 (Macintosh; Intel Mac OS X 10_15_7) AppleWebKit/605.1.15 (KHTML, like Gecko) Version/26.4 Safari/605.1.15" 12 **0/12437**
68.36.78.73 - - [20/May/2026:11:23:26 -0700] "GET /wp-content/uploads/2018/09/IMG_1272-400x284.jpg HTTP/2.0" 200 24071 "https://www.pioneercabinetry.net/gallery/" "Mozilla/5.0 (Macintosh; Intel Mac OS X 10_15_7) AppleWebKit/605.1.15 (KHTML, like Gecko) Version/26.4 Safari/605.1.15" 13 **0/13459**
68.36.78.73 - - [20/May/2026:11:23:26 -0700] "GET /wp-content/uploads/2018/09/Untitled-31-400x284.jpg HTTP/2.0" 200 23629 "https://www.pioneercabinetry.net/gallery/" "Mozilla/5.0 (Macintosh; Intel Mac OS X 10_15_7) AppleWebKit/605.1.15 (KHTML, like Gecko) Version/26.4 Safari/605.1.15" 18 **0/18440**
68.36.78.73 - - [20/May/2026:11:23:26 -0700] "GET /wp-content/uploads/2018/09/IMG_0176-11-400x284.jpg HTTP/2.0" 200 27206 "https://www.pioneercabinetry.net/gallery/" "Mozilla/5.0 (Macintosh; Intel Mac OS X 10_15_7) AppleWebKit/605.1.15 (KHTML, like Gecko) Version/26.4 Safari/605.1.15" 24 **0/24655**
107.194.32.55 - - [20/May/2026:11:23:25 -0700] "GET /wp-admin/admin-ajax.php?action=updraft_ajax&subaction=activejobs_list&nonce=33dd573458&downloaders= HTTP/2.0" 400 1 "https://www.pioneercabinetry.net/wp-admin/options-general.php?page=updraftplus" "Mozilla/5.0 (Macintosh; Intel Mac OS X 10.15; rv:150.0) Gecko/20100101 Firefox/150.0" 1217 **1/1217739**
68.36.78.73 - - [20/May/2026:11:23:28 -0700] "GET /wp-content/uploads/2018/09/2.jpg HTTP/2.0" 200 10988064 "https://www.pioneercabinetry.net/gallery/" "Mozilla/5.0 (Macintosh; Intel Mac OS X 10_15_7) AppleWebKit/605.1.15 (KHTML, like Gecko) Version/26.4 Safari/605.1.15" 1024 **1/1024708**
68.36.78.73 - - [20/May/2026:11:23:28 -0700] "GET /wp-content/uploads/2018/09/5.jpg HTTP/2.0" 200 13840243 "https://www.pioneercabinetry.net/gallery/" "Mozilla/5.0 (Macintosh; Intel Mac OS X 10_15_7) AppleWebKit/605.1.15 (KHTML, like Gecko) Version/26.4 Safari/605.1.15" 993 **0/993101**
68.36.78.73 - - [20/May/2026:11:23:28 -0700] "GET /wp-content/uploads/2018/09/8.jpg HTTP/2.0" 200 14454646 "https://www.pioneercabinetry.net/gallery/" "Mozilla/5.0 (Macintosh; Intel Mac OS X 10_15_7) AppleWebKit/605.1.15 (KHTML, like Gecko) Version/26.4 Safari/605.1.15" 1105 **1/1105334**
107.180.114.193 - - [20/May/2026:11:23:33 -0700] "POST /wp-cron.php?doing_wp_cron=1779301413.0123589038848876953125 HTTP/1.1" 200 - "-" "WordPress/6.9.4; https://www.pioneercabinetry.net" 21 **0/21688**
107.194.32.55 - - [20/May/2026:11:23:31 -0700] "GET /wp-admin/admin-ajax.php?action=updraft_ajax&subaction=activejobs_list&nonce=33dd573458&downloaders= HTTP/2.0" 400 1 "https://www.pioneercabinetry.net/wp-admin/options-general.php?page=updraftplus" "Mozilla/5.0 (Macintosh; Intel Mac OS X 10.15; rv:150.0) Gecko/20100101 Firefox/150.0" 1117 **1/1117589**
107.194.32.55 - - [20/May/2026:11:23:38 -0700] "GET /wp-admin/admin-ajax.php?action=updraft_ajax&subaction=activejobs_list&nonce=33dd573458&downloaders= HTTP/2.0" 400 1 "https://www.pioneercabinetry.net/wp-admin/options-general.php?page=updraftplus" "Mozilla/5.0 (Macintosh; Intel Mac OS X 10.15; rv:150.0) Gecko/20100101 Firefox/150.0" 1110 **1/1110462**
107.194.32.55 - - [20/May/2026:11:23:44 -0700] "GET /wp-admin/admin-ajax.php?action=updraft_ajax&subaction=activejobs_list&nonce=33dd573458&downloaders= HTTP/2.0" 400 1 "https://www.pioneercabinetry.net/wp-admin/options-general.php?page=updraftplus" "Mozilla/5.0 (Macintosh; Intel Mac OS X 10.15; rv:150.0) Gecko/20100101 Firefox/150.0" 1151 **1/1151164**
68.36.78.73 - - [20/May/2026:11:23:45 -0700] "GET /wp-content/uploads/2018/09/8T3A3068-Edit.jpg HTTP/2.0" 200 4723918 "https://www.pioneercabinetry.net/gallery/" "Mozilla/5.0 (Macintosh; Intel Mac OS X 10_15_7) AppleWebKit/605.1.15 (KHTML, like Gecko) Version/26.4 Safari/605.1.15" 703 **0/703402**
45.178.98.210 - - [20/May/2026:11:23:45 -0700] "GET /wp-content/uploads/2018/03/Maple-Clear.jpg HTTP/2.0" 404 133621 "https://www.pioneercabinetry.net/wood-species/finishes/" "Mozilla/5.0 (Macintosh; Intel Mac OS X 10_9_0) AppleWebKit/537.36 (KHTML, like Gecko) Chrome/32.0.1664.3 Safari/537.36" 1906 **1/1906066**
68.36.78.73 - - [20/May/2026:11:23:48 -0700] "GET /wp-content/uploads/2018/09/8T3A3118-Edit.jpg HTTP/2.0" 200 4810262 "https://www.pioneercabinetry.net/gallery/" "Mozilla/5.0 (Macintosh; Intel Mac OS X 10_15_7) AppleWebKit/605.1.15 (KHTML, like Gecko) Version/26.4 Safari/605.1.15" 262 **0/262580**
79.117.192.228 - - [20/May/2026:11:23:50 -0700] "GET /wp-content/uploads/2018/03/Maple-Clear.jpg HTTP/2.0" 200 201818 "https://www.pioneercabinetry.net/wood-species/finishes/" "Mozilla/5.0 (Macintosh; Intel Mac OS X 10_9_0) AppleWebKit/537.36 (KHTML, like Gecko) Chrome/32.0.1664.3 Safari/537.36" 533 **0/533154**
107.194.32.55 - - [20/May/2026:11:23:50 -0700] "GET /wp-admin/admin-ajax.php?action=updraft_ajax&subaction=activejobs_list&nonce=33dd573458&downloaders= HTTP/2.0" 400 1 "https://www.pioneercabinetry.net/wp-admin/options-general.php?page=updraftplus" "Mozilla/5.0 (Macintosh; Intel Mac OS X 10.15; rv:150.0) Gecko/20100101 Firefox/150.0" 1164 **1/1164341**
107.194.32.55 - - [20/May/2026:11:23:56 -0700] "GET /wp-admin/admin-ajax.php?action=updraft_ajax&subaction=activejobs_list&nonce=33dd573458&downloaders= HTTP/2.0" 400 1 "https://www.pioneercabinetry.net/wp-admin/options-general.php?page=updraftplus" "Mozilla/5.0 (Macintosh; Intel Mac OS X 10.15; rv:150.0) Gecko/20100101 Firefox/150.0" 1046 **1/1046138**
107.194.32.55 - - [20/May/2026:11:24:03 -0700] "GET /wp-admin/admin-ajax.php?action=updraft_ajax&subaction=activejobs_list&nonce=33dd573458&downloaders= HTTP/2.0" 400 1 "https://www.pioneercabinetry.net/wp-admin/options-general.php?page=updraftplus" "Mozilla/5.0 (Macintosh; Intel Mac OS X 10.15; rv:150.0) Gecko/20100101 Firefox/150.0" 1081 **1/1081144**
68.36.78.73 - - [20/May/2026:11:24:09 -0700] "GET /wp-content/uploads/2018/09/IMG_3077.jpg HTTP/2.0" 200 352460 "https://www.pioneercabinetry.net/gallery/" "Mozilla/5.0 (Macintosh; Intel Mac OS X 10_15_7) AppleWebKit/605.1.15 (KHTML, like Gecko) Version/26.4 Safari/605.1.15" 257 **0/257228**
107.194.32.55 - - [20/May/2026:11:24:08 -0700] "GET /wp-admin/admin-ajax.php?action=updraft_ajax&subaction=activejobs_list&nonce=33dd573458&downloaders= HTTP/2.0" 400 1 "https://www.pioneercabinetry.net/wp-admin/options-general.php?page=updraftplus" "Mozilla/5.0 (Macintosh; Intel Mac OS X 10.15; rv:150.0) Gecko/20100101 Firefox/150.0" 1117 **1/1117284**
68.36.78.73 - - [20/May/2026:11:24:12 -0700] "GET /wp-content/uploads/2018/09/IMG_3080.jpg HTTP/2.0" 200 361047 "https://www.pioneercabinetry.net/gallery/" "Mozilla/5.0 (Macintosh; Intel Mac OS X 10_15_7) AppleWebKit/605.1.15 (KHTML, like Gecko) Version/26.4 Safari/605.1.15" 13 **0/13841**
107.194.32.55 - - [20/May/2026:11:24:14 -0700] "GET /wp-admin/admin-ajax.php?action=updraft_ajax&subaction=activejobs_list&nonce=33dd573458&downloaders= HTTP/2.0" 400 1 "https://www.pioneercabinetry.net/wp-admin/options-general.php?page=updraftplus" "Mozilla/5.0 (Macintosh; Intel Mac OS X 10.15; rv:150.0) Gecko/20100101 Firefox/150.0" 1071 **1/1071961**
107.194.32.55 - - [20/May/2026:11:24:21 -0700] "GET /wp-admin/admin-ajax.php?action=updraft_ajax&subaction=activejobs_list&nonce=33dd573458&downloaders= HTTP/2.0" 400 1 "https://www.pioneercabinetry.net/wp-admin/options-general.php?page=updraftplus" "Mozilla/5.0 (Macintosh; Intel Mac OS X 10.15; rv:150.0) Gecko/20100101 Firefox/150.0" 1082 **1/1082148**
68.36.78.73 - - [20/May/2026:11:24:22 -0700] "GET /wp-content/uploads/2018/09/IMG_3079.jpg HTTP/2.0" 200 359606 "https://www.pioneercabinetry.net/gallery/" "Mozilla/5.0 (Macintosh; Intel Mac OS X 10_15_7) AppleWebKit/605.1.15 (KHTML, like Gecko) Version/26.4 Safari/605.1.15" 210 **0/210286**
107.194.32.55 - - [20/May/2026:11:24:27 -0700] "GET /wp-admin/admin-ajax.php?action=updraft_ajax&subaction=activejobs_list&nonce=33dd573458&downloaders= HTTP/2.0" 400 1 "https://www.pioneercabinetry.net/wp-admin/options-general.php?page=updraftplus" "Mozilla/5.0 (Macintosh; Intel Mac OS X 10.15; rv:150.0) Gecko/20100101 Firefox/150.0" 1039 **1/1039530**
107.194.32.55 - - [20/May/2026:11:24:33 -0700] "GET /wp-admin/admin-ajax.php?action=updraft_ajax&subaction=activejobs_list&nonce=33dd573458&downloaders= HTTP/2.0" 400 1 "https://www.pioneercabinetry.net/wp-admin/options-general.php?page=updraftplus" "Mozilla/5.0 (Macintosh; Intel Mac OS X 10.15; rv:150.0) Gecko/20100101 Firefox/150.0" 999 **0/999435**
68.36.78.73 - - [20/May/2026:11:24:39 -0700] "GET /wp-content/uploads/2018/09/IMG_3090.jpg HTTP/2.0" 200 3350975 "https://www.pioneercabinetry.net/gallery/" "Mozilla/5.0 (Macintosh; Intel Mac OS X 10_15_7) AppleWebKit/605.1.15 (KHTML, like Gecko) Version/26.4 Safari/605.1.15" 559 **0/559699**
107.194.32.55 - - [20/May/2026:11:24:39 -0700] "GET /wp-admin/admin-ajax.php?action=updraft_ajax&subaction=activejobs_list&nonce=33dd573458&downloaders= HTTP/2.0" 400 1 "https://www.pioneercabinetry.net/wp-admin/options-general.php?page=updraftplus" "Mozilla/5.0 (Macintosh; Intel Mac OS X 10.15; rv:150.0) Gecko/20100101 Firefox/150.0" 1030 **1/1030836**
68.36.78.73 - - [20/May/2026:11:24:43 -0700] "GET /wp-content/uploads/2018/09/IMG_4336-1_edited-3.jpg HTTP/2.0" 200 5202398 "https://www.pioneercabinetry.net/gallery/" "Mozilla/5.0 (Macintosh; Intel Mac OS X 10_15_7) AppleWebKit/605.1.15 (KHTML, like Gecko) Version/26.4 Safari/605.1.15" 283 **0/283500**
107.194.32.55 - - [20/May/2026:11:24:45 -0700] "GET /wp-admin/admin-ajax.php?action=updraft_ajax&subaction=activejobs_list&nonce=33dd573458&downloaders= HTTP/2.0" 400 1 "https://www.pioneercabinetry.net/wp-admin/options-general.php?page=updraftplus" "Mozilla/5.0 (Macintosh; Intel Mac OS X 10.15; rv:150.0) Gecko/20100101 Firefox/150.0" 987 **0/987965**
68.36.78.73 - - [20/May/2026:11:24:46 -0700] "GET /wp-content/uploads/2018/09/IMG_4366-1_edited-3.jpg HTTP/2.0" 200 7301992 "https://www.pioneercabinetry.net/gallery/" "Mozilla/5.0 (Macintosh; Intel Mac OS X 10_15_7) AppleWebKit/605.1.15 (KHTML, like Gecko) Version/26.4 Safari/605.1.15" 355 **0/355123**
68.36.78.73 - - [20/May/2026:11:24:47 -0700] "GET /wp-content/uploads/2018/09/IMG_4408-11.jpg HTTP/2.0" 200 6587636 "https://www.pioneercabinetry.net/gallery/" "Mozilla/5.0 (Macintosh; Intel Mac OS X 10_15_7) AppleWebKit/605.1.15 (KHTML, like Gecko) Version/26.4 Safari/605.1.15" 348 **0/348572**
68.36.78.73 - - [20/May/2026:11:24:49 -0700] "GET /wp-content/uploads/2018/09/IMG_2451.jpg HTTP/2.0" 200 1810887 "https://www.pioneercabinetry.net/gallery/" "Mozilla/5.0 (Macintosh; Intel Mac OS X 10_15_7) AppleWebKit/605.1.15 (KHTML, like Gecko) Version/26.4 Safari/605.1.15" 16 **0/16671**
68.36.78.73 - - [20/May/2026:11:24:52 -0700] "GET /wp-content/uploads/2018/09/DSCN1063.jpg HTTP/2.0" 200 2670045 "https://www.pioneercabinetry.net/gallery/" "Mozilla/5.0 (Macintosh; Intel Mac OS X 10_15_7) AppleWebKit/605.1.15 (KHTML, like Gecko) Version/26.4 Safari/605.1.15" 118 **0/118835**
107.194.32.55 - - [20/May/2026:11:24:51 -0700] "GET /wp-admin/admin-ajax.php?action=updraft_ajax&subaction=activejobs_list&nonce=33dd573458&downloaders= HTTP/2.0" 400 1 "https://www.pioneercabinetry.net/wp-admin/options-general.php?page=updraftplus" "Mozilla/5.0 (Macintosh; Intel Mac OS X 10.15; rv:150.0) Gecko/20100101 Firefox/150.0" 1023 **1/1023642**
68.36.78.73 - - [20/May/2026:11:24:54 -0700] "GET /wp-content/uploads/2018/09/DSCN1066.jpg HTTP/2.0" 200 2556586 "https://www.pioneercabinetry.net/gallery/" "Mozilla/5.0 (Macintosh; Intel Mac OS X 10_15_7) AppleWebKit/605.1.15 (KHTML, like Gecko) Version/26.4 Safari/605.1.15" 178 **0/178811**
107.194.32.55 - - [20/May/2026:11:24:58 -0700] "GET /wp-admin/admin-ajax.php?action=updraft_ajax&subaction=activejobs_list&nonce=33dd573458&downloaders= HTTP/2.0" 400 1 "https://www.pioneercabinetry.net/wp-admin/options-general.php?page=updraftplus" "Mozilla/5.0 (Macintosh; Intel Mac OS X 10.15; rv:150.0) Gecko/20100101 Firefox/150.0" 1190 **1/1190275**
68.36.78.73 - - [20/May/2026:11:25:02 -0700] "GET /wp-content/uploads/2018/09/IMG_0966.jpg HTTP/2.0" 200 1984926 "https://www.pioneercabinetry.net/gallery/" "Mozilla/5.0 (Macintosh; Intel Mac OS X 10_15_7) AppleWebKit/605.1.15 (KHTML, like Gecko) Version/26.4 Safari/605.1.15" 414 **0/414422**
107.194.32.55 - - [20/May/2026:11:25:03 -0700] "GET /wp-admin/admin-ajax.php?action=updraft_ajax&subaction=activejobs_list&nonce=33dd573458&downloaders= HTTP/2.0" 400 1 "https://www.pioneercabinetry.net/wp-admin/options-general.php?page=updraftplus" "Mozilla/5.0 (Macintosh; Intel Mac OS X 10.15; rv:150.0) Gecko/20100101 Firefox/150.0" 1432 **1/1432064**
68.36.78.73 - - [20/May/2026:11:25:06 -0700] "GET /wp-content/uploads/2018/09/IMG_2448.jpg HTTP/2.0" 200 1677776 "https://www.pioneercabinetry.net/gallery/" "Mozilla/5.0 (Macintosh; Intel Mac OS X 10_15_7) AppleWebKit/605.1.15 (KHTML, like Gecko) Version/26.4 Safari/605.1.15" 24 **0/24814**
68.36.78.73 - - [20/May/2026:11:25:09 -0700] "GET /wp-content/uploads/2018/09/IMG_9606-1_edited-2.jpg HTTP/2.0" 200 2932707 "https://www.pioneercabinetry.net/gallery/" "Mozilla/5.0 (Macintosh; Intel Mac OS X 10_15_7) AppleWebKit/605.1.15 (KHTML, like Gecko) Version/26.4 Safari/605.1.15" 216 **0/216037**
107.194.32.55 - - [20/May/2026:11:25:09 -0700] "GET /wp-admin/admin-ajax.php?action=updraft_ajax&subaction=activejobs_list&nonce=33dd573458&downloaders= HTTP/2.0" 400 1 "https://www.pioneercabinetry.net/wp-admin/options-general.php?page=updraftplus" "Mozilla/5.0 (Macintosh; Intel Mac OS X 10.15; rv:150.0) Gecko/20100101 Firefox/150.0" 1401 **1/1401873**
107.194.32.55 - - [20/May/2026:11:25:15 -0700] "GET /wp-admin/admin-ajax.php?action=updraft_ajax&subaction=activejobs_list&nonce=33dd573458&downloaders= HTTP/2.0" 400 1 "https://www.pioneercabinetry.net/wp-admin/options-general.php?page=updraftplus" "Mozilla/5.0 (Macintosh; Intel Mac OS X 10.15; rv:150.0) Gecko/20100101 Firefox/150.0" 1165 **1/1165188**
68.36.78.73 - - [20/May/2026:11:25:17 -0700] "GET /wp-content/uploads/2018/09/IMG_9616-1.jpg HTTP/2.0" 200 2486616 "https://www.pioneercabinetry.net/gallery/" "Mozilla/5.0 (Macintosh; Intel Mac OS X 10_15_7) AppleWebKit/605.1.15 (KHTML, like Gecko) Version/26.4 Safari/605.1.15" 456 **0/456696**
68.36.78.73 - - [20/May/2026:11:25:21 -0700] "GET /wp-content/uploads/2018/09/IMG_9647-1.jpg HTTP/2.0" 200 1645697 "https://www.pioneercabinetry.net/gallery/" "Mozilla/5.0 (Macintosh; Intel Mac OS X 10_15_7) AppleWebKit/605.1.15 (KHTML, like Gecko) Version/26.4 Safari/605.1.15" 14 **0/14018**
107.194.32.55 - - [20/May/2026:11:25:22 -0700] "GET /wp-admin/admin-ajax.php?action=updraft_ajax&subaction=activejobs_list&nonce=33dd573458&downloaders= HTTP/2.0" 400 1 "https://www.pioneercabinetry.net/wp-admin/options-general.php?page=updraftplus" "Mozilla/5.0 (Macintosh; Intel Mac OS X 10.15; rv:150.0) Gecko/20100101 Firefox/150.0" 1127 **1/1127984**
68.36.78.73 - - [20/May/2026:11:25:23 -0700] "GET /wp-content/uploads/2017/09/527baab7759a2.jpg HTTP/2.0" 200 137875 "https://www.pioneercabinetry.net/gallery/" "Mozilla/5.0 (Macintosh; Intel Mac OS X 10_15_7) AppleWebKit/605.1.15 (KHTML, like Gecko) Version/26.4 Safari/605.1.15" 11 **0/11593**
68.36.78.73 - - [20/May/2026:11:25:24 -0700] "GET /wp-content/uploads/2018/09/IMG_4417-HDR-Edit.jpg HTTP/2.0" 200 1438043 "https://www.pioneercabinetry.net/gallery/" "Mozilla/5.0 (Macintosh; Intel Mac OS X 10_15_7) AppleWebKit/605.1.15 (KHTML, like Gecko) Version/26.4 Safari/605.1.15" 12 **0/12976**
107.194.32.55 - - [20/May/2026:11:25:28 -0700] "GET /wp-admin/admin-ajax.php?action=updraft_ajax&subaction=activejobs_list&nonce=33dd573458&downloaders= HTTP/2.0" 400 1 "https://www.pioneercabinetry.net/wp-admin/options-general.php?page=updraftplus" "Mozilla/5.0 (Macintosh; Intel Mac OS X 10.15; rv:150.0) Gecko/20100101 Firefox/150.0" 983 **0/983686**
68.36.78.73 - - [20/May/2026:11:25:30 -0700] "GET /wp-content/uploads/2018/09/IMG_4439-HDR-Edit.jpg HTTP/2.0" 200 1397512 "https://www.pioneercabinetry.net/gallery/" "Mozilla/5.0 (Macintosh; Intel Mac OS X 10_15_7) AppleWebKit/605.1.15 (KHTML, like Gecko) Version/26.4 Safari/605.1.15" 354 **0/354065**
68.36.78.73 - - [20/May/2026:11:25:31 -0700] "GET /wp-content/uploads/2018/09/IMG_4460-HDR-Edit.jpg HTTP/2.0" 200 672260 "https://www.pioneercabinetry.net/gallery/" "Mozilla/5.0 (Macintosh; Intel Mac OS X 10_15_7) AppleWebKit/605.1.15 (KHTML, like Gecko) Version/26.4 Safari/605.1.15" 11 **0/11701**
68.36.78.73 - - [20/May/2026:11:25:33 -0700] "GET /wp-content/uploads/2018/09/IMG_4036_edited-3.jpg HTTP/2.0" 200 6304312 "https://www.pioneercabinetry.net/gallery/" "Mozilla/5.0 (Macintosh; Intel Mac OS X 10_15_7) AppleWebKit/605.1.15 (KHTML, like Gecko) Version/26.4 Safari/605.1.15" 347 **0/347373**
107.194.32.55 - - [20/May/2026:11:25:34 -0700] "GET /wp-admin/admin-ajax.php?action=updraft_ajax&subaction=activejobs_list&nonce=33dd573458&downloaders= HTTP/2.0" 400 1 "https://www.pioneercabinetry.net/wp-admin/options-general.php?page=updraftplus" "Mozilla/5.0 (Macintosh; Intel Mac OS X 10.15; rv:150.0) Gecko/20100101 Firefox/150.0" 1129 **1/1129984**
68.36.78.73 - - [20/May/2026:11:25:36 -0700] "GET /wp-content/uploads/2018/09/IMG_0176-11.jpg HTTP/2.0" 200 5069738 "https://www.pioneercabinetry.net/gallery/" "Mozilla/5.0 (Macintosh; Intel Mac OS X 10_15_7) AppleWebKit/605.1.15 (KHTML, like Gecko) Version/26.4 Safari/605.1.15" 367 **0/367597**
68.36.78.73 - - [20/May/2026:11:25:36 -0700] "GET /wp-content/uploads/2018/09/Untitled-31.jpg HTTP/2.0" 200 4636201 "https://www.pioneercabinetry.net/gallery/" "Mozilla/5.0 (Macintosh; Intel Mac OS X 10_15_7) AppleWebKit/605.1.15 (KHTML, like Gecko) Version/26.4 Safari/605.1.15" 272 **0/272782**
68.36.78.73 - - [20/May/2026:11:25:40 -0700] "GET /wp-content/uploads/2018/09/IMG_1801.jpg HTTP/2.0" 200 1418377 "https://www.pioneercabinetry.net/gallery/" "Mozilla/5.0 (Macintosh; Intel Mac OS X 10_15_7) AppleWebKit/605.1.15 (KHTML, like Gecko) Version/26.4 Safari/605.1.15" 13 **0/13305**
107.194.32.55 - - [20/May/2026:11:25:40 -0700] "GET /wp-admin/admin-ajax.php?action=updraft_ajax&subaction=activejobs_list&nonce=33dd573458&downloaders= HTTP/2.0" 400 1 "https://www.pioneercabinetry.net/wp-admin/options-general.php?page=updraftplus" "Mozilla/5.0 (Macintosh; Intel Mac OS X 10.15; rv:150.0) Gecko/20100101 Firefox/150.0" 1101 **1/1101049**
68.36.78.73 - - [20/May/2026:11:25:43 -0700] "GET /wp-content/uploads/2018/09/IMG_1272.jpg HTTP/2.0" 200 1562748 "https://www.pioneercabinetry.net/gallery/" "Mozilla/5.0 (Macintosh; Intel Mac OS X 10_15_7) AppleWebKit/605.1.15 (KHTML, like Gecko) Version/26.4 Safari/605.1.15" 14 **0/14463**
68.36.78.73 - - [20/May/2026:11:25:45 -0700] "GET /wp-content/uploads/2017/09/527baabd658ce.jpg HTTP/2.0" 200 97611 "https://www.pioneercabinetry.net/gallery/" "Mozilla/5.0 (Macintosh; Intel Mac OS X 10_15_7) AppleWebKit/605.1.15 (KHTML, like Gecko) Version/26.4 Safari/605.1.15" 9 **0/9894**
107.194.32.55 - - [20/May/2026:11:25:46 -0700] "GET /wp-admin/admin-ajax.php?action=updraft_ajax&subaction=activejobs_list&nonce=33dd573458&downloaders= HTTP/2.0" 400 1 "https://www.pioneercabinetry.net/wp-admin/options-general.php?page=updraftplus" "Mozilla/5.0 (Macintosh; Intel Mac OS X 10.15; rv:150.0) Gecko/20100101 Firefox/150.0" 1089 **1/1089954**
68.36.78.73 - - [20/May/2026:11:25:47 -0700] "GET /wp-content/uploads/2018/09/IMG_2474.jpg HTTP/2.0" 200 1913176 "https://www.pioneercabinetry.net/gallery/" "Mozilla/5.0 (Macintosh; Intel Mac OS X 10_15_7) AppleWebKit/605.1.15 (KHTML, like Gecko) Version/26.4 Safari/605.1.15" 14 **0/14562**
68.36.78.73 - - [20/May/2026:11:25:49 -0700] "GET /wp-content/uploads/2018/09/IMG_2470.jpg HTTP/2.0" 200 2149491 "https://www.pioneercabinetry.net/gallery/" "Mozilla/5.0 (Macintosh; Intel Mac OS X 10_15_7) AppleWebKit/605.1.15 (KHTML, like Gecko) Version/26.4 Safari/605.1.15" 95 **0/95291**
68.36.78.73 - - [20/May/2026:11:25:51 -0700] "GET /wp-content/uploads/2018/09/IMG_2472.jpg HTTP/2.0" 200 2006590 "https://www.pioneercabinetry.net/gallery/" "Mozilla/5.0 (Macintosh; Intel Mac OS X 10_15_7) AppleWebKit/605.1.15 (KHTML, like Gecko) Version/26.4 Safari/605.1.15" 18 **0/18485**
107.194.32.55 - - [20/May/2026:11:25:52 -0700] "GET /wp-admin/admin-ajax.php?action=updraft_ajax&subaction=activejobs_list&nonce=33dd573458&downloaders= HTTP/2.0" 400 1 "https://www.pioneercabinetry.net/wp-admin/options-general.php?page=updraftplus" "Mozilla/5.0 (Macintosh; Intel Mac OS X 10.15; rv:150.0) Gecko/20100101 Firefox/150.0" 1097 **1/1097045**
