76.112.185.173 - - [20/May/2026:10:49:06 -0700] "GET /wp-content/uploads/2018/09/IMG_4036_edited-3-400x284.jpg HTTP/2.0" 200 17422 "https://www.pioneercabinetry.net/gallery/" "Mozilla/5.0 (Windows NT 10.0; Win64; x64) AppleWebKit/537.36 (KHTML, like Gecko) Chrome/147.0.0.0 Safari/537.36 Edg/147.0.0.0" 38 **0/38664**
76.112.185.173 - - [20/May/2026:10:49:06 -0700] "GET /wp-content/uploads/2018/09/IMG_0176-11-400x284.jpg HTTP/2.0" 200 27206 "https://www.pioneercabinetry.net/gallery/" "Mozilla/5.0 (Windows NT 10.0; Win64; x64) AppleWebKit/537.36 (KHTML, like Gecko) Chrome/147.0.0.0 Safari/537.36 Edg/147.0.0.0" 38 **0/38942**
76.112.185.173 - - [20/May/2026:10:49:06 -0700] "GET /wp-content/uploads/2018/09/Untitled-31-400x284.jpg HTTP/2.0" 200 23629 "https://www.pioneercabinetry.net/gallery/" "Mozilla/5.0 (Windows NT 10.0; Win64; x64) AppleWebKit/537.36 (KHTML, like Gecko) Chrome/147.0.0.0 Safari/537.36 Edg/147.0.0.0" 39 **0/39213**
76.112.185.173 - - [20/May/2026:10:49:06 -0700] "GET /wp-content/uploads/2018/09/IMG_1801-400x284.jpg HTTP/2.0" 200 21631 "https://www.pioneercabinetry.net/gallery/" "Mozilla/5.0 (Windows NT 10.0; Win64; x64) AppleWebKit/537.36 (KHTML, like Gecko) Chrome/147.0.0.0 Safari/537.36 Edg/147.0.0.0" 39 **0/39520**
76.112.185.173 - - [20/May/2026:10:49:06 -0700] "GET /wp-content/uploads/2018/09/IMG_1272-400x284.jpg HTTP/2.0" 200 24071 "https://www.pioneercabinetry.net/gallery/" "Mozilla/5.0 (Windows NT 10.0; Win64; x64) AppleWebKit/537.36 (KHTML, like Gecko) Chrome/147.0.0.0 Safari/537.36 Edg/147.0.0.0" 39 **0/39824**
76.112.185.173 - - [20/May/2026:10:49:06 -0700] "GET /wp-content/uploads/2017/09/527baabd658ce-400x284.jpg HTTP/2.0" 200 23788 "https://www.pioneercabinetry.net/gallery/" "Mozilla/5.0 (Windows NT 10.0; Win64; x64) AppleWebKit/537.36 (KHTML, like Gecko) Chrome/147.0.0.0 Safari/537.36 Edg/147.0.0.0" 40 **0/40142**
76.112.185.173 - - [20/May/2026:10:49:06 -0700] "GET /wp-content/uploads/2018/09/IMG_2472-400x284.jpg HTTP/2.0" 200 25525 "https://www.pioneercabinetry.net/gallery/" "Mozilla/5.0 (Windows NT 10.0; Win64; x64) AppleWebKit/537.36 (KHTML, like Gecko) Chrome/147.0.0.0 Safari/537.36 Edg/147.0.0.0" 43 **0/43520**
76.112.185.173 - - [20/May/2026:10:49:06 -0700] "GET /wp-content/uploads/2018/09/IMG_2474-400x284.jpg HTTP/2.0" 200 18539 "https://www.pioneercabinetry.net/gallery/" "Mozilla/5.0 (Windows NT 10.0; Win64; x64) AppleWebKit/537.36 (KHTML, like Gecko) Chrome/147.0.0.0 Safari/537.36 Edg/147.0.0.0" 44 **0/44113**
76.112.185.173 - - [20/May/2026:10:49:06 -0700] "GET /wp-content/uploads/2018/09/DSCN1102-400x284.jpg HTTP/2.0" 200 21080 "https://www.pioneercabinetry.net/gallery/" "Mozilla/5.0 (Windows NT 10.0; Win64; x64) AppleWebKit/537.36 (KHTML, like Gecko) Chrome/147.0.0.0 Safari/537.36 Edg/147.0.0.0" 44 **0/44433**
76.112.185.173 - - [20/May/2026:10:49:06 -0700] "GET /wp-content/uploads/2018/09/DSCN1105-400x284.jpg HTTP/2.0" 200 17714 "https://www.pioneercabinetry.net/gallery/" "Mozilla/5.0 (Windows NT 10.0; Win64; x64) AppleWebKit/537.36 (KHTML, like Gecko) Chrome/147.0.0.0 Safari/537.36 Edg/147.0.0.0" 45 **0/45557**
76.112.185.173 - - [20/May/2026:10:49:06 -0700] "GET /wp-content/uploads/2018/09/IMG_2430-400x284.jpg HTTP/2.0" 200 24205 "https://www.pioneercabinetry.net/gallery/" "Mozilla/5.0 (Windows NT 10.0; Win64; x64) AppleWebKit/537.36 (KHTML, like Gecko) Chrome/147.0.0.0 Safari/537.36 Edg/147.0.0.0" 45 **0/45922**
76.112.185.173 - - [20/May/2026:10:49:06 -0700] "GET /wp-content/uploads/2018/09/IMG_2470-400x284.jpg HTTP/2.0" 200 26502 "https://www.pioneercabinetry.net/gallery/" "Mozilla/5.0 (Windows NT 10.0; Win64; x64) AppleWebKit/537.36 (KHTML, like Gecko) Chrome/147.0.0.0 Safari/537.36 Edg/147.0.0.0" 46 **0/46593**
76.112.185.173 - - [20/May/2026:10:49:06 -0700] "GET /wp-content/uploads/2018/09/Kitchenmaster-12_16-07942-HDR-400x284.jpg HTTP/2.0" 200 25467 "https://www.pioneercabinetry.net/gallery/" "Mozilla/5.0 (Windows NT 10.0; Win64; x64) AppleWebKit/537.36 (KHTML, like Gecko) Chrome/147.0.0.0 Safari/537.36 Edg/147.0.0.0" 49 **0/49248**
107.194.32.55 - - [20/May/2026:10:49:03 -0700] "GET /wp-admin/admin-ajax.php?action=updraft_ajax&subaction=activejobs_list&nonce=33dd573458&downloaders= HTTP/2.0" 200 34 "https://www.pioneercabinetry.net/wp-admin/options-general.php?page=updraftplus" "Mozilla/5.0 (Macintosh; Intel Mac OS X 10.15; rv:150.0) Gecko/20100101 Firefox/150.0" 3321 **3/3321468**
76.112.185.173 - - [20/May/2026:10:49:06 -0700] "GET /wp-content/et-cache/264/et-divi-dynamic-tb-6029-tb-5898-264-late.css HTTP/2.0" 404 133657 "https://www.pioneercabinetry.net/gallery/" "Mozilla/5.0 (Windows NT 10.0; Win64; x64) AppleWebKit/537.36 (KHTML, like Gecko) Chrome/147.0.0.0 Safari/537.36 Edg/147.0.0.0" 1761 **1/1761738**
76.112.185.173 - - [20/May/2026:10:49:08 -0700] "GET /wp-content/uploads/2018/09/IMG_4641-1-400x284.jpg HTTP/2.0" 200 24984 "https://www.pioneercabinetry.net/gallery/" "Mozilla/5.0 (Windows NT 10.0; Win64; x64) AppleWebKit/537.36 (KHTML, like Gecko) Chrome/147.0.0.0 Safari/537.36 Edg/147.0.0.0" 10 **0/10079**
76.112.185.173 - - [20/May/2026:10:49:08 -0700] "GET /wp-content/uploads/2018/09/IMG_4638-1_edited-3-400x284.jpg HTTP/2.0" 200 25030 "https://www.pioneercabinetry.net/gallery/" "Mozilla/5.0 (Windows NT 10.0; Win64; x64) AppleWebKit/537.36 (KHTML, like Gecko) Chrome/147.0.0.0 Safari/537.36 Edg/147.0.0.0" 10 **0/10678**
76.112.185.173 - - [20/May/2026:10:49:08 -0700] "GET /wp-content/uploads/2018/09/IMG_2425-400x284.jpg HTTP/2.0" 200 19523 "https://www.pioneercabinetry.net/gallery/" "Mozilla/5.0 (Windows NT 10.0; Win64; x64) AppleWebKit/537.36 (KHTML, like Gecko) Chrome/147.0.0.0 Safari/537.36 Edg/147.0.0.0" 11 **0/11371**
76.112.185.173 - - [20/May/2026:10:49:08 -0700] "GET /wp-content/uploads/2018/09/8T3A2878-Edit-Edit-400x284.jpg HTTP/2.0" 200 26441 "https://www.pioneercabinetry.net/gallery/" "Mozilla/5.0 (Windows NT 10.0; Win64; x64) AppleWebKit/537.36 (KHTML, like Gecko) Chrome/147.0.0.0 Safari/537.36 Edg/147.0.0.0" 12 **0/12318**
76.112.185.173 - - [20/May/2026:10:49:08 -0700] "GET /wp-content/uploads/2018/09/8T3A2894-Edit-Edit-Edit-400x284.jpg HTTP/2.0" 200 25004 "https://www.pioneercabinetry.net/gallery/" "Mozilla/5.0 (Windows NT 10.0; Win64; x64) AppleWebKit/537.36 (KHTML, like Gecko) Chrome/147.0.0.0 Safari/537.36 Edg/147.0.0.0" 11 **0/11759**
76.112.185.173 - - [20/May/2026:10:49:08 -0700] "GET /wp-content/uploads/2018/09/8T3A2926-Edit-Edit-400x284.jpg HTTP/2.0" 200 24009 "https://www.pioneercabinetry.net/gallery/" "Mozilla/5.0 (Windows NT 10.0; Win64; x64) AppleWebKit/537.36 (KHTML, like Gecko) Chrome/147.0.0.0 Safari/537.36 Edg/147.0.0.0" 12 **0/12789**
76.112.185.173 - - [20/May/2026:10:49:08 -0700] "GET /wp-content/uploads/2018/09/Quinn-Laundry-400x284.jpg HTTP/2.0" 200 21027 "https://www.pioneercabinetry.net/gallery/" "Mozilla/5.0 (Windows NT 10.0; Win64; x64) AppleWebKit/537.36 (KHTML, like Gecko) Chrome/147.0.0.0 Safari/537.36 Edg/147.0.0.0" 14 **0/14929**
76.112.185.173 - - [20/May/2026:10:49:08 -0700] "GET /wp-content/uploads/2018/09/Kitchenmaster-12_16-07724-HDR-400x284.jpg HTTP/2.0" 200 22566 "https://www.pioneercabinetry.net/gallery/" "Mozilla/5.0 (Windows NT 10.0; Win64; x64) AppleWebKit/537.36 (KHTML, like Gecko) Chrome/147.0.0.0 Safari/537.36 Edg/147.0.0.0" 15 **0/15470**
76.112.185.173 - - [20/May/2026:10:49:08 -0700] "GET /wp-content/uploads/2018/09/Pioneer-1-400x284.jpg HTTP/2.0" 200 14322 "https://www.pioneercabinetry.net/gallery/" "Mozilla/5.0 (Windows NT 10.0; Win64; x64) AppleWebKit/537.36 (KHTML, like Gecko) Chrome/147.0.0.0 Safari/537.36 Edg/147.0.0.0" 9 **0/9542**
76.112.185.173 - - [20/May/2026:10:49:08 -0700] "GET /wp-content/uploads/2018/09/Kitchenmaster-12_16-07846-HDR-1-400x284.jpg HTTP/2.0" 200 20459 "https://www.pioneercabinetry.net/gallery/" "Mozilla/5.0 (Windows NT 10.0; Win64; x64) AppleWebKit/537.36 (KHTML, like Gecko) Chrome/147.0.0.0 Safari/537.36 Edg/147.0.0.0" 9 **0/9919**
76.112.185.173 - - [20/May/2026:10:49:08 -0700] "GET /wp-content/uploads/2018/09/Kitchenmaster-12_16-07829-HDR-1-400x284.jpg HTTP/2.0" 200 21496 "https://www.pioneercabinetry.net/gallery/" "Mozilla/5.0 (Windows NT 10.0; Win64; x64) AppleWebKit/537.36 (KHTML, like Gecko) Chrome/147.0.0.0 Safari/537.36 Edg/147.0.0.0" 13 **0/13080**
76.112.185.173 - - [20/May/2026:10:49:08 -0700] "GET /wp-content/uploads/2018/09/IMG_7915-400x284.jpg HTTP/2.0" 200 25351 "https://www.pioneercabinetry.net/gallery/" "Mozilla/5.0 (Windows NT 10.0; Win64; x64) AppleWebKit/537.36 (KHTML, like Gecko) Chrome/147.0.0.0 Safari/537.36 Edg/147.0.0.0" 25 **0/25285**
76.112.185.173 - - [20/May/2026:10:49:09 -0700] "GET /wp-content/uploads/2018/09/15658612_1657273157632152_1994047578_o-400x284.jpg HTTP/2.0" 200 22928 "https://www.pioneercabinetry.net/gallery/" "Mozilla/5.0 (Windows NT 10.0; Win64; x64) AppleWebKit/537.36 (KHTML, like Gecko) Chrome/147.0.0.0 Safari/537.36 Edg/147.0.0.0" 10 **0/10731**
76.112.185.173 - - [20/May/2026:10:49:09 -0700] "GET /wp-content/uploads/2018/09/IMG_1544-1_edited-1-400x284.jpg HTTP/2.0" 200 21676 "https://www.pioneercabinetry.net/gallery/" "Mozilla/5.0 (Windows NT 10.0; Win64; x64) AppleWebKit/537.36 (KHTML, like Gecko) Chrome/147.0.0.0 Safari/537.36 Edg/147.0.0.0" 11 **0/11109**
76.112.185.173 - - [20/May/2026:10:49:09 -0700] "GET /wp-content/uploads/2017/09/527baab4ac383-400x284.jpg HTTP/2.0" 200 29504 "https://www.pioneercabinetry.net/gallery/" "Mozilla/5.0 (Windows NT 10.0; Win64; x64) AppleWebKit/537.36 (KHTML, like Gecko) Chrome/147.0.0.0 Safari/537.36 Edg/147.0.0.0" 12 **0/12875**
76.112.185.173 - - [20/May/2026:10:49:09 -0700] "GET /wp-content/uploads/2018/09/Kitchenmaster-12_16-07976-HDR-400x284.jpg HTTP/2.0" 200 23590 "https://www.pioneercabinetry.net/gallery/" "Mozilla/5.0 (Windows NT 10.0; Win64; x64) AppleWebKit/537.36 (KHTML, like Gecko) Chrome/147.0.0.0 Safari/537.36 Edg/147.0.0.0" 20 **0/20110**
76.112.185.173 - - [20/May/2026:10:49:09 -0700] "GET /wp-content/uploads/2018/09/IMG_1613_edited-4-400x284.jpg HTTP/2.0" 200 21908 "https://www.pioneercabinetry.net/gallery/" "Mozilla/5.0 (Windows NT 10.0; Win64; x64) AppleWebKit/537.36 (KHTML, like Gecko) Chrome/147.0.0.0 Safari/537.36 Edg/147.0.0.0" 11 **0/11917**
76.112.185.173 - - [20/May/2026:10:49:09 -0700] "GET /wp-content/uploads/2018/09/IMG_0232-400x284.jpg HTTP/2.0" 200 19659 "https://www.pioneercabinetry.net/gallery/" "Mozilla/5.0 (Windows NT 10.0; Win64; x64) AppleWebKit/537.36 (KHTML, like Gecko) Chrome/147.0.0.0 Safari/537.36 Edg/147.0.0.0" 19 **0/19785**
76.112.185.173 - - [20/May/2026:10:49:09 -0700] "GET /wp-content/uploads/2018/09/8T3A2978-Edit-21-400x284.jpg HTTP/2.0" 200 24349 "https://www.pioneercabinetry.net/gallery/" "Mozilla/5.0 (Windows NT 10.0; Win64; x64) AppleWebKit/537.36 (KHTML, like Gecko) Chrome/147.0.0.0 Safari/537.36 Edg/147.0.0.0" 20 **0/20856**
76.112.185.173 - - [20/May/2026:10:49:09 -0700] "GET /wp-content/uploads/2018/09/IMG_0230-400x284.jpg HTTP/2.0" 200 21414 "https://www.pioneercabinetry.net/gallery/" "Mozilla/5.0 (Windows NT 10.0; Win64; x64) AppleWebKit/537.36 (KHTML, like Gecko) Chrome/147.0.0.0 Safari/537.36 Edg/147.0.0.0" 28 **0/28095**
76.112.185.173 - - [20/May/2026:10:49:09 -0700] "GET /wp-content/uploads/2018/09/Access_Gladwin08-400x284.jpg HTTP/2.0" 200 24691 "https://www.pioneercabinetry.net/gallery/" "Mozilla/5.0 (Windows NT 10.0; Win64; x64) AppleWebKit/537.36 (KHTML, like Gecko) Chrome/147.0.0.0 Safari/537.36 Edg/147.0.0.0" 14 **0/14861**
76.112.185.173 - - [20/May/2026:10:49:09 -0700] "GET /wp-content/uploads/2017/09/527baabaed83e-400x284.jpg HTTP/2.0" 200 25473 "https://www.pioneercabinetry.net/gallery/" "Mozilla/5.0 (Windows NT 10.0; Win64; x64) AppleWebKit/537.36 (KHTML, like Gecko) Chrome/147.0.0.0 Safari/537.36 Edg/147.0.0.0" 19 **0/19716**
76.112.185.173 - - [20/May/2026:10:49:09 -0700] "GET /wp-content/uploads/2018/09/DSC_0032-400x284.jpg HTTP/2.0" 200 24093 "https://www.pioneercabinetry.net/gallery/" "Mozilla/5.0 (Windows NT 10.0; Win64; x64) AppleWebKit/537.36 (KHTML, like Gecko) Chrome/147.0.0.0 Safari/537.36 Edg/147.0.0.0" 19 **0/19928**
76.112.185.173 - - [20/May/2026:10:49:09 -0700] "GET /wp-content/uploads/2018/09/00018T3A4607-Edit-X3-400x284.jpg HTTP/2.0" 200 20533 "https://www.pioneercabinetry.net/gallery/" "Mozilla/5.0 (Windows NT 10.0; Win64; x64) AppleWebKit/537.36 (KHTML, like Gecko) Chrome/147.0.0.0 Safari/537.36 Edg/147.0.0.0" 31 **0/31064**
76.112.185.173 - - [20/May/2026:10:49:09 -0700] "GET /wp-content/uploads/2018/09/00048T3A4693-Edit-X3-400x284.jpg HTTP/2.0" 200 21850 "https://www.pioneercabinetry.net/gallery/" "Mozilla/5.0 (Windows NT 10.0; Win64; x64) AppleWebKit/537.36 (KHTML, like Gecko) Chrome/147.0.0.0 Safari/537.36 Edg/147.0.0.0" 9 **0/9235**
76.112.185.173 - - [20/May/2026:10:49:09 -0700] "GET /wp-content/uploads/2018/09/IMG_0374-2-400x284.jpg HTTP/2.0" 200 21622 "https://www.pioneercabinetry.net/gallery/" "Mozilla/5.0 (Windows NT 10.0; Win64; x64) AppleWebKit/537.36 (KHTML, like Gecko) Chrome/147.0.0.0 Safari/537.36 Edg/147.0.0.0" 15 **0/15535**
76.112.185.173 - - [20/May/2026:10:49:09 -0700] "GET /wp-content/uploads/2018/09/Rolling-Ridge-Kitchen-2-400x284.jpg HTTP/2.0" 200 23178 "https://www.pioneercabinetry.net/gallery/" "Mozilla/5.0 (Windows NT 10.0; Win64; x64) AppleWebKit/537.36 (KHTML, like Gecko) Chrome/147.0.0.0 Safari/537.36 Edg/147.0.0.0" 15 **0/15806**
76.112.185.173 - - [20/May/2026:10:49:09 -0700] "GET /wp-content/uploads/2018/09/IMG_0421-1-400x284.jpg HTTP/2.0" 200 21265 "https://www.pioneercabinetry.net/gallery/" "Mozilla/5.0 (Windows NT 10.0; Win64; x64) AppleWebKit/537.36 (KHTML, like Gecko) Chrome/147.0.0.0 Safari/537.36 Edg/147.0.0.0" 16 **0/16369**
76.112.185.173 - - [20/May/2026:10:49:09 -0700] "GET /wp-content/uploads/2018/09/IMG_0624-400x284.jpg HTTP/2.0" 200 25280 "https://www.pioneercabinetry.net/gallery/" "Mozilla/5.0 (Windows NT 10.0; Win64; x64) AppleWebKit/537.36 (KHTML, like Gecko) Chrome/147.0.0.0 Safari/537.36 Edg/147.0.0.0" 10 **0/10196**
76.112.185.173 - - [20/May/2026:10:49:09 -0700] "GET /wp-content/uploads/2017/09/527baabbdf2e2-400x284.jpg HTTP/2.0" 200 26876 "https://www.pioneercabinetry.net/gallery/" "Mozilla/5.0 (Windows NT 10.0; Win64; x64) AppleWebKit/537.36 (KHTML, like Gecko) Chrome/147.0.0.0 Safari/537.36 Edg/147.0.0.0" 8 **0/8087**
76.112.185.173 - - [20/May/2026:10:49:09 -0700] "GET /wp-content/uploads/2017/09/527baab888de0-400x284.jpg HTTP/2.0" 200 21960 "https://www.pioneercabinetry.net/gallery/" "Mozilla/5.0 (Windows NT 10.0; Win64; x64) AppleWebKit/537.36 (KHTML, like Gecko) Chrome/147.0.0.0 Safari/537.36 Edg/147.0.0.0" 9 **0/9935**
76.112.185.173 - - [20/May/2026:10:49:09 -0700] "GET /wp-content/uploads/2018/09/00028T3A31631-Edit-L-400x284.jpg HTTP/2.0" 200 21161 "https://www.pioneercabinetry.net/gallery/" "Mozilla/5.0 (Windows NT 10.0; Win64; x64) AppleWebKit/537.36 (KHTML, like Gecko) Chrome/147.0.0.0 Safari/537.36 Edg/147.0.0.0" 8 **0/8056**
76.112.185.173 - - [20/May/2026:10:49:10 -0700] "GET /wp-content/uploads/2018/09/00018T3A3148-Edit-L-400x284.jpg HTTP/2.0" 200 17975 "https://www.pioneercabinetry.net/gallery/" "Mozilla/5.0 (Windows NT 10.0; Win64; x64) AppleWebKit/537.36 (KHTML, like Gecko) Chrome/147.0.0.0 Safari/537.36 Edg/147.0.0.0" 14 **0/14730**
76.112.185.173 - - [20/May/2026:10:49:10 -0700] "GET /wp-content/uploads/2018/09/IMG_5711-21-400x284.jpg HTTP/2.0" 200 19894 "https://www.pioneercabinetry.net/gallery/" "Mozilla/5.0 (Windows NT 10.0; Win64; x64) AppleWebKit/537.36 (KHTML, like Gecko) Chrome/147.0.0.0 Safari/537.36 Edg/147.0.0.0" 15 **0/15046**
76.112.185.173 - - [20/May/2026:10:49:10 -0700] "GET /wp-content/uploads/2018/09/Jamrog-Kitchen-400x284.jpg HTTP/2.0" 200 26421 "https://www.pioneercabinetry.net/gallery/" "Mozilla/5.0 (Windows NT 10.0; Win64; x64) AppleWebKit/537.36 (KHTML, like Gecko) Chrome/147.0.0.0 Safari/537.36 Edg/147.0.0.0" 15 **0/15284**
76.112.185.173 - - [20/May/2026:10:49:10 -0700] "GET /wp-content/uploads/2018/09/IMG_5713-21-400x284.jpg HTTP/2.0" 200 25235 "https://www.pioneercabinetry.net/gallery/" "Mozilla/5.0 (Windows NT 10.0; Win64; x64) AppleWebKit/537.36 (KHTML, like Gecko) Chrome/147.0.0.0 Safari/537.36 Edg/147.0.0.0" 16 **0/16116**
107.194.32.55 - - [20/May/2026:10:49:09 -0700] "GET /wp-admin/admin-ajax.php?action=updraft_ajax&subaction=activejobs_list&nonce=33dd573458&downloaders= HTTP/2.0" 200 34 "https://www.pioneercabinetry.net/wp-admin/options-general.php?page=updraftplus" "Mozilla/5.0 (Macintosh; Intel Mac OS X 10.15; rv:150.0) Gecko/20100101 Firefox/150.0" 1100 **1/1100050**
76.112.185.173 - - [20/May/2026:10:49:10 -0700] "GET /wp-content/uploads/2017/09/527baab5049de-400x284.jpg HTTP/2.0" 200 27374 "https://www.pioneercabinetry.net/gallery/" "Mozilla/5.0 (Windows NT 10.0; Win64; x64) AppleWebKit/537.36 (KHTML, like Gecko) Chrome/147.0.0.0 Safari/537.36 Edg/147.0.0.0" 11 **0/11824**
76.112.185.173 - - [20/May/2026:10:49:10 -0700] "GET /wp-content/uploads/2017/09/527baaba3fb97-400x284.jpg HTTP/2.0" 200 27015 "https://www.pioneercabinetry.net/gallery/" "Mozilla/5.0 (Windows NT 10.0; Win64; x64) AppleWebKit/537.36 (KHTML, like Gecko) Chrome/147.0.0.0 Safari/537.36 Edg/147.0.0.0" 10 **0/10227**
76.112.185.173 - - [20/May/2026:10:49:10 -0700] "GET /wp-content/uploads/2018/09/IMG_4536-7-400x284.jpg HTTP/2.0" 200 24769 "https://www.pioneercabinetry.net/gallery/" "Mozilla/5.0 (Windows NT 10.0; Win64; x64) AppleWebKit/537.36 (KHTML, like Gecko) Chrome/147.0.0.0 Safari/537.36 Edg/147.0.0.0" 17 **0/17074**
76.112.185.173 - - [20/May/2026:10:49:10 -0700] "GET /wp-content/uploads/2018/09/IMG_4551-9-400x284.jpg HTTP/2.0" 200 22839 "https://www.pioneercabinetry.net/gallery/" "Mozilla/5.0 (Windows NT 10.0; Win64; x64) AppleWebKit/537.36 (KHTML, like Gecko) Chrome/147.0.0.0 Safari/537.36 Edg/147.0.0.0" 12 **0/12097**
76.112.185.173 - - [20/May/2026:10:49:10 -0700] "GET /wp-content/uploads/2018/09/IMG_4568-9_edited-1-400x284.jpg HTTP/2.0" 200 23000 "https://www.pioneercabinetry.net/gallery/" "Mozilla/5.0 (Windows NT 10.0; Win64; x64) AppleWebKit/537.36 (KHTML, like Gecko) Chrome/147.0.0.0 Safari/537.36 Edg/147.0.0.0" 9 **0/9833**
76.112.185.173 - - [20/May/2026:10:49:10 -0700] "GET /wp-content/uploads/2018/09/IMG_1514-400x284.jpg HTTP/2.0" 200 24277 "https://www.pioneercabinetry.net/gallery/" "Mozilla/5.0 (Windows NT 10.0; Win64; x64) AppleWebKit/537.36 (KHTML, like Gecko) Chrome/147.0.0.0 Safari/537.36 Edg/147.0.0.0" 10 **0/10860**
76.112.185.173 - - [20/May/2026:10:49:10 -0700] "GET /wp-content/uploads/2017/09/527baabf0adb1-400x284.jpg HTTP/2.0" 200 29531 "https://www.pioneercabinetry.net/gallery/" "Mozilla/5.0 (Windows NT 10.0; Win64; x64) AppleWebKit/537.36 (KHTML, like Gecko) Chrome/147.0.0.0 Safari/537.36 Edg/147.0.0.0" 9 **0/9535**
76.112.185.173 - - [20/May/2026:10:49:10 -0700] "GET /wp-content/uploads/2018/09/DSCN1028-400x284.jpg HTTP/2.0" 200 22744 "https://www.pioneercabinetry.net/gallery/" "Mozilla/5.0 (Windows NT 10.0; Win64; x64) AppleWebKit/537.36 (KHTML, like Gecko) Chrome/147.0.0.0 Safari/537.36 Edg/147.0.0.0" 8 **0/8849**
76.112.185.173 - - [20/May/2026:10:49:10 -0700] "GET /wp-content/uploads/2018/09/IMG_0319-400x284.jpg HTTP/2.0" 200 27459 "https://www.pioneercabinetry.net/gallery/" "Mozilla/5.0 (Windows NT 10.0; Win64; x64) AppleWebKit/537.36 (KHTML, like Gecko) Chrome/147.0.0.0 Safari/537.36 Edg/147.0.0.0" 16 **0/16429**
76.112.185.173 - - [20/May/2026:10:49:10 -0700] "GET /wp-content/uploads/2018/09/DSC_0006-400x284.jpg HTTP/2.0" 200 23314 "https://www.pioneercabinetry.net/gallery/" "Mozilla/5.0 (Windows NT 10.0; Win64; x64) AppleWebKit/537.36 (KHTML, like Gecko) Chrome/147.0.0.0 Safari/537.36 Edg/147.0.0.0" 9 **0/9015**
76.112.185.173 - - [20/May/2026:10:49:10 -0700] "GET /wp-content/uploads/2018/09/Kitchenmaster-12_16-07880-HDR-1-400x284.jpg HTTP/2.0" 200 24886 "https://www.pioneercabinetry.net/gallery/" "Mozilla/5.0 (Windows NT 10.0; Win64; x64) AppleWebKit/537.36 (KHTML, like Gecko) Chrome/147.0.0.0 Safari/537.36 Edg/147.0.0.0" 9 **0/9907**
76.112.185.173 - - [20/May/2026:10:49:10 -0700] "GET /wp-content/uploads/2018/09/DSC_0007-2-400x284.jpg HTTP/2.0" 200 23834 "https://www.pioneercabinetry.net/gallery/" "Mozilla/5.0 (Windows NT 10.0; Win64; x64) AppleWebKit/537.36 (KHTML, like Gecko) Chrome/147.0.0.0 Safari/537.36 Edg/147.0.0.0" 11 **0/11005**
76.112.185.173 - - [20/May/2026:10:49:10 -0700] "GET /wp-content/uploads/2017/09/527baac131bfd-400x284.jpg HTTP/2.0" 200 27626 "https://www.pioneercabinetry.net/gallery/" "Mozilla/5.0 (Windows NT 10.0; Win64; x64) AppleWebKit/537.36 (KHTML, like Gecko) Chrome/147.0.0.0 Safari/537.36 Edg/147.0.0.0" 10 **0/10892**
76.112.185.173 - - [20/May/2026:10:49:10 -0700] "GET /wp-content/uploads/2018/09/IMG_0360-400x284.jpg HTTP/2.0" 200 19349 "https://www.pioneercabinetry.net/gallery/" "Mozilla/5.0 (Windows NT 10.0; Win64; x64) AppleWebKit/537.36 (KHTML, like Gecko) Chrome/147.0.0.0 Safari/537.36 Edg/147.0.0.0" 12 **0/12716**
76.112.185.173 - - [20/May/2026:10:49:10 -0700] "GET /wp-content/uploads/2018/09/Rousee-Overall-Kitchen-400x284.jpg HTTP/2.0" 200 24986 "https://www.pioneercabinetry.net/gallery/" "Mozilla/5.0 (Windows NT 10.0; Win64; x64) AppleWebKit/537.36 (KHTML, like Gecko) Chrome/147.0.0.0 Safari/537.36 Edg/147.0.0.0" 16 **0/16899**
76.112.185.173 - - [20/May/2026:10:49:10 -0700] "GET /wp-content/uploads/2018/09/DSCN1171-400x284.jpg HTTP/2.0" 200 19575 "https://www.pioneercabinetry.net/gallery/" "Mozilla/5.0 (Windows NT 10.0; Win64; x64) AppleWebKit/537.36 (KHTML, like Gecko) Chrome/147.0.0.0 Safari/537.36 Edg/147.0.0.0" 17 **0/17615**
76.112.185.173 - - [20/May/2026:10:49:10 -0700] "GET /wp-content/uploads/2018/09/IMG_5776-400x284.jpg HTTP/2.0" 200 20298 "https://www.pioneercabinetry.net/gallery/" "Mozilla/5.0 (Windows NT 10.0; Win64; x64) AppleWebKit/537.36 (KHTML, like Gecko) Chrome/147.0.0.0 Safari/537.36 Edg/147.0.0.0" 10 **0/10976**
76.112.185.173 - - [20/May/2026:10:49:10 -0700] "GET /wp-content/uploads/2018/09/IMG_5802-400x284.jpg HTTP/2.0" 200 21473 "https://www.pioneercabinetry.net/gallery/" "Mozilla/5.0 (Windows NT 10.0; Win64; x64) AppleWebKit/537.36 (KHTML, like Gecko) Chrome/147.0.0.0 Safari/537.36 Edg/147.0.0.0" 11 **0/11737**
76.112.185.173 - - [20/May/2026:10:49:10 -0700] "GET /wp-content/uploads/2018/09/DSC_0057-400x284.jpg HTTP/2.0" 200 21205 "https://www.pioneercabinetry.net/gallery/" "Mozilla/5.0 (Windows NT 10.0; Win64; x64) AppleWebKit/537.36 (KHTML, like Gecko) Chrome/147.0.0.0 Safari/537.36 Edg/147.0.0.0" 12 **0/12383**
76.112.185.173 - - [20/May/2026:10:49:10 -0700] "GET /wp-content/uploads/2018/09/IMG_1292-1_edited-6-400x284.jpg HTTP/2.0" 200 28178 "https://www.pioneercabinetry.net/gallery/" "Mozilla/5.0 (Windows NT 10.0; Win64; x64) AppleWebKit/537.36 (KHTML, like Gecko) Chrome/147.0.0.0 Safari/537.36 Edg/147.0.0.0" 307 **0/307489**
76.112.185.173 - - [20/May/2026:10:49:11 -0700] "GET /wp-content/uploads/2018/09/IMG_8723-400x284.jpg HTTP/2.0" 200 22130 "https://www.pioneercabinetry.net/gallery/" "Mozilla/5.0 (Windows NT 10.0; Win64; x64) AppleWebKit/537.36 (KHTML, like Gecko) Chrome/147.0.0.0 Safari/537.36 Edg/147.0.0.0" 13 **0/13414**
76.112.185.173 - - [20/May/2026:10:49:11 -0700] "GET /wp-content/uploads/2018/09/IMG_8734-400x284.jpg HTTP/2.0" 200 23878 "https://www.pioneercabinetry.net/gallery/" "Mozilla/5.0 (Windows NT 10.0; Win64; x64) AppleWebKit/537.36 (KHTML, like Gecko) Chrome/147.0.0.0 Safari/537.36 Edg/147.0.0.0" 11 **0/11802**
76.112.185.173 - - [20/May/2026:10:49:11 -0700] "GET /wp-content/uploads/2018/09/Kitchenmaster-12_16-07996-HDR-1-400x284.jpg HTTP/2.0" 200 23573 "https://www.pioneercabinetry.net/gallery/" "Mozilla/5.0 (Windows NT 10.0; Win64; x64) AppleWebKit/537.36 (KHTML, like Gecko) Chrome/147.0.0.0 Safari/537.36 Edg/147.0.0.0" 13 **0/13725**
76.112.185.173 - - [20/May/2026:10:49:11 -0700] "GET /wp-content/uploads/2018/09/Kitchenmaster-12_16-07982-HDR-400x284.jpg HTTP/2.0" 200 26322 "https://www.pioneercabinetry.net/gallery/" "Mozilla/5.0 (Windows NT 10.0; Win64; x64) AppleWebKit/537.36 (KHTML, like Gecko) Chrome/147.0.0.0 Safari/537.36 Edg/147.0.0.0" 20 **0/20592**
76.112.185.173 - - [20/May/2026:10:49:11 -0700] "GET /wp-content/uploads/2019/10/Tom-Peters-2-400x284.jpg HTTP/2.0" 200 25617 "https://www.pioneercabinetry.net/gallery/" "Mozilla/5.0 (Windows NT 10.0; Win64; x64) AppleWebKit/537.36 (KHTML, like Gecko) Chrome/147.0.0.0 Safari/537.36 Edg/147.0.0.0" 9 **0/9433**
76.112.185.173 - - [20/May/2026:10:49:11 -0700] "GET /wp-content/uploads/2019/10/Tom-Peters-1-400x284.jpg HTTP/2.0" 200 21436 "https://www.pioneercabinetry.net/gallery/" "Mozilla/5.0 (Windows NT 10.0; Win64; x64) AppleWebKit/537.36 (KHTML, like Gecko) Chrome/147.0.0.0 Safari/537.36 Edg/147.0.0.0" 10 **0/10058**
76.112.185.173 - - [20/May/2026:10:49:11 -0700] "GET /wp-content/uploads/2019/10/Tom-Peters-4-400x284.jpg HTTP/2.0" 200 18409 "https://www.pioneercabinetry.net/gallery/" "Mozilla/5.0 (Windows NT 10.0; Win64; x64) AppleWebKit/537.36 (KHTML, like Gecko) Chrome/147.0.0.0 Safari/537.36 Edg/147.0.0.0" 10 **0/10332**
107.194.32.55 - - [20/May/2026:10:49:15 -0700] "GET /wp-admin/admin-ajax.php?action=updraft_ajax&subaction=activejobs_list&nonce=33dd573458&downloaders= HTTP/2.0" 200 34 "https://www.pioneercabinetry.net/wp-admin/options-general.php?page=updraftplus" "Mozilla/5.0 (Macintosh; Intel Mac OS X 10.15; rv:150.0) Gecko/20100101 Firefox/150.0" 1045 **1/1045719**
107.194.32.55 - - [20/May/2026:10:49:21 -0700] "GET /wp-admin/admin-ajax.php?action=updraft_ajax&subaction=activejobs_list&nonce=33dd573458&downloaders= HTTP/2.0" 200 34 "https://www.pioneercabinetry.net/wp-admin/options-general.php?page=updraftplus" "Mozilla/5.0 (Macintosh; Intel Mac OS X 10.15; rv:150.0) Gecko/20100101 Firefox/150.0" 1161 **1/1161579**
76.112.185.173 - - [20/May/2026:10:49:26 -0700] "GET /wp-content/uploads/2019/10/Tom-Peters-4.jpg HTTP/2.0" 200 2478130 "https://www.pioneercabinetry.net/gallery/" "Mozilla/5.0 (Windows NT 10.0; Win64; x64) AppleWebKit/537.36 (KHTML, like Gecko) Chrome/147.0.0.0 Safari/537.36 Edg/147.0.0.0" 772 **0/772531**
76.112.185.173 - - [20/May/2026:10:49:26 -0700] "GET /wp-content/uploads/2018/09/2.jpg HTTP/2.0" 200 10988064 "https://www.pioneercabinetry.net/gallery/" "Mozilla/5.0 (Windows NT 10.0; Win64; x64) AppleWebKit/537.36 (KHTML, like Gecko) Chrome/147.0.0.0 Safari/537.36 Edg/147.0.0.0" 893 **0/893054**
76.112.185.173 - - [20/May/2026:10:49:26 -0700] "GET /wp-content/uploads/2018/09/5.jpg HTTP/2.0" 200 13840243 "https://www.pioneercabinetry.net/gallery/" "Mozilla/5.0 (Windows NT 10.0; Win64; x64) AppleWebKit/537.36 (KHTML, like Gecko) Chrome/147.0.0.0 Safari/537.36 Edg/147.0.0.0" 1062 **1/1062214**
107.194.32.55 - - [20/May/2026:10:49:27 -0700] "GET /wp-admin/admin-ajax.php?action=updraft_ajax&subaction=activejobs_list&nonce=33dd573458&downloaders= HTTP/2.0" 200 34 "https://www.pioneercabinetry.net/wp-admin/options-general.php?page=updraftplus" "Mozilla/5.0 (Macintosh; Intel Mac OS X 10.15; rv:150.0) Gecko/20100101 Firefox/150.0" 1174 **1/1174988**
107.194.32.55 - - [20/May/2026:10:49:33 -0700] "GET /wp-admin/admin-ajax.php?action=updraft_ajax&subaction=activejobs_list&nonce=33dd573458&downloaders= HTTP/2.0" 200 34 "https://www.pioneercabinetry.net/wp-admin/options-general.php?page=updraftplus" "Mozilla/5.0 (Macintosh; Intel Mac OS X 10.15; rv:150.0) Gecko/20100101 Firefox/150.0" 1072 **1/1072571**
107.194.32.55 - - [20/May/2026:10:49:40 -0700] "GET /wp-admin/admin-ajax.php?action=updraft_ajax&subaction=activejobs_list&nonce=33dd573458&downloaders= HTTP/2.0" 302 - "https://www.pioneercabinetry.net/wp-admin/options-general.php?page=updraftplus" "Mozilla/5.0 (Macintosh; Intel Mac OS X 10.15; rv:150.0) Gecko/20100101 Firefox/150.0" 1163 **1/1163339**
107.194.32.55 - - [20/May/2026:10:49:41 -0700] "GET /?aiowpsec_do_log_out=1&al_additional_data=1&_wpnonce=8c974ef7fe HTTP/2.0" 302 - "https://www.pioneercabinetry.net/wp-admin/options-general.php?page=updraftplus" "Mozilla/5.0 (Macintosh; Intel Mac OS X 10.15; rv:150.0) Gecko/20100101 Firefox/150.0" 648 **0/648930**
107.194.32.55 - - [20/May/2026:10:49:42 -0700] "GET /wp-login.php?redirect_to=https%3A%2F%2Fwww.pioneercabinetry.net%2Fwp-admin%2Foptions-general.php%3Fpage%3Dupdraftplus&aiowps_login_msg_id=session_expired HTTP/2.0" 200 2092 "https://www.pioneercabinetry.net/wp-admin/options-general.php?page=updraftplus" "Mozilla/5.0 (Macintosh; Intel Mac OS X 10.15; rv:150.0) Gecko/20100101 Firefox/150.0" 1012 **1/1012570**
107.194.32.55 - - [20/May/2026:10:49:45 -0700] "GET /wp-admin/admin-ajax.php?action=updraft_ajax&subaction=activejobs_list&nonce=33dd573458&downloaders= HTTP/2.0" 400 1 "https://www.pioneercabinetry.net/wp-admin/options-general.php?page=updraftplus" "Mozilla/5.0 (Macintosh; Intel Mac OS X 10.15; rv:150.0) Gecko/20100101 Firefox/150.0" 1073 **1/1073531**
157.55.39.204 - - [20/May/2026:10:49:48 -0700] "GET /traditional-door-styles/ HTTP/2.0" 200 25788 "-" "Mozilla/5.0 AppleWebKit/537.36 (KHTML, like Gecko; compatible; bingbot/2.0; +http://www.bing.com/bingbot.htm) Chrome/116.0.1938.76 Safari/537.36" 2054 **2/2054631**
107.194.32.55 - - [20/May/2026:10:49:52 -0700] "GET /wp-admin/admin-ajax.php?action=updraft_ajax&subaction=activejobs_list&nonce=33dd573458&downloaders= HTTP/2.0" 400 1 "https://www.pioneercabinetry.net/wp-admin/options-general.php?page=updraftplus" "Mozilla/5.0 (Macintosh; Intel Mac OS X 10.15; rv:150.0) Gecko/20100101 Firefox/150.0" 1088 **1/1088005**
107.194.32.55 - - [20/May/2026:10:49:57 -0700] "GET /wp-admin/admin-ajax.php?action=updraft_ajax&subaction=activejobs_list&nonce=33dd573458&downloaders= HTTP/2.0" 400 1 "https://www.pioneercabinetry.net/wp-admin/options-general.php?page=updraftplus" "Mozilla/5.0 (Macintosh; Intel Mac OS X 10.15; rv:150.0) Gecko/20100101 Firefox/150.0" 1057 **1/1057215**
107.194.32.55 - - [20/May/2026:10:50:04 -0700] "GET /wp-admin/admin-ajax.php?action=updraft_ajax&subaction=activejobs_list&nonce=33dd573458&downloaders= HTTP/2.0" 400 1 "https://www.pioneercabinetry.net/wp-admin/options-general.php?page=updraftplus" "Mozilla/5.0 (Macintosh; Intel Mac OS X 10.15; rv:150.0) Gecko/20100101 Firefox/150.0" 1480 **1/1480328**
157.55.39.204 - - [20/May/2026:10:50:09 -0700] "GET /wp-content/et-cache/6378/et-core-unified-tb-6252-tb-5898-deferred-6378.min.css?ver=1779290920 HTTP/2.0" 200 228 "https://www.pioneercabinetry.net/traditional-door-styles/" "Mozilla/5.0 AppleWebKit/537.36 (KHTML, like Gecko; compatible; bingbot/2.0; +http://www.bing.com/bingbot.htm) Chrome/136.0.0.0 Safari/537.36 AppleWebKit/537.36 (KHTML, like Gecko; compatible; bingbot/2.0; +http://www.bing.com/bingbot.htm) Chrome/116.0.1938.76 Safari/537.36" 12 **0/12468**
157.55.39.204 - - [20/May/2026:10:50:09 -0700] "GET /wp-content/themes/Divi/includes/builder/feature/dynamic-assets/assets/js/magnific-popup.js?ver=4.27.6 HTTP/2.0" 200 8337 "https://www.pioneercabinetry.net/traditional-door-styles/" "Mozilla/5.0 AppleWebKit/537.36 (KHTML, like Gecko; compatible; bingbot/2.0; +http://www.bing.com/bingbot.htm) Chrome/136.0.0.0 Safari/537.36 AppleWebKit/537.36 (KHTML, like Gecko; compatible; bingbot/2.0; +http://www.bing.com/bingbot.htm) Chrome/116.0.1938.76 Safari/537.36" 22 **0/22630**
107.194.32.55 - - [20/May/2026:10:50:10 -0700] "GET /wp-admin/admin-ajax.php?action=updraft_ajax&subaction=activejobs_list&nonce=33dd573458&downloaders= HTTP/2.0" 400 1 "https://www.pioneercabinetry.net/wp-admin/options-general.php?page=updraftplus" "Mozilla/5.0 (Macintosh; Intel Mac OS X 10.15; rv:150.0) Gecko/20100101 Firefox/150.0" 1136 **1/1136289**
40.77.167.57 - - [20/May/2026:10:50:11 -0700] "GET /wp-content/et-cache/6378/et-core-unified-6378.min.css?ver=1779290919 HTTP/2.0" 200 749 "https://www.pioneercabinetry.net/traditional-door-styles/" "Mozilla/5.0 AppleWebKit/537.36 (KHTML, like Gecko; compatible; bingbot/2.0; +http://www.bing.com/bingbot.htm) Chrome/136.0.0.0 Safari/537.36 AppleWebKit/537.36 (KHTML, like Gecko; compatible; bingbot/2.0; +http://www.bing.com/bingbot.htm) Chrome/116.0.1938.76 Safari/537.36" 11 **0/11445**
40.77.167.136 - - [20/May/2026:10:50:13 -0700] "GET /wp-content/et-cache/6378/et-divi-dynamic-tb-6252-tb-5898-6378-late.css?ver=1779290920 HTTP/2.0" 200 3400 "https://www.pioneercabinetry.net/traditional-door-styles/" "Mozilla/5.0 AppleWebKit/537.36 (KHTML, like Gecko; compatible; bingbot/2.0; +http://www.bing.com/bingbot.htm) Chrome/136.0.0.0 Safari/537.36 AppleWebKit/537.36 (KHTML, like Gecko; compatible; bingbot/2.0; +http://www.bing.com/bingbot.htm) Chrome/116.0.1938.76 Safari/537.36" 9 **0/9799**
40.77.167.136 - - [20/May/2026:10:50:13 -0700] "GET /wp-content/et-cache/6378/et-divi-dynamic-tb-6252-tb-5898-6378-late.css HTTP/2.0" 200 3400 "https://www.pioneercabinetry.net/traditional-door-styles/" "Mozilla/5.0 AppleWebKit/537.36 (KHTML, like Gecko; compatible; bingbot/2.0; +http://www.bing.com/bingbot.htm) Chrome/136.0.0.0 Safari/537.36 AppleWebKit/537.36 (KHTML, like Gecko; compatible; bingbot/2.0; +http://www.bing.com/bingbot.htm) Chrome/116.0.1938.76 Safari/537.36" 11 **0/11176**
107.194.32.55 - - [20/May/2026:10:50:16 -0700] "GET /wp-admin/admin-ajax.php?action=updraft_ajax&subaction=activejobs_list&nonce=33dd573458&downloaders= HTTP/2.0" 400 1 "https://www.pioneercabinetry.net/wp-admin/options-general.php?page=updraftplus" "Mozilla/5.0 (Macintosh; Intel Mac OS X 10.15; rv:150.0) Gecko/20100101 Firefox/150.0" 1173 **1/1173675**
107.194.32.55 - - [20/May/2026:10:50:22 -0700] "GET /wp-admin/admin-ajax.php?action=updraft_ajax&subaction=activejobs_list&nonce=33dd573458&downloaders= HTTP/2.0" 400 1 "https://www.pioneercabinetry.net/wp-admin/options-general.php?page=updraftplus" "Mozilla/5.0 (Macintosh; Intel Mac OS X 10.15; rv:150.0) Gecko/20100101 Firefox/150.0" 1183 **1/1183075**
107.194.32.55 - - [20/May/2026:10:50:28 -0700] "GET /wp-admin/admin-ajax.php?action=updraft_ajax&subaction=activejobs_list&nonce=33dd573458&downloaders= HTTP/2.0" 400 1 "https://www.pioneercabinetry.net/wp-admin/options-general.php?page=updraftplus" "Mozilla/5.0 (Macintosh; Intel Mac OS X 10.15; rv:150.0) Gecko/20100101 Firefox/150.0" 1103 **1/1103634**
107.194.32.55 - - [20/May/2026:10:50:34 -0700] "GET /wp-admin/admin-ajax.php?action=updraft_ajax&subaction=activejobs_list&nonce=33dd573458&downloaders= HTTP/2.0" 400 1 "https://www.pioneercabinetry.net/wp-admin/options-general.php?page=updraftplus" "Mozilla/5.0 (Macintosh; Intel Mac OS X 10.15; rv:150.0) Gecko/20100101 Firefox/150.0" 1097 **1/1097184**
107.194.32.55 - - [20/May/2026:10:50:40 -0700] "GET /wp-admin/admin-ajax.php?action=updraft_ajax&subaction=activejobs_list&nonce=33dd573458&downloaders= HTTP/2.0" 400 1 "https://www.pioneercabinetry.net/wp-admin/options-general.php?page=updraftplus" "Mozilla/5.0 (Macintosh; Intel Mac OS X 10.15; rv:150.0) Gecko/20100101 Firefox/150.0" 1136 **1/1136175**
20.169.78.183 - - [20/May/2026:10:50:43 -0700] "GET / HTTP/2.0" 200 29053 "-" "Mozilla/5.0 AppleWebKit/537.36 (KHTML, like Gecko); compatible; ChatGPT-User/1.0; +https://openai.com/bot" 3390 **3/3390518**
20.169.78.183 - - [20/May/2026:10:50:43 -0700] "GET /wood-species/ HTTP/2.0" 200 26657 "-" "Mozilla/5.0 AppleWebKit/537.36 (KHTML, like Gecko); compatible; ChatGPT-User/1.0; +https://openai.com/bot" 4581 **4/4581939**
107.194.32.55 - - [20/May/2026:10:50:46 -0700] "GET /wp-admin/admin-ajax.php?action=updraft_ajax&subaction=activejobs_list&nonce=33dd573458&downloaders= HTTP/2.0" 400 1 "https://www.pioneercabinetry.net/wp-admin/options-general.php?page=updraftplus" "Mozilla/5.0 (Macintosh; Intel Mac OS X 10.15; rv:150.0) Gecko/20100101 Firefox/150.0" 1943 **1/1943955**
20.169.78.183 - - [20/May/2026:10:50:49 -0700] "GET / HTTP/2.0" 301 - "-" "Mozilla/5.0 AppleWebKit/537.36 (KHTML, like Gecko); compatible; ChatGPT-User/1.0; +https://openai.com/bot" 1207 **1/1207238**
20.169.78.190 - - [20/May/2026:10:50:50 -0700] "GET / HTTP/2.0" 200 29053 "-" "Mozilla/5.0 AppleWebKit/537.36 (KHTML, like Gecko); compatible; ChatGPT-User/1.0; +https://openai.com/bot" 1712 **1/1712928**
107.194.32.55 - - [20/May/2026:10:50:52 -0700] "GET /wp-admin/admin-ajax.php?action=updraft_ajax&subaction=activejobs_list&nonce=33dd573458&downloaders= HTTP/2.0" 400 1 "https://www.pioneercabinetry.net/wp-admin/options-general.php?page=updraftplus" "Mozilla/5.0 (Macintosh; Intel Mac OS X 10.15; rv:150.0) Gecko/20100101 Firefox/150.0" 1107 **1/1107426**
107.194.32.55 - - [20/May/2026:10:50:58 -0700] "GET /wp-admin/admin-ajax.php?action=updraft_ajax&subaction=activejobs_list&nonce=33dd573458&downloaders= HTTP/2.0" 400 1 "https://www.pioneercabinetry.net/wp-admin/options-general.php?page=updraftplus" "Mozilla/5.0 (Macintosh; Intel Mac OS X 10.15; rv:150.0) Gecko/20100101 Firefox/150.0" 1043 **1/1043067**
107.194.32.55 - - [20/May/2026:10:51:05 -0700] "GET /wp-admin/admin-ajax.php?action=updraft_ajax&subaction=activejobs_list&nonce=33dd573458&downloaders= HTTP/2.0" 400 1 "https://www.pioneercabinetry.net/wp-admin/options-general.php?page=updraftplus" "Mozilla/5.0 (Macintosh; Intel Mac OS X 10.15; rv:150.0) Gecko/20100101 Firefox/150.0" 1160 **1/1160405**
107.194.32.55 - - [20/May/2026:10:51:10 -0700] "GET /wp-admin/admin-ajax.php?action=updraft_ajax&subaction=activejobs_list&nonce=33dd573458&downloaders= HTTP/2.0" 400 1 "https://www.pioneercabinetry.net/wp-admin/options-general.php?page=updraftplus" "Mozilla/5.0 (Macintosh; Intel Mac OS X 10.15; rv:150.0) Gecko/20100101 Firefox/150.0" 1104 **1/1104766**
107.194.32.55 - - [20/May/2026:10:51:17 -0700] "GET /wp-admin/admin-ajax.php?action=updraft_ajax&subaction=activejobs_list&nonce=33dd573458&downloaders= HTTP/2.0" 400 1 "https://www.pioneercabinetry.net/wp-admin/options-general.php?page=updraftplus" "Mozilla/5.0 (Macintosh; Intel Mac OS X 10.15; rv:150.0) Gecko/20100101 Firefox/150.0" 1106 **1/1106630**
107.194.32.55 - - [20/May/2026:10:51:23 -0700] "GET /wp-admin/admin-ajax.php?action=updraft_ajax&subaction=activejobs_list&nonce=33dd573458&downloaders= HTTP/2.0" 400 1 "https://www.pioneercabinetry.net/wp-admin/options-general.php?page=updraftplus" "Mozilla/5.0 (Macintosh; Intel Mac OS X 10.15; rv:150.0) Gecko/20100101 Firefox/150.0" 1073 **1/1073438**
107.194.32.55 - - [20/May/2026:10:51:29 -0700] "GET /wp-admin/admin-ajax.php?action=updraft_ajax&subaction=activejobs_list&nonce=33dd573458&downloaders= HTTP/2.0" 400 1 "https://www.pioneercabinetry.net/wp-admin/options-general.php?page=updraftplus" "Mozilla/5.0 (Macintosh; Intel Mac OS X 10.15; rv:150.0) Gecko/20100101 Firefox/150.0" 1016 **1/1016703**
107.194.32.55 - - [20/May/2026:10:51:35 -0700] "GET /wp-admin/admin-ajax.php?action=updraft_ajax&subaction=activejobs_list&nonce=33dd573458&downloaders= HTTP/2.0" 400 1 "https://www.pioneercabinetry.net/wp-admin/options-general.php?page=updraftplus" "Mozilla/5.0 (Macintosh; Intel Mac OS X 10.15; rv:150.0) Gecko/20100101 Firefox/150.0" 1117 **1/1117945**
107.194.32.55 - - [20/May/2026:10:51:41 -0700] "GET /wp-admin/admin-ajax.php?action=updraft_ajax&subaction=activejobs_list&nonce=33dd573458&downloaders= HTTP/2.0" 400 1 "https://www.pioneercabinetry.net/wp-admin/options-general.php?page=updraftplus" "Mozilla/5.0 (Macintosh; Intel Mac OS X 10.15; rv:150.0) Gecko/20100101 Firefox/150.0" 1148 **1/1148024**
107.194.32.55 - - [20/May/2026:10:51:47 -0700] "GET /wp-admin/admin-ajax.php?action=updraft_ajax&subaction=activejobs_list&nonce=33dd573458&downloaders= HTTP/2.0" 400 1 "https://www.pioneercabinetry.net/wp-admin/options-general.php?page=updraftplus" "Mozilla/5.0 (Macintosh; Intel Mac OS X 10.15; rv:150.0) Gecko/20100101 Firefox/150.0" 1275 **1/1275597**
107.194.32.55 - - [20/May/2026:10:51:53 -0700] "GET /wp-admin/admin-ajax.php?action=updraft_ajax&subaction=activejobs_list&nonce=33dd573458&downloaders= HTTP/2.0" 400 1 "https://www.pioneercabinetry.net/wp-admin/options-general.php?page=updraftplus" "Mozilla/5.0 (Macintosh; Intel Mac OS X 10.15; rv:150.0) Gecko/20100101 Firefox/150.0" 2134 **2/2134508**
107.194.32.55 - - [20/May/2026:10:51:59 -0700] "GET /wp-admin/admin-ajax.php?action=updraft_ajax&subaction=activejobs_list&nonce=33dd573458&downloaders= HTTP/2.0" 400 1 "https://www.pioneercabinetry.net/wp-admin/options-general.php?page=updraftplus" "Mozilla/5.0 (Macintosh; Intel Mac OS X 10.15; rv:150.0) Gecko/20100101 Firefox/150.0" 1313 **1/1313372**
107.194.32.55 - - [20/May/2026:10:52:05 -0700] "GET /wp-admin/admin-ajax.php?action=updraft_ajax&subaction=activejobs_list&nonce=33dd573458&downloaders= HTTP/2.0" 400 1 "https://www.pioneercabinetry.net/wp-admin/options-general.php?page=updraftplus" "Mozilla/5.0 (Macintosh; Intel Mac OS X 10.15; rv:150.0) Gecko/20100101 Firefox/150.0" 1040 **1/1040721**
107.194.32.55 - - [20/May/2026:10:52:12 -0700] "GET /wp-admin/admin-ajax.php?action=updraft_ajax&subaction=activejobs_list&nonce=33dd573458&downloaders= HTTP/2.0" 400 1 "https://www.pioneercabinetry.net/wp-admin/options-general.php?page=updraftplus" "Mozilla/5.0 (Macintosh; Intel Mac OS X 10.15; rv:150.0) Gecko/20100101 Firefox/150.0" 1238 **1/1238005**
107.194.32.55 - - [20/May/2026:10:52:17 -0700] "GET /wp-admin/admin-ajax.php?action=updraft_ajax&subaction=activejobs_list&nonce=33dd573458&downloaders= HTTP/2.0" 400 1 "https://www.pioneercabinetry.net/wp-admin/options-general.php?page=updraftplus" "Mozilla/5.0 (Macintosh; Intel Mac OS X 10.15; rv:150.0) Gecko/20100101 Firefox/150.0" 1284 **1/1284983**
35.86.139.12 - - [20/May/2026:10:52:19 -0700] "GET /?rnd=1779299539036 HTTP/2.0" 301 - "-" "GoDaddy-UptimeMonitoring" 1292 **1/1292989**
35.86.139.12 - - [20/May/2026:10:52:20 -0700] "GET /?rnd=1779299539036 HTTP/2.0" 200 29086 "https://pioneercabinetry.net/?rnd=1779299539036" "GoDaddy-UptimeMonitoring" 1582 **1/1582153**
107.194.32.55 - - [20/May/2026:10:52:24 -0700] "GET /wp-admin/admin-ajax.php?action=updraft_ajax&subaction=activejobs_list&nonce=33dd573458&downloaders= HTTP/2.0" 400 1 "https://www.pioneercabinetry.net/wp-admin/options-general.php?page=updraftplus" "Mozilla/5.0 (Macintosh; Intel Mac OS X 10.15; rv:150.0) Gecko/20100101 Firefox/150.0" 1495 **1/1495604**
156.209.118.95 - - [20/May/2026:10:52:24 -0700] "GET /wood-species/wood-cherry/ HTTP/1.1" 200 24514 "-" "Mozilla/5.0 (Windows NT 10.0; Win64; x64) AppleWebKit/537.36 (KHTML, like Gecko) Chrome/124.0.0.0 Safari/537.36" 2021 **2/2021408**
107.194.32.55 - - [20/May/2026:10:52:30 -0700] "GET /wp-admin/admin-ajax.php?action=updraft_ajax&subaction=activejobs_list&nonce=33dd573458&downloaders= HTTP/2.0" 400 1 "https://www.pioneercabinetry.net/wp-admin/options-general.php?page=updraftplus" "Mozilla/5.0 (Macintosh; Intel Mac OS X 10.15; rv:150.0) Gecko/20100101 Firefox/150.0" 1055 **1/1055225**
104.210.140.142 - - [20/May/2026:10:52:35 -0700] "GET /robots.txt HTTP/2.0" 200 6935 "-" "Mozilla/5.0 (Macintosh; Intel Mac OS X 10_15_7) AppleWebKit/537.36 (KHTML, like Gecko) Chrome/131.0.0.0 Safari/537.36; compatible; OAI-SearchBot/1.0; +https://openai.com/searchbot" 3 **0/3455**
107.194.32.55 - - [20/May/2026:10:52:36 -0700] "GET /wp-admin/admin-ajax.php?action=updraft_ajax&subaction=activejobs_list&nonce=33dd573458&downloaders= HTTP/2.0" 400 1 "https://www.pioneercabinetry.net/wp-admin/options-general.php?page=updraftplus" "Mozilla/5.0 (Macintosh; Intel Mac OS X 10.15; rv:150.0) Gecko/20100101 Firefox/150.0" 1272 **1/1272127**
107.194.32.55 - - [20/May/2026:10:52:42 -0700] "GET /wp-admin/admin-ajax.php?action=updraft_ajax&subaction=activejobs_list&nonce=33dd573458&downloaders= HTTP/2.0" 400 1 "https://www.pioneercabinetry.net/wp-admin/options-general.php?page=updraftplus" "Mozilla/5.0 (Macintosh; Intel Mac OS X 10.15; rv:150.0) Gecko/20100101 Firefox/150.0" 1119 **1/1119953**
107.194.32.55 - - [20/May/2026:10:52:48 -0700] "GET /wp-admin/admin-ajax.php?action=updraft_ajax&subaction=activejobs_list&nonce=33dd573458&downloaders= HTTP/2.0" 400 1 "https://www.pioneercabinetry.net/wp-admin/options-general.php?page=updraftplus" "Mozilla/5.0 (Macintosh; Intel Mac OS X 10.15; rv:150.0) Gecko/20100101 Firefox/150.0" 1178 **1/1178960**
107.194.32.55 - - [20/May/2026:10:52:54 -0700] "GET /wp-admin/admin-ajax.php?action=updraft_ajax&subaction=activejobs_list&nonce=33dd573458&downloaders= HTTP/2.0" 400 1 "https://www.pioneercabinetry.net/wp-admin/options-general.php?page=updraftplus" "Mozilla/5.0 (Macintosh; Intel Mac OS X 10.15; rv:150.0) Gecko/20100101 Firefox/150.0" 1154 **1/1154309**
107.194.32.55 - - [20/May/2026:10:53:00 -0700] "GET /wp-admin/admin-ajax.php?action=updraft_ajax&subaction=activejobs_list&nonce=33dd573458&downloaders= HTTP/2.0" 400 1 "https://www.pioneercabinetry.net/wp-admin/options-general.php?page=updraftplus" "Mozilla/5.0 (Macintosh; Intel Mac OS X 10.15; rv:150.0) Gecko/20100101 Firefox/150.0" 1203 **1/1203882**
107.194.32.55 - - [20/May/2026:10:53:06 -0700] "GET /wp-admin/admin-ajax.php?action=updraft_ajax&subaction=activejobs_list&nonce=33dd573458&downloaders= HTTP/2.0" 400 1 "https://www.pioneercabinetry.net/wp-admin/options-general.php?page=updraftplus" "Mozilla/5.0 (Macintosh; Intel Mac OS X 10.15; rv:150.0) Gecko/20100101 Firefox/150.0" 1108 **1/1108712**
107.194.32.55 - - [20/May/2026:10:53:12 -0700] "GET /wp-admin/admin-ajax.php?action=updraft_ajax&subaction=activejobs_list&nonce=33dd573458&downloaders= HTTP/2.0" 400 1 "https://www.pioneercabinetry.net/wp-admin/options-general.php?page=updraftplus" "Mozilla/5.0 (Macintosh; Intel Mac OS X 10.15; rv:150.0) Gecko/20100101 Firefox/150.0" 1170 **1/1170309**
107.194.32.55 - - [20/May/2026:10:53:18 -0700] "GET /wp-admin/admin-ajax.php?action=updraft_ajax&subaction=activejobs_list&nonce=33dd573458&downloaders= HTTP/2.0" 400 1 "https://www.pioneercabinetry.net/wp-admin/options-general.php?page=updraftplus" "Mozilla/5.0 (Macintosh; Intel Mac OS X 10.15; rv:150.0) Gecko/20100101 Firefox/150.0" 1089 **1/1089142**
107.194.32.55 - - [20/May/2026:10:53:25 -0700] "GET /wp-admin/admin-ajax.php?action=updraft_ajax&subaction=activejobs_list&nonce=33dd573458&downloaders= HTTP/2.0" 400 1 "https://www.pioneercabinetry.net/wp-admin/options-general.php?page=updraftplus" "Mozilla/5.0 (Macintosh; Intel Mac OS X 10.15; rv:150.0) Gecko/20100101 Firefox/150.0" 1087 **1/1087613**
107.194.32.55 - - [20/May/2026:10:53:31 -0700] "GET /wp-admin/admin-ajax.php?action=updraft_ajax&subaction=activejobs_list&nonce=33dd573458&downloaders= HTTP/2.0" 400 1 "https://www.pioneercabinetry.net/wp-admin/options-general.php?page=updraftplus" "Mozilla/5.0 (Macintosh; Intel Mac OS X 10.15; rv:150.0) Gecko/20100101 Firefox/150.0" 1035 **1/1035879**
107.180.114.193 - - [20/May/2026:10:53:38 -0700] "POST /wp-cron.php?doing_wp_cron=1779299618.8661329746246337890625 HTTP/1.1" 200 - "-" "WordPress/6.9.4; https://www.pioneercabinetry.net" 22 **0/22729**
107.194.32.55 - - [20/May/2026:10:53:37 -0700] "GET /wp-admin/admin-ajax.php?action=updraft_ajax&subaction=activejobs_list&nonce=33dd573458&downloaders= HTTP/2.0" 400 1 "https://www.pioneercabinetry.net/wp-admin/options-general.php?page=updraftplus" "Mozilla/5.0 (Macintosh; Intel Mac OS X 10.15; rv:150.0) Gecko/20100101 Firefox/150.0" 1025 **1/1025207**
107.194.32.55 - - [20/May/2026:10:53:44 -0700] "GET /wp-admin/admin-ajax.php?action=updraft_ajax&subaction=activejobs_list&nonce=33dd573458&downloaders= HTTP/2.0" 400 1 "https://www.pioneercabinetry.net/wp-admin/options-general.php?page=updraftplus" "Mozilla/5.0 (Macintosh; Intel Mac OS X 10.15; rv:150.0) Gecko/20100101 Firefox/150.0" 1043 **1/1043185**
107.194.32.55 - - [20/May/2026:10:53:50 -0700] "GET /wp-admin/admin-ajax.php?action=updraft_ajax&subaction=activejobs_list&nonce=33dd573458&downloaders= HTTP/2.0" 400 1 "https://www.pioneercabinetry.net/wp-admin/options-general.php?page=updraftplus" "Mozilla/5.0 (Macintosh; Intel Mac OS X 10.15; rv:150.0) Gecko/20100101 Firefox/150.0" 1156 **1/1156737**
107.194.32.55 - - [20/May/2026:10:53:56 -0700] "GET /wp-admin/admin-ajax.php?action=updraft_ajax&subaction=activejobs_list&nonce=33dd573458&downloaders= HTTP/2.0" 400 1 "https://www.pioneercabinetry.net/wp-admin/options-general.php?page=updraftplus" "Mozilla/5.0 (Macintosh; Intel Mac OS X 10.15; rv:150.0) Gecko/20100101 Firefox/150.0" 1167 **1/1167733**
107.194.32.55 - - [20/May/2026:10:54:02 -0700] "GET /wp-admin/admin-ajax.php?action=updraft_ajax&subaction=activejobs_list&nonce=33dd573458&downloaders= HTTP/2.0" 400 1 "https://www.pioneercabinetry.net/wp-admin/options-general.php?page=updraftplus" "Mozilla/5.0 (Macintosh; Intel Mac OS X 10.15; rv:150.0) Gecko/20100101 Firefox/150.0" 1367 **1/1367472**
107.194.32.55 - - [20/May/2026:10:54:08 -0700] "GET /wp-admin/admin-ajax.php?action=updraft_ajax&subaction=activejobs_list&nonce=33dd573458&downloaders= HTTP/2.0" 400 1 "https://www.pioneercabinetry.net/wp-admin/options-general.php?page=updraftplus" "Mozilla/5.0 (Macintosh; Intel Mac OS X 10.15; rv:150.0) Gecko/20100101 Firefox/150.0" 1134 **1/1134599**
107.194.32.55 - - [20/May/2026:10:54:14 -0700] "GET /wp-admin/admin-ajax.php?action=updraft_ajax&subaction=activejobs_list&nonce=33dd573458&downloaders= HTTP/2.0" 400 1 "https://www.pioneercabinetry.net/wp-admin/options-general.php?page=updraftplus" "Mozilla/5.0 (Macintosh; Intel Mac OS X 10.15; rv:150.0) Gecko/20100101 Firefox/150.0" 1028 **1/1028081**
107.194.32.55 - - [20/May/2026:10:54:20 -0700] "GET /wp-admin/admin-ajax.php?action=updraft_ajax&subaction=activejobs_list&nonce=33dd573458&downloaders= HTTP/2.0" 400 1 "https://www.pioneercabinetry.net/wp-admin/options-general.php?page=updraftplus" "Mozilla/5.0 (Macintosh; Intel Mac OS X 10.15; rv:150.0) Gecko/20100101 Firefox/150.0" 1236 **1/1236971**
107.194.32.55 - - [20/May/2026:10:54:26 -0700] "GET /wp-admin/admin-ajax.php?action=updraft_ajax&subaction=activejobs_list&nonce=33dd573458&downloaders= HTTP/2.0" 400 1 "https://www.pioneercabinetry.net/wp-admin/options-general.php?page=updraftplus" "Mozilla/5.0 (Macintosh; Intel Mac OS X 10.15; rv:150.0) Gecko/20100101 Firefox/150.0" 999 **0/999400**
