107.194.32.55 - - [20/May/2026:09:53:21 -0700] "GET /wp-admin/admin-ajax.php?action=updraft_ajax&subaction=activejobs_list&nonce=33dd573458&downloaders= HTTP/2.0" 200 34 "https://www.pioneercabinetry.net/wp-admin/options-general.php?page=updraftplus" "Mozilla/5.0 (Macintosh; Intel Mac OS X 10.15; rv:150.0) Gecko/20100101 Firefox/150.0" 1084 **1/1084777**
174.255.141.116 - - [20/May/2026:09:53:25 -0700] "GET /favicon.ico HTTP/2.0" 302 - "-" "NetworkingExtension/8624.1.16.10.6 Network/5812.102.3 iOS/26.4.2" 5144 **5/5144659**
174.255.141.116 - - [20/May/2026:09:53:30 -0700] "GET /wp-includes/images/w-logo-blue-white-bg.png HTTP/2.0" 200 4119 "-" "NetworkingExtension/8624.1.16.10.6 Network/5812.102.3 iOS/26.4.2" 9 **0/9968**
174.255.141.116 - - [20/May/2026:09:53:25 -0700] "GET /apple-touch-icon-precomposed.png HTTP/2.0" 404 133508 "-" "NetworkingExtension/8624.1.16.10.6 Network/5812.102.3 iOS/26.4.2" 6526 **6/6526558**
174.255.141.116 - - [20/May/2026:09:53:25 -0700] "GET /apple-touch-icon.png HTTP/2.0" 404 133492 "-" "NetworkingExtension/8624.1.16.10.6 Network/5812.102.3 iOS/26.4.2" 6630 **6/6630332**
174.255.141.116 - - [20/May/2026:09:53:25 -0700] "GET / HTTP/2.0" 200 29056 "-" "Mozilla/5.0 (Macintosh; Intel Mac OS X 10_11_1) AppleWebKit/601.2.4 (KHTML, like Gecko) Version/9.0.1 Safari/601.2.4 facebookexternalhit/1.1 Facebot Twitterbot/1.0" 6874 **6/6874109**
107.194.32.55 - - [20/May/2026:09:53:28 -0700] "GET /wp-admin/admin-ajax.php?action=updraft_ajax&subaction=activejobs_list&nonce=33dd573458&downloaders= HTTP/2.0" 200 34 "https://www.pioneercabinetry.net/wp-admin/options-general.php?page=updraftplus" "Mozilla/5.0 (Macintosh; Intel Mac OS X 10.15; rv:150.0) Gecko/20100101 Firefox/150.0" 4393 **4/4393269**
107.180.114.193 - - [20/May/2026:09:53:36 -0700] "POST /wp-cron.php?doing_wp_cron=1779296016.3095710277557373046875 HTTP/1.1" 200 - "-" "WordPress/6.9.4; https://www.pioneercabinetry.net" 25 **0/25890**
107.194.32.55 - - [20/May/2026:09:53:34 -0700] "GET /wp-admin/admin-ajax.php?action=updraft_ajax&subaction=activejobs_list&nonce=33dd573458&downloaders= HTTP/2.0" 200 34 "https://www.pioneercabinetry.net/wp-admin/options-general.php?page=updraftplus" "Mozilla/5.0 (Macintosh; Intel Mac OS X 10.15; rv:150.0) Gecko/20100101 Firefox/150.0" 2131 **2/2131049**
162.235.73.178 - - [20/May/2026:09:53:34 -0700] "GET /quality-care/warranty/ HTTP/2.0" 200 24902 "https://www.pioneercabinetry.net/quality-care/warranty/" "Mozilla/5.0 (Macintosh; Intel Mac OS X 10_15_7) AppleWebKit/605.1.15 (KHTML, like Gecko) Version/26.4 Safari/605.1.15" 2753 **2/2753350**
162.235.73.178 - - [20/May/2026:09:53:37 -0700] "GET /wp-content/et-cache/255/et-divi-dynamic-tb-6029-tb-5898-255-late.css HTTP/2.0" 200 1691 "https://www.pioneercabinetry.net/quality-care/warranty/" "Mozilla/5.0 (Macintosh; Intel Mac OS X 10_15_7) AppleWebKit/605.1.15 (KHTML, like Gecko) Version/26.4 Safari/605.1.15" 11 **0/11379**
162.235.73.178 - - [20/May/2026:09:53:37 -0700] "GET /wp-content/et-cache/255/et-core-unified-255.min.css?ver=1779295936 HTTP/2.0" 200 749 "https://www.pioneercabinetry.net/quality-care/warranty/" "Mozilla/5.0 (Macintosh; Intel Mac OS X 10_15_7) AppleWebKit/605.1.15 (KHTML, like Gecko) Version/26.4 Safari/605.1.15" 12 **0/12770**
162.235.73.178 - - [20/May/2026:09:53:37 -0700] "GET /wp-content/et-cache/255/et-divi-dynamic-tb-6029-tb-5898-255-late.css?ver=1779295936 HTTP/2.0" 200 1691 "https://www.pioneercabinetry.net/quality-care/warranty/" "Mozilla/5.0 (Macintosh; Intel Mac OS X 10_15_7) AppleWebKit/605.1.15 (KHTML, like Gecko) Version/26.4 Safari/605.1.15" 11 **0/11141**
162.235.73.178 - - [20/May/2026:09:53:37 -0700] "GET /wp-content/et-cache/255/et-core-unified-tb-6029-tb-5898-deferred-255.min.css?ver=1779295936 HTTP/2.0" 200 228 "https://www.pioneercabinetry.net/quality-care/warranty/" "Mozilla/5.0 (Macintosh; Intel Mac OS X 10_15_7) AppleWebKit/605.1.15 (KHTML, like Gecko) Version/26.4 Safari/605.1.15" 11 **0/11944**
162.235.73.178 - - [20/May/2026:09:53:37 -0700] "GET /wp-content/et-cache/255/et-core-unified-255.min.css?ver=1779295936 HTTP/2.0" 200 749 "https://www.pioneercabinetry.net/quality-care/warranty/" "Mozilla/5.0 (Macintosh; Intel Mac OS X 10_15_7) AppleWebKit/605.1.15 (KHTML, like Gecko) Version/26.4 Safari/605.1.15" 20 **0/20162**
162.235.73.178 - - [20/May/2026:09:53:37 -0700] "GET /wp-content/et-cache/255/et-divi-dynamic-tb-6029-tb-5898-255-late.css HTTP/2.0" 200 1691 "https://www.pioneercabinetry.net/quality-care/warranty/" "Mozilla/5.0 (Macintosh; Intel Mac OS X 10_15_7) AppleWebKit/605.1.15 (KHTML, like Gecko) Version/26.4 Safari/605.1.15" 10 **0/10251**
107.194.32.55 - - [20/May/2026:09:53:40 -0700] "GET /wp-admin/admin-ajax.php?action=updraft_ajax&subaction=activejobs_list&nonce=33dd573458&downloaders= HTTP/2.0" 200 34 "https://www.pioneercabinetry.net/wp-admin/options-general.php?page=updraftplus" "Mozilla/5.0 (Macintosh; Intel Mac OS X 10.15; rv:150.0) Gecko/20100101 Firefox/150.0" 1070 **1/1070151**
107.194.32.55 - - [20/May/2026:09:53:47 -0700] "GET /wp-admin/admin-ajax.php?action=updraft_ajax&subaction=activejobs_list&nonce=33dd573458&downloaders= HTTP/2.0" 200 34 "https://www.pioneercabinetry.net/wp-admin/options-general.php?page=updraftplus" "Mozilla/5.0 (Macintosh; Intel Mac OS X 10.15; rv:150.0) Gecko/20100101 Firefox/150.0" 1065 **1/1065470**
162.235.73.178 - - [20/May/2026:09:53:51 -0700] "GET /quality-care/faq/ HTTP/2.0" 200 25304 "https://www.pioneercabinetry.net/" "Mozilla/5.0 (Macintosh; Intel Mac OS X 10_15_7) AppleWebKit/605.1.15 (KHTML, like Gecko) Version/26.4 Safari/605.1.15" 1449 **1/1449796**
162.235.73.178 - - [20/May/2026:09:53:53 -0700] "GET /wp-content/et-cache/252/et-divi-dynamic-tb-6029-tb-5898-252.css?ver=1779296032 HTTP/2.0" 200 641 "https://www.pioneercabinetry.net/quality-care/faq/" "Mozilla/5.0 (Macintosh; Intel Mac OS X 10_15_7) AppleWebKit/605.1.15 (KHTML, like Gecko) Version/26.4 Safari/605.1.15" 12 **0/12922**
162.235.73.178 - - [20/May/2026:09:53:53 -0700] "GET /wp-content/et-cache/252/et-core-unified-252.min.css?ver=1779296032 HTTP/2.0" 200 749 "https://www.pioneercabinetry.net/quality-care/faq/" "Mozilla/5.0 (Macintosh; Intel Mac OS X 10_15_7) AppleWebKit/605.1.15 (KHTML, like Gecko) Version/26.4 Safari/605.1.15" 16 **0/16794**
162.235.73.178 - - [20/May/2026:09:53:53 -0700] "GET /wp-content/et-cache/252/et-divi-dynamic-tb-6029-tb-5898-252-late.css HTTP/2.0" 200 1691 "https://www.pioneercabinetry.net/quality-care/faq/" "Mozilla/5.0 (Macintosh; Intel Mac OS X 10_15_7) AppleWebKit/605.1.15 (KHTML, like Gecko) Version/26.4 Safari/605.1.15" 11 **0/11435**
107.194.32.55 - - [20/May/2026:09:53:53 -0700] "GET /wp-admin/admin-ajax.php?action=updraft_ajax&subaction=activejobs_list&nonce=33dd573458&downloaders= HTTP/2.0" 200 34 "https://www.pioneercabinetry.net/wp-admin/options-general.php?page=updraftplus" "Mozilla/5.0 (Macintosh; Intel Mac OS X 10.15; rv:150.0) Gecko/20100101 Firefox/150.0" 1087 **1/1087115**
107.194.32.55 - - [20/May/2026:09:53:59 -0700] "GET /wp-admin/admin-ajax.php?action=updraft_ajax&subaction=activejobs_list&nonce=33dd573458&downloaders= HTTP/2.0" 200 34 "https://www.pioneercabinetry.net/wp-admin/options-general.php?page=updraftplus" "Mozilla/5.0 (Macintosh; Intel Mac OS X 10.15; rv:150.0) Gecko/20100101 Firefox/150.0" 1161 **1/1161764**
107.194.32.55 - - [20/May/2026:09:54:05 -0700] "GET /wp-admin/admin-ajax.php?action=updraft_ajax&subaction=activejobs_list&nonce=33dd573458&downloaders= HTTP/2.0" 200 34 "https://www.pioneercabinetry.net/wp-admin/options-general.php?page=updraftplus" "Mozilla/5.0 (Macintosh; Intel Mac OS X 10.15; rv:150.0) Gecko/20100101 Firefox/150.0" 1034 **1/1034394**
107.194.32.55 - - [20/May/2026:09:54:12 -0700] "GET /wp-admin/admin-ajax.php?action=updraft_ajax&subaction=activejobs_list&nonce=33dd573458&downloaders= HTTP/2.0" 200 34 "https://www.pioneercabinetry.net/wp-admin/options-general.php?page=updraftplus" "Mozilla/5.0 (Macintosh; Intel Mac OS X 10.15; rv:150.0) Gecko/20100101 Firefox/150.0" 1671 **1/1671660**
38.125.2.77 - - [20/May/2026:09:54:13 -0700] "GET / HTTP/2.0" 200 29056 "-" "Mozilla/5.0 (iPhone; CPU iPhone OS 11_0 like Mac OS X) AppleWebKit/604.1.38 (KHTML, like Gecko) Version/11.0 Mobile/15A372 Safari/604.1" 1914 **1/1914527**
38.125.2.77 - - [20/May/2026:09:54:15 -0700] "GET /wp-content/plugins/wp-store-locator/css/styles.min.css?ver=2.3.1 HTTP/2.0" 200 3638 "https://www.pioneercabinetry.net/" "Mozilla/5.0 (iPhone; CPU iPhone OS 11_0 like Mac OS X) AppleWebKit/604.1.38 (KHTML, like Gecko) Version/11.0 Mobile/15A372 Safari/604.1" 9 **0/9900**
38.125.2.77 - - [20/May/2026:09:54:15 -0700] "GET /wp-content/et-cache/8/et-divi-dynamic-tb-6029-tb-5898-8-late.css?ver=1779288898 HTTP/2.0" 200 312 "https://www.pioneercabinetry.net/" "Mozilla/5.0 (iPhone; CPU iPhone OS 11_0 like Mac OS X) AppleWebKit/604.1.38 (KHTML, like Gecko) Version/11.0 Mobile/15A372 Safari/604.1" 12 **0/12394**
38.125.2.77 - - [20/May/2026:09:54:15 -0700] "GET /wp-content/et-cache/8/et-divi-dynamic-tb-6029-tb-5898-8.css?ver=1779288898 HTTP/2.0" 200 1280 "https://www.pioneercabinetry.net/" "Mozilla/5.0 (iPhone; CPU iPhone OS 11_0 like Mac OS X) AppleWebKit/604.1.38 (KHTML, like Gecko) Version/11.0 Mobile/15A372 Safari/604.1" 12 **0/12769**
38.125.2.77 - - [20/May/2026:09:54:15 -0700] "GET /wp-content/et-cache/8/et-core-unified-tb-6029-tb-5898-deferred-8.min.css?ver=1779288900 HTTP/2.0" 200 1395 "https://www.pioneercabinetry.net/" "Mozilla/5.0 (iPhone; CPU iPhone OS 11_0 like Mac OS X) AppleWebKit/604.1.38 (KHTML, like Gecko) Version/11.0 Mobile/15A372 Safari/604.1" 10 **0/10974**
38.125.2.77 - - [20/May/2026:09:54:15 -0700] "GET /wp-includes/js/jquery/jquery-migrate.min.js?ver=3.4.1 HTTP/2.0" 200 4872 "https://www.pioneercabinetry.net/" "Mozilla/5.0 (iPhone; CPU iPhone OS 11_0 like Mac OS X) AppleWebKit/604.1.38 (KHTML, like Gecko) Version/11.0 Mobile/15A372 Safari/604.1" 14 **0/14999**
38.125.2.77 - - [20/May/2026:09:54:15 -0700] "GET /wp-content/et-cache/8/et-core-unified-8.min.css?ver=1779288898 HTTP/2.0" 200 749 "https://www.pioneercabinetry.net/" "Mozilla/5.0 (iPhone; CPU iPhone OS 11_0 like Mac OS X) AppleWebKit/604.1.38 (KHTML, like Gecko) Version/11.0 Mobile/15A372 Safari/604.1" 15 **0/15363**
38.125.2.77 - - [20/May/2026:09:54:15 -0700] "GET /wp-content/themes/Divi-child/style.css?ver=4.27.6 HTTP/2.0" 200 369 "https://www.pioneercabinetry.net/" "Mozilla/5.0 (iPhone; CPU iPhone OS 11_0 like Mac OS X) AppleWebKit/604.1.38 (KHTML, like Gecko) Version/11.0 Mobile/15A372 Safari/604.1" 16 **0/16290**
38.125.2.77 - - [20/May/2026:09:54:15 -0700] "GET /wp-includes/js/jquery/jquery.min.js?ver=3.7.1 HTTP/2.0" 200 30368 "https://www.pioneercabinetry.net/" "Mozilla/5.0 (iPhone; CPU iPhone OS 11_0 like Mac OS X) AppleWebKit/604.1.38 (KHTML, like Gecko) Version/11.0 Mobile/15A372 Safari/604.1" 19 **0/19941**
38.125.2.77 - - [20/May/2026:09:54:15 -0700] "GET /wp-content/uploads/2017/09/Pioneer-LrgLogo-dark.png HTTP/2.0" 200 54528 "https://www.pioneercabinetry.net/" "Mozilla/5.0 (iPhone; CPU iPhone OS 11_0 like Mac OS X) AppleWebKit/604.1.38 (KHTML, like Gecko) Version/11.0 Mobile/15A372 Safari/604.1" 11 **0/11139**
38.125.2.77 - - [20/May/2026:09:54:15 -0700] "GET /wp-content/themes/Divi/includes/builder/feature/dynamic-assets/assets/js/jquery.fitvids.js?ver=4.27.6 HTTP/2.0" 200 1341 "https://www.pioneercabinetry.net/" "Mozilla/5.0 (iPhone; CPU iPhone OS 11_0 like Mac OS X) AppleWebKit/604.1.38 (KHTML, like Gecko) Version/11.0 Mobile/15A372 Safari/604.1" 11 **0/11425**
38.125.2.77 - - [20/May/2026:09:54:15 -0700] "GET /wp-content/themes/Divi/includes/builder/feature/dynamic-assets/assets/js/jquery.mobile.js?ver=4.27.6 HTTP/2.0" 200 3098 "https://www.pioneercabinetry.net/" "Mozilla/5.0 (iPhone; CPU iPhone OS 11_0 like Mac OS X) AppleWebKit/604.1.38 (KHTML, like Gecko) Version/11.0 Mobile/15A372 Safari/604.1" 11 **0/11749**
38.125.2.77 - - [20/May/2026:09:54:15 -0700] "GET /wp-content/themes/Divi/core/admin/js/common.js?ver=4.27.6 HTTP/2.0" 200 566 "https://www.pioneercabinetry.net/" "Mozilla/5.0 (iPhone; CPU iPhone OS 11_0 like Mac OS X) AppleWebKit/604.1.38 (KHTML, like Gecko) Version/11.0 Mobile/15A372 Safari/604.1" 12 **0/12018**
38.125.2.77 - - [20/May/2026:09:54:15 -0700] "GET /wp-content/themes/Divi/js/smoothscroll.js?ver=4.27.6 HTTP/2.0" 200 2557 "https://www.pioneercabinetry.net/" "Mozilla/5.0 (iPhone; CPU iPhone OS 11_0 like Mac OS X) AppleWebKit/604.1.38 (KHTML, like Gecko) Version/11.0 Mobile/15A372 Safari/604.1" 13 **0/13111**
38.125.2.77 - - [20/May/2026:09:54:15 -0700] "GET /wp-content/uploads/2018/02/PioneerLogo-1.png HTTP/2.0" 200 41766 "https://www.pioneercabinetry.net/" "Mozilla/5.0 (iPhone; CPU iPhone OS 11_0 like Mac OS X) AppleWebKit/604.1.38 (KHTML, like Gecko) Version/11.0 Mobile/15A372 Safari/604.1" 13 **0/13405**
38.125.2.77 - - [20/May/2026:09:54:15 -0700] "GET /wp-content/themes/Divi/js/scripts.min.js?ver=4.27.6 HTTP/2.0" 200 70576 "https://www.pioneercabinetry.net/" "Mozilla/5.0 (iPhone; CPU iPhone OS 11_0 like Mac OS X) AppleWebKit/604.1.38 (KHTML, like Gecko) Version/11.0 Mobile/15A372 Safari/604.1" 21 **0/21036**
38.125.2.77 - - [20/May/2026:09:54:15 -0700] "GET /wp-content/themes/Divi/includes/builder/feature/dynamic-assets/assets/js/sticky-elements.js?ver=4.27.6 HTTP/2.0" 200 57813 "https://www.pioneercabinetry.net/" "Mozilla/5.0 (iPhone; CPU iPhone OS 11_0 like Mac OS X) AppleWebKit/604.1.38 (KHTML, like Gecko) Version/11.0 Mobile/15A372 Safari/604.1" 26 **0/26726**
38.125.2.77 - - [20/May/2026:09:54:15 -0700] "GET /wp-content/uploads/2023/02/boys-bath-1-Copy-scaled.jpg HTTP/2.0" 200 251573 "https://www.pioneercabinetry.net/" "Mozilla/5.0 (iPhone; CPU iPhone OS 11_0 like Mac OS X) AppleWebKit/604.1.38 (KHTML, like Gecko) Version/11.0 Mobile/15A372 Safari/604.1" 13 **0/13106**
38.125.2.77 - - [20/May/2026:09:54:15 -0700] "GET /wp-content/uploads/2023/02/Gray-fireplace-e1677173725722.jpg HTTP/2.0" 200 119024 "https://www.pioneercabinetry.net/" "Mozilla/5.0 (iPhone; CPU iPhone OS 11_0 like Mac OS X) AppleWebKit/604.1.38 (KHTML, like Gecko) Version/11.0 Mobile/15A372 Safari/604.1" 13 **0/13419**
38.125.2.77 - - [20/May/2026:09:54:15 -0700] "GET /wp-content/uploads/2023/02/Starlite-Kitchen-Pallet-Hood-e1677173557563.jpg HTTP/2.0" 200 81414 "https://www.pioneercabinetry.net/" "Mozilla/5.0 (iPhone; CPU iPhone OS 11_0 like Mac OS X) AppleWebKit/604.1.38 (KHTML, like Gecko) Version/11.0 Mobile/15A372 Safari/604.1" 13 **0/13676**
38.125.2.77 - - [20/May/2026:09:54:15 -0700] "GET /wp-content/uploads/2022/10/16236-Northern-Pintail-Dr-2-1-copy-scaled-e1677173135553.jpg HTTP/2.0" 200 356600 "https://www.pioneercabinetry.net/" "Mozilla/5.0 (iPhone; CPU iPhone OS 11_0 like Mac OS X) AppleWebKit/604.1.38 (KHTML, like Gecko) Version/11.0 Mobile/15A372 Safari/604.1" 13 **0/13873**
38.125.2.77 - - [20/May/2026:09:54:15 -0700] "GET /wp-content/uploads/2023/02/CDP-copy-scaled.jpg HTTP/2.0" 200 497207 "https://www.pioneercabinetry.net/" "Mozilla/5.0 (iPhone; CPU iPhone OS 11_0 like Mac OS X) AppleWebKit/604.1.38 (KHTML, like Gecko) Version/11.0 Mobile/15A372 Safari/604.1" 15 **0/15163**
38.125.2.77 - - [20/May/2026:09:54:15 -0700] "GET /wp-content/themes/Divi/core/admin/fonts/modules/all/modules.woff HTTP/2.0" 200 92084 "https://www.pioneercabinetry.net/" "Mozilla/5.0 (iPhone; CPU iPhone OS 11_0 like Mac OS X) AppleWebKit/604.1.38 (KHTML, like Gecko) Version/11.0 Mobile/15A372 Safari/604.1" 15 **0/15805**
38.125.2.77 - - [20/May/2026:09:54:15 -0700] "GET /wp-content/uploads/2023/02/modern-white-kitchen.jpg HTTP/2.0" 200 127513 "https://www.pioneercabinetry.net/" "Mozilla/5.0 (iPhone; CPU iPhone OS 11_0 like Mac OS X) AppleWebKit/604.1.38 (KHTML, like Gecko) Version/11.0 Mobile/15A372 Safari/604.1" 16 **0/16617**
38.125.2.77 - - [20/May/2026:09:54:15 -0700] "GET /wp-content/uploads/2022/10/16236-Northern-Pintail-Dr-3-Copy-2-scaled-e1677173876302.jpg HTTP/2.0" 200 298013 "https://www.pioneercabinetry.net/" "Mozilla/5.0 (iPhone; CPU iPhone OS 11_0 like Mac OS X) AppleWebKit/604.1.38 (KHTML, like Gecko) Version/11.0 Mobile/15A372 Safari/604.1" 22 **0/22197**
38.125.2.77 - - [20/May/2026:09:54:16 -0700] "GET /wp-content/et-cache/8/et-divi-dynamic-tb-6029-tb-5898-8-late.css HTTP/2.0" 200 312 "https://www.pioneercabinetry.net/" "Mozilla/5.0 (iPhone; CPU iPhone OS 11_0 like Mac OS X) AppleWebKit/604.1.38 (KHTML, like Gecko) Version/11.0 Mobile/15A372 Safari/604.1" 9 **0/9962**
38.125.2.77 - - [20/May/2026:09:54:15 -0700] "GET /wp/wp-content/uploads/2016/06/lightKitchen.jpg HTTP/2.0" 404 133629 "https://www.pioneercabinetry.net/wp-content/et-cache/8/et-core-unified-tb-6029-tb-5898-deferred-8.min.css?ver=1779288900" "Mozilla/5.0 (iPhone; CPU iPhone OS 11_0 like Mac OS X) AppleWebKit/604.1.38 (KHTML, like Gecko) Version/11.0 Mobile/15A372 Safari/604.1" 1290 **1/1290558**
107.194.32.55 - - [20/May/2026:09:54:18 -0700] "GET /wp-admin/admin-ajax.php?action=updraft_ajax&subaction=activejobs_list&nonce=33dd573458&downloaders= HTTP/2.0" 200 34 "https://www.pioneercabinetry.net/wp-admin/options-general.php?page=updraftplus" "Mozilla/5.0 (Macintosh; Intel Mac OS X 10.15; rv:150.0) Gecko/20100101 Firefox/150.0" 1000 **1/1000363**
107.194.32.55 - - [20/May/2026:09:54:24 -0700] "GET /wp-admin/admin-ajax.php?action=updraft_ajax&subaction=activejobs_list&nonce=33dd573458&downloaders= HTTP/2.0" 200 34 "https://www.pioneercabinetry.net/wp-admin/options-general.php?page=updraftplus" "Mozilla/5.0 (Macintosh; Intel Mac OS X 10.15; rv:150.0) Gecko/20100101 Firefox/150.0" 1036 **1/1036579**
162.235.73.178 - - [20/May/2026:09:54:27 -0700] "GET /contact-us/ HTTP/2.0" 200 30768 "https://www.pioneercabinetry.net/quality-care/faq/" "Mozilla/5.0 (Macintosh; Intel Mac OS X 10_15_7) AppleWebKit/605.1.15 (KHTML, like Gecko) Version/26.4 Safari/605.1.15" 1467 **1/1467365**
162.235.73.178 - - [20/May/2026:09:54:29 -0700] "GET /wp-content/et-cache/313/et-divi-dynamic-tb-6029-tb-5898-313-late.css?ver=1779289148 HTTP/2.0" 200 1691 "https://www.pioneercabinetry.net/contact-us/" "Mozilla/5.0 (Macintosh; Intel Mac OS X 10_15_7) AppleWebKit/605.1.15 (KHTML, like Gecko) Version/26.4 Safari/605.1.15" 9 **0/9287**
162.235.73.178 - - [20/May/2026:09:54:29 -0700] "GET /wp-content/plugins/ninja-forms/assets/css/display-structure.css?ver=a8e6693366dab6b564b08429d1341139 HTTP/2.0" 200 3737 "https://www.pioneercabinetry.net/contact-us/" "Mozilla/5.0 (Macintosh; Intel Mac OS X 10_15_7) AppleWebKit/605.1.15 (KHTML, like Gecko) Version/26.4 Safari/605.1.15" 8 **0/8044**
162.235.73.178 - - [20/May/2026:09:54:29 -0700] "GET /wp-content/et-cache/313/et-core-unified-313.min.css?ver=1779289147 HTTP/2.0" 200 749 "https://www.pioneercabinetry.net/contact-us/" "Mozilla/5.0 (Macintosh; Intel Mac OS X 10_15_7) AppleWebKit/605.1.15 (KHTML, like Gecko) Version/26.4 Safari/605.1.15" 9 **0/9327**
162.235.73.178 - - [20/May/2026:09:54:29 -0700] "GET /wp-includes/js/underscore.min.js?ver=1.13.7 HTTP/2.0" 200 7317 "https://www.pioneercabinetry.net/contact-us/" "Mozilla/5.0 (Macintosh; Intel Mac OS X 10_15_7) AppleWebKit/605.1.15 (KHTML, like Gecko) Version/26.4 Safari/605.1.15" 10 **0/10227**
162.235.73.178 - - [20/May/2026:09:54:29 -0700] "GET /wp-content/plugins/ninja-forms/assets/js/min/front-end.js?ver=3.14.4 HTTP/2.0" 200 27653 "https://www.pioneercabinetry.net/contact-us/" "Mozilla/5.0 (Macintosh; Intel Mac OS X 10_15_7) AppleWebKit/605.1.15 (KHTML, like Gecko) Version/26.4 Safari/605.1.15" 9 **0/9692**
162.235.73.178 - - [20/May/2026:09:54:29 -0700] "GET /wp-includes/css/dashicons.min.css?ver=a8e6693366dab6b564b08429d1341139 HTTP/2.0" 200 35721 "https://www.pioneercabinetry.net/contact-us/" "Mozilla/5.0 (Macintosh; Intel Mac OS X 10_15_7) AppleWebKit/605.1.15 (KHTML, like Gecko) Version/26.4 Safari/605.1.15" 13 **0/13476**
162.235.73.178 - - [20/May/2026:09:54:29 -0700] "GET /wp-content/plugins/ninja-forms/assets/js/min/front-end-deps.js?ver=3.14.4 HTTP/2.0" 200 18179 "https://www.pioneercabinetry.net/contact-us/" "Mozilla/5.0 (Macintosh; Intel Mac OS X 10_15_7) AppleWebKit/605.1.15 (KHTML, like Gecko) Version/26.4 Safari/605.1.15" 82 **0/82412**
162.235.73.178 - - [20/May/2026:09:54:29 -0700] "GET /wp-includes/js/backbone.min.js?ver=1.6.0 HTTP/2.0" 200 8021 "https://www.pioneercabinetry.net/contact-us/" "Mozilla/5.0 (Macintosh; Intel Mac OS X 10_15_7) AppleWebKit/605.1.15 (KHTML, like Gecko) Version/26.4 Safari/605.1.15" 83 **0/83126**
162.235.73.178 - - [20/May/2026:09:54:29 -0700] "GET /wp-content/et-cache/313/et-divi-dynamic-tb-6029-tb-5898-313-late.css HTTP/2.0" 200 1691 "https://www.pioneercabinetry.net/contact-us/" "Mozilla/5.0 (Macintosh; Intel Mac OS X 10_15_7) AppleWebKit/605.1.15 (KHTML, like Gecko) Version/26.4 Safari/605.1.15" 10 **0/10412**
107.194.32.55 - - [20/May/2026:09:54:30 -0700] "GET /wp-admin/admin-ajax.php?action=updraft_ajax&subaction=activejobs_list&nonce=33dd573458&downloaders= HTTP/2.0" 200 34 "https://www.pioneercabinetry.net/wp-admin/options-general.php?page=updraftplus" "Mozilla/5.0 (Macintosh; Intel Mac OS X 10.15; rv:150.0) Gecko/20100101 Firefox/150.0" 993 **0/993505**
107.194.32.55 - - [20/May/2026:09:54:33 -0700] "POST /wp-admin/admin-ajax.php HTTP/2.0" 200 254 "https://www.pioneercabinetry.net/wp-admin/options-general.php?page=updraftplus" "Mozilla/5.0 (Macintosh; Intel Mac OS X 10.15; rv:150.0) Gecko/20100101 Firefox/150.0" 996 **0/996921**
107.194.32.55 - - [20/May/2026:09:54:37 -0700] "GET /wp-admin/admin-ajax.php?action=updraft_ajax&subaction=activejobs_list&nonce=33dd573458&downloaders= HTTP/2.0" 200 34 "https://www.pioneercabinetry.net/wp-admin/options-general.php?page=updraftplus" "Mozilla/5.0 (Macintosh; Intel Mac OS X 10.15; rv:150.0) Gecko/20100101 Firefox/150.0" 981 **0/981574**
107.194.32.55 - - [20/May/2026:09:54:43 -0700] "GET /wp-admin/admin-ajax.php?action=updraft_ajax&subaction=activejobs_list&nonce=33dd573458&downloaders= HTTP/2.0" 200 34 "https://www.pioneercabinetry.net/wp-admin/options-general.php?page=updraftplus" "Mozilla/5.0 (Macintosh; Intel Mac OS X 10.15; rv:150.0) Gecko/20100101 Firefox/150.0" 1019 **1/1019608**
107.194.32.55 - - [20/May/2026:09:54:49 -0700] "GET /wp-admin/admin-ajax.php?action=updraft_ajax&subaction=activejobs_list&nonce=33dd573458&downloaders= HTTP/2.0" 200 34 "https://www.pioneercabinetry.net/wp-admin/options-general.php?page=updraftplus" "Mozilla/5.0 (Macintosh; Intel Mac OS X 10.15; rv:150.0) Gecko/20100101 Firefox/150.0" 999 **0/999479**
107.194.32.55 - - [20/May/2026:09:54:56 -0700] "GET /wp-admin/admin-ajax.php?action=updraft_ajax&subaction=activejobs_list&nonce=33dd573458&downloaders= HTTP/2.0" 200 34 "https://www.pioneercabinetry.net/wp-admin/options-general.php?page=updraftplus" "Mozilla/5.0 (Macintosh; Intel Mac OS X 10.15; rv:150.0) Gecko/20100101 Firefox/150.0" 979 **0/979320**
162.235.73.178 - - [20/May/2026:09:54:58 -0700] "GET /mission-door-styles/ HTTP/2.0" 200 25588 "https://www.pioneercabinetry.net/contact-us/" "Mozilla/5.0 (Macintosh; Intel Mac OS X 10_15_7) AppleWebKit/605.1.15 (KHTML, like Gecko) Version/26.4 Safari/605.1.15" 1658 **1/1658026**
162.235.73.178 - - [20/May/2026:09:55:00 -0700] "GET /wp-content/et-cache/1253/et-core-unified-1253.min.css?ver=1779289252 HTTP/2.0" 200 749 "https://www.pioneercabinetry.net/mission-door-styles/" "Mozilla/5.0 (Macintosh; Intel Mac OS X 10_15_7) AppleWebKit/605.1.15 (KHTML, like Gecko) Version/26.4 Safari/605.1.15" 10 **0/10689**
162.235.73.178 - - [20/May/2026:09:55:00 -0700] "GET /wp-content/et-cache/1253/et-divi-dynamic-tb-6252-tb-5898-1253-late.css?ver=1779289253 HTTP/2.0" 200 3400 "https://www.pioneercabinetry.net/mission-door-styles/" "Mozilla/5.0 (Macintosh; Intel Mac OS X 10_15_7) AppleWebKit/605.1.15 (KHTML, like Gecko) Version/26.4 Safari/605.1.15" 11 **0/11659**
162.235.73.178 - - [20/May/2026:09:55:00 -0700] "GET /wp-content/themes/Divi/includes/builder/feature/dynamic-assets/assets/js/magnific-popup.js?ver=4.27.6 HTTP/2.0" 200 8337 "https://www.pioneercabinetry.net/mission-door-styles/" "Mozilla/5.0 (Macintosh; Intel Mac OS X 10_15_7) AppleWebKit/605.1.15 (KHTML, like Gecko) Version/26.4 Safari/605.1.15" 12 **0/12615**
162.235.73.178 - - [20/May/2026:09:55:00 -0700] "GET /wp-content/uploads/2024/03/PC_031824_Shaker-Flat_Web-Copy.jpg HTTP/2.0" 200 251274 "https://www.pioneercabinetry.net/mission-door-styles/" "Mozilla/5.0 (Macintosh; Intel Mac OS X 10_15_7) AppleWebKit/605.1.15 (KHTML, like Gecko) Version/26.4 Safari/605.1.15" 94 **0/94850**
162.235.73.178 - - [20/May/2026:09:55:00 -0700] "GET /wp-content/et-cache/1253/et-core-unified-tb-6252-tb-5898-deferred-1253.min.css?ver=1779289253 HTTP/2.0" 200 228 "https://www.pioneercabinetry.net/mission-door-styles/" "Mozilla/5.0 (Macintosh; Intel Mac OS X 10_15_7) AppleWebKit/605.1.15 (KHTML, like Gecko) Version/26.4 Safari/605.1.15" 95 **0/95642**
162.235.73.178 - - [20/May/2026:09:55:00 -0700] "GET /wp-content/et-cache/1253/et-divi-dynamic-tb-6252-tb-5898-1253-late.css HTTP/2.0" 200 3400 "https://www.pioneercabinetry.net/mission-door-styles/" "Mozilla/5.0 (Macintosh; Intel Mac OS X 10_15_7) AppleWebKit/605.1.15 (KHTML, like Gecko) Version/26.4 Safari/605.1.15" 10 **0/10027**
162.235.73.178 - - [20/May/2026:09:55:00 -0700] "GET /wp-content/uploads/2024/03/PC_031824_Shaker-Solid_Web-Copy.jpg HTTP/2.0" 200 239370 "https://www.pioneercabinetry.net/mission-door-styles/" "Mozilla/5.0 (Macintosh; Intel Mac OS X 10_15_7) AppleWebKit/605.1.15 (KHTML, like Gecko) Version/26.4 Safari/605.1.15" 9 **0/9639**
162.235.73.178 - - [20/May/2026:09:55:00 -0700] "GET /wp-content/uploads/2024/09/Shaker-Beaded.jpg HTTP/2.0" 200 44793 "https://www.pioneercabinetry.net/mission-door-styles/" "Mozilla/5.0 (Macintosh; Intel Mac OS X 10_15_7) AppleWebKit/605.1.15 (KHTML, like Gecko) Version/26.4 Safari/605.1.15" 8 **0/8448**
162.235.73.178 - - [20/May/2026:09:55:00 -0700] "GET /wp-content/uploads/2018/03/Mission-TownsendFlat.jpg HTTP/2.0" 200 382805 "https://www.pioneercabinetry.net/mission-door-styles/" "Mozilla/5.0 (Macintosh; Intel Mac OS X 10_15_7) AppleWebKit/605.1.15 (KHTML, like Gecko) Version/26.4 Safari/605.1.15" 9 **0/9410**
162.235.73.178 - - [20/May/2026:09:55:00 -0700] "GET /wp-content/uploads/2018/03/Mission-TownsendSolid.jpg HTTP/2.0" 200 387729 "https://www.pioneercabinetry.net/mission-door-styles/" "Mozilla/5.0 (Macintosh; Intel Mac OS X 10_15_7) AppleWebKit/605.1.15 (KHTML, like Gecko) Version/26.4 Safari/605.1.15" 9 **0/9669**
162.235.73.178 - - [20/May/2026:09:55:00 -0700] "GET /wp-content/uploads/2024/09/Townsend-Beaded.jpg HTTP/2.0" 200 39831 "https://www.pioneercabinetry.net/mission-door-styles/" "Mozilla/5.0 (Macintosh; Intel Mac OS X 10_15_7) AppleWebKit/605.1.15 (KHTML, like Gecko) Version/26.4 Safari/605.1.15" 10 **0/10045**
107.194.32.55 - - [20/May/2026:09:55:02 -0700] "GET /wp-admin/admin-ajax.php?action=updraft_ajax&subaction=activejobs_list&nonce=33dd573458&downloaders= HTTP/2.0" 200 34 "https://www.pioneercabinetry.net/wp-admin/options-general.php?page=updraftplus" "Mozilla/5.0 (Macintosh; Intel Mac OS X 10.15; rv:150.0) Gecko/20100101 Firefox/150.0" 1560 **1/1560563**
107.194.32.55 - - [20/May/2026:09:55:08 -0700] "GET /wp-admin/admin-ajax.php?action=updraft_ajax&subaction=activejobs_list&nonce=33dd573458&downloaders= HTTP/2.0" 200 34 "https://www.pioneercabinetry.net/wp-admin/options-general.php?page=updraftplus" "Mozilla/5.0 (Macintosh; Intel Mac OS X 10.15; rv:150.0) Gecko/20100101 Firefox/150.0" 1158 **1/1158012**
107.194.32.55 - - [20/May/2026:09:55:15 -0700] "GET /wp-admin/admin-ajax.php?action=updraft_ajax&subaction=activejobs_list&nonce=33dd573458&downloaders= HTTP/2.0" 200 34 "https://www.pioneercabinetry.net/wp-admin/options-general.php?page=updraftplus" "Mozilla/5.0 (Macintosh; Intel Mac OS X 10.15; rv:150.0) Gecko/20100101 Firefox/150.0" 1314 **1/1314643**
107.194.32.55 - - [20/May/2026:09:55:21 -0700] "GET /wp-admin/admin-ajax.php?action=updraft_ajax&subaction=activejobs_list&nonce=33dd573458&downloaders= HTTP/2.0" 200 34 "https://www.pioneercabinetry.net/wp-admin/options-general.php?page=updraftplus" "Mozilla/5.0 (Macintosh; Intel Mac OS X 10.15; rv:150.0) Gecko/20100101 Firefox/150.0" 1130 **1/1130564**
162.235.73.178 - - [20/May/2026:09:55:22 -0700] "GET /mission-door-styles/ HTTP/2.0" 200 25588 "https://www.pioneercabinetry.net/contact-us/" "Mozilla/5.0 (Macintosh; Intel Mac OS X 10_15_7) AppleWebKit/605.1.15 (KHTML, like Gecko) Version/26.4 Safari/605.1.15" 1858 **1/1858307**
162.235.73.178 - - [20/May/2026:09:55:24 -0700] "GET /mission-door-styles/ HTTP/2.0" 200 25588 "https://www.pioneercabinetry.net/contact-us/" "Mozilla/5.0 (Macintosh; Intel Mac OS X 10_15_7) AppleWebKit/605.1.15 (KHTML, like Gecko) Version/26.4 Safari/605.1.15" 1824 **1/1824621**
107.194.32.55 - - [20/May/2026:09:55:27 -0700] "GET /wp-admin/admin-ajax.php?action=updraft_ajax&subaction=activejobs_list&nonce=33dd573458&downloaders= HTTP/2.0" 200 34 "https://www.pioneercabinetry.net/wp-admin/options-general.php?page=updraftplus" "Mozilla/5.0 (Macintosh; Intel Mac OS X 10.15; rv:150.0) Gecko/20100101 Firefox/150.0" 1082 **1/1082753**
162.235.73.178 - - [20/May/2026:09:55:32 -0700] "GET /wp-content/uploads/2024/09/Mission-Profile.jpg HTTP/2.0" 200 27796 "https://www.pioneercabinetry.net/mission-door-styles/" "Mozilla/5.0 (Macintosh; Intel Mac OS X 10_15_7) AppleWebKit/605.1.15 (KHTML, like Gecko) Version/26.4 Safari/605.1.15" 10 **0/10261**
107.194.32.55 - - [20/May/2026:09:55:33 -0700] "GET /wp-admin/admin-ajax.php?action=updraft_ajax&subaction=activejobs_list&nonce=33dd573458&downloaders= HTTP/2.0" 200 34 "https://www.pioneercabinetry.net/wp-admin/options-general.php?page=updraftplus" "Mozilla/5.0 (Macintosh; Intel Mac OS X 10.15; rv:150.0) Gecko/20100101 Firefox/150.0" 1131 **1/1131510**
107.194.32.55 - - [20/May/2026:09:55:40 -0700] "GET /wp-admin/admin-ajax.php?action=updraft_ajax&subaction=activejobs_list&nonce=33dd573458&downloaders= HTTP/2.0" 200 34 "https://www.pioneercabinetry.net/wp-admin/options-general.php?page=updraftplus" "Mozilla/5.0 (Macintosh; Intel Mac OS X 10.15; rv:150.0) Gecko/20100101 Firefox/150.0" 1014 **1/1014539**
107.194.32.55 - - [20/May/2026:09:55:46 -0700] "GET /wp-admin/admin-ajax.php?action=updraft_ajax&subaction=activejobs_list&nonce=33dd573458&downloaders= HTTP/2.0" 200 34 "https://www.pioneercabinetry.net/wp-admin/options-general.php?page=updraftplus" "Mozilla/5.0 (Macintosh; Intel Mac OS X 10.15; rv:150.0) Gecko/20100101 Firefox/150.0" 1053 **1/1053088**
107.194.32.55 - - [20/May/2026:09:55:53 -0700] "GET /wp-admin/admin-ajax.php?action=updraft_ajax&subaction=activejobs_list&nonce=33dd573458&downloaders= HTTP/2.0" 200 34 "https://www.pioneercabinetry.net/wp-admin/options-general.php?page=updraftplus" "Mozilla/5.0 (Macintosh; Intel Mac OS X 10.15; rv:150.0) Gecko/20100101 Firefox/150.0" 2001 **2/2001156**
162.235.73.178 - - [20/May/2026:09:55:53 -0700] "GET /mission-door-styles/ HTTP/2.0" 200 25588 "https://www.pioneercabinetry.net/contact-us/" "Mozilla/5.0 (Macintosh; Intel Mac OS X 10_15_7) AppleWebKit/605.1.15 (KHTML, like Gecko) Version/26.4 Safari/605.1.15" 3452 **3/3452017**
38.105.250.52 - - [20/May/2026:09:55:57 -0700] "GET / HTTP/2.0" 200 29056 "-" "Mozilla/5.0 (Macintosh; Intel Mac OS X 10_14_5) AppleWebKit/537.36 (KHTML, like Gecko) Chrome/75.0.3770.100 Safari/537.36" 1638 **1/1638852**
38.105.250.52 - - [20/May/2026:09:55:59 -0700] "GET /wp-content/plugins/wp-store-locator/css/styles.min.css?ver=2.3.1 HTTP/2.0" 200 3638 "https://www.pioneercabinetry.net/" "Mozilla/5.0 (Macintosh; Intel Mac OS X 10_14_5) AppleWebKit/537.36 (KHTML, like Gecko) Chrome/75.0.3770.100 Safari/537.36" 11 **0/11877**
38.105.250.52 - - [20/May/2026:09:55:59 -0700] "GET /wp-content/et-cache/8/et-divi-dynamic-tb-6029-tb-5898-8-late.css?ver=1779288898 HTTP/2.0" 200 312 "https://www.pioneercabinetry.net/" "Mozilla/5.0 (Macintosh; Intel Mac OS X 10_14_5) AppleWebKit/537.36 (KHTML, like Gecko) Chrome/75.0.3770.100 Safari/537.36" 9 **0/9087**
38.105.250.52 - - [20/May/2026:09:55:59 -0700] "GET /wp-content/themes/Divi-child/style.css?ver=4.27.6 HTTP/2.0" 200 369 "https://www.pioneercabinetry.net/" "Mozilla/5.0 (Macintosh; Intel Mac OS X 10_14_5) AppleWebKit/537.36 (KHTML, like Gecko) Chrome/75.0.3770.100 Safari/537.36" 9 **0/9556**
38.105.250.52 - - [20/May/2026:09:55:59 -0700] "GET /wp-content/uploads/2018/02/PioneerLogo-1.png HTTP/2.0" 200 41766 "https://www.pioneercabinetry.net/" "Mozilla/5.0 (Macintosh; Intel Mac OS X 10_14_5) AppleWebKit/537.36 (KHTML, like Gecko) Chrome/75.0.3770.100 Safari/537.36" 8 **0/8505**
38.105.250.52 - - [20/May/2026:09:55:59 -0700] "GET /wp-content/themes/Divi/js/smoothscroll.js?ver=4.27.6 HTTP/2.0" 200 2557 "https://www.pioneercabinetry.net/" "Mozilla/5.0 (Macintosh; Intel Mac OS X 10_14_5) AppleWebKit/537.36 (KHTML, like Gecko) Chrome/75.0.3770.100 Safari/537.36" 8 **0/8770**
38.105.250.52 - - [20/May/2026:09:55:59 -0700] "GET /wp-content/et-cache/8/et-core-unified-8.min.css?ver=1779288898 HTTP/2.0" 200 749 "https://www.pioneercabinetry.net/" "Mozilla/5.0 (Macintosh; Intel Mac OS X 10_14_5) AppleWebKit/537.36 (KHTML, like Gecko) Chrome/75.0.3770.100 Safari/537.36" 10 **0/10553**
38.105.250.52 - - [20/May/2026:09:55:59 -0700] "GET /wp-content/et-cache/8/et-core-unified-tb-6029-tb-5898-deferred-8.min.css?ver=1779288900 HTTP/2.0" 200 1395 "https://www.pioneercabinetry.net/" "Mozilla/5.0 (Macintosh; Intel Mac OS X 10_14_5) AppleWebKit/537.36 (KHTML, like Gecko) Chrome/75.0.3770.100 Safari/537.36" 13 **0/13101**
38.105.250.52 - - [20/May/2026:09:55:59 -0700] "GET /wp-includes/js/jquery/jquery.min.js?ver=3.7.1 HTTP/2.0" 200 30368 "https://www.pioneercabinetry.net/" "Mozilla/5.0 (Macintosh; Intel Mac OS X 10_14_5) AppleWebKit/537.36 (KHTML, like Gecko) Chrome/75.0.3770.100 Safari/537.36" 44 **0/44974**
38.105.250.52 - - [20/May/2026:09:55:59 -0700] "GET /wp-content/uploads/2017/09/Pioneer-LrgLogo-dark.png HTTP/2.0" 200 54528 "https://www.pioneercabinetry.net/" "Mozilla/5.0 (Macintosh; Intel Mac OS X 10_14_5) AppleWebKit/537.36 (KHTML, like Gecko) Chrome/75.0.3770.100 Safari/537.36" 44 **0/44878**
38.105.250.52 - - [20/May/2026:09:55:59 -0700] "GET /wp-content/et-cache/8/et-divi-dynamic-tb-6029-tb-5898-8.css?ver=1779288898 HTTP/2.0" 200 1280 "https://www.pioneercabinetry.net/" "Mozilla/5.0 (Macintosh; Intel Mac OS X 10_14_5) AppleWebKit/537.36 (KHTML, like Gecko) Chrome/75.0.3770.100 Safari/537.36" 46 **0/46864**
38.105.250.52 - - [20/May/2026:09:55:59 -0700] "GET /wp-includes/js/jquery/jquery-migrate.min.js?ver=3.4.1 HTTP/2.0" 200 4872 "https://www.pioneercabinetry.net/" "Mozilla/5.0 (Macintosh; Intel Mac OS X 10_14_5) AppleWebKit/537.36 (KHTML, like Gecko) Chrome/75.0.3770.100 Safari/537.36" 46 **0/46539**
38.105.250.52 - - [20/May/2026:09:55:59 -0700] "GET /wp-content/themes/Divi/js/scripts.min.js?ver=4.27.6 HTTP/2.0" 200 70576 "https://www.pioneercabinetry.net/" "Mozilla/5.0 (Macintosh; Intel Mac OS X 10_14_5) AppleWebKit/537.36 (KHTML, like Gecko) Chrome/75.0.3770.100 Safari/537.36" 49 **0/49431**
38.105.250.52 - - [20/May/2026:09:55:59 -0700] "GET /wp-content/themes/Divi/core/admin/js/common.js?ver=4.27.6 HTTP/2.0" 200 566 "https://www.pioneercabinetry.net/" "Mozilla/5.0 (Macintosh; Intel Mac OS X 10_14_5) AppleWebKit/537.36 (KHTML, like Gecko) Chrome/75.0.3770.100 Safari/537.36" 8 **0/8641**
38.105.250.52 - - [20/May/2026:09:55:59 -0700] "GET /wp-content/themes/Divi/includes/builder/feature/dynamic-assets/assets/js/jquery.fitvids.js?ver=4.27.6 HTTP/2.0" 200 1341 "https://www.pioneercabinetry.net/" "Mozilla/5.0 (Macintosh; Intel Mac OS X 10_14_5) AppleWebKit/537.36 (KHTML, like Gecko) Chrome/75.0.3770.100 Safari/537.36" 15 **0/15250**
38.105.250.52 - - [20/May/2026:09:55:59 -0700] "GET /wp-content/themes/Divi/includes/builder/feature/dynamic-assets/assets/js/jquery.mobile.js?ver=4.27.6 HTTP/2.0" 200 3098 "https://www.pioneercabinetry.net/" "Mozilla/5.0 (Macintosh; Intel Mac OS X 10_14_5) AppleWebKit/537.36 (KHTML, like Gecko) Chrome/75.0.3770.100 Safari/537.36" 14 **0/14922**
38.105.250.52 - - [20/May/2026:09:55:59 -0700] "GET /wp-content/themes/Divi/includes/builder/feature/dynamic-assets/assets/js/sticky-elements.js?ver=4.27.6 HTTP/2.0" 200 57813 "https://www.pioneercabinetry.net/" "Mozilla/5.0 (Macintosh; Intel Mac OS X 10_14_5) AppleWebKit/537.36 (KHTML, like Gecko) Chrome/75.0.3770.100 Safari/537.36" 18 **0/18733**
38.105.250.52 - - [20/May/2026:09:55:59 -0700] "GET /wp-content/uploads/2023/02/boys-bath-1-Copy-scaled.jpg HTTP/2.0" 200 251573 "https://www.pioneercabinetry.net/" "Mozilla/5.0 (Macintosh; Intel Mac OS X 10_14_5) AppleWebKit/537.36 (KHTML, like Gecko) Chrome/75.0.3770.100 Safari/537.36" 16 **0/16041**
38.105.250.52 - - [20/May/2026:09:55:59 -0700] "GET /wp-content/uploads/2023/02/CDP-copy-scaled.jpg HTTP/2.0" 200 497207 "https://www.pioneercabinetry.net/" "Mozilla/5.0 (Macintosh; Intel Mac OS X 10_14_5) AppleWebKit/537.36 (KHTML, like Gecko) Chrome/75.0.3770.100 Safari/537.36" 16 **0/16330**
38.105.250.52 - - [20/May/2026:09:55:59 -0700] "GET /wp-content/uploads/2023/02/modern-white-kitchen.jpg HTTP/2.0" 200 127513 "https://www.pioneercabinetry.net/" "Mozilla/5.0 (Macintosh; Intel Mac OS X 10_14_5) AppleWebKit/537.36 (KHTML, like Gecko) Chrome/75.0.3770.100 Safari/537.36" 18 **0/18639**
38.105.250.52 - - [20/May/2026:09:55:59 -0700] "GET /wp-content/uploads/2022/10/16236-Northern-Pintail-Dr-3-Copy-2-scaled-e1677173876302.jpg HTTP/2.0" 200 298013 "https://www.pioneercabinetry.net/" "Mozilla/5.0 (Macintosh; Intel Mac OS X 10_14_5) AppleWebKit/537.36 (KHTML, like Gecko) Chrome/75.0.3770.100 Safari/537.36" 18 **0/18927**
38.105.250.52 - - [20/May/2026:09:55:59 -0700] "GET /wp-content/uploads/2023/02/Starlite-Kitchen-Pallet-Hood-e1677173557563.jpg HTTP/2.0" 200 81414 "https://www.pioneercabinetry.net/" "Mozilla/5.0 (Macintosh; Intel Mac OS X 10_14_5) AppleWebKit/537.36 (KHTML, like Gecko) Chrome/75.0.3770.100 Safari/537.36" 19 **0/19227**
38.105.250.52 - - [20/May/2026:09:55:59 -0700] "GET /wp-content/themes/Divi/core/admin/fonts/modules/all/modules.woff HTTP/2.0" 200 92084 "https://www.pioneercabinetry.net/" "Mozilla/5.0 (Macintosh; Intel Mac OS X 10_14_5) AppleWebKit/537.36 (KHTML, like Gecko) Chrome/75.0.3770.100 Safari/537.36" 19 **0/19473**
38.105.250.52 - - [20/May/2026:09:55:59 -0700] "GET /wp-content/uploads/2022/10/16236-Northern-Pintail-Dr-2-1-copy-scaled-e1677173135553.jpg HTTP/2.0" 200 356600 "https://www.pioneercabinetry.net/" "Mozilla/5.0 (Macintosh; Intel Mac OS X 10_14_5) AppleWebKit/537.36 (KHTML, like Gecko) Chrome/75.0.3770.100 Safari/537.36" 20 **0/20852**
38.105.250.52 - - [20/May/2026:09:55:59 -0700] "GET /wp-content/uploads/2023/02/Gray-fireplace-e1677173725722.jpg HTTP/2.0" 200 119024 "https://www.pioneercabinetry.net/" "Mozilla/5.0 (Macintosh; Intel Mac OS X 10_14_5) AppleWebKit/537.36 (KHTML, like Gecko) Chrome/75.0.3770.100 Safari/537.36" 22 **0/22924**
38.105.250.52 - - [20/May/2026:09:55:59 -0700] "GET /wp-content/et-cache/8/et-divi-dynamic-tb-6029-tb-5898-8-late.css HTTP/2.0" 200 312 "https://www.pioneercabinetry.net/" "Mozilla/5.0 (Macintosh; Intel Mac OS X 10_14_5) AppleWebKit/537.36 (KHTML, like Gecko) Chrome/75.0.3770.100 Safari/537.36" 10 **0/10315**
107.194.32.55 - - [20/May/2026:09:55:59 -0700] "GET /wp-admin/admin-ajax.php?action=updraft_ajax&subaction=activejobs_list&nonce=33dd573458&downloaders= HTTP/2.0" 200 34 "https://www.pioneercabinetry.net/wp-admin/options-general.php?page=updraftplus" "Mozilla/5.0 (Macintosh; Intel Mac OS X 10.15; rv:150.0) Gecko/20100101 Firefox/150.0" 1847 **1/1847920**
38.105.250.52 - - [20/May/2026:09:55:59 -0700] "GET /wp/wp-content/uploads/2016/06/lightKitchen.jpg HTTP/2.0" 404 133629 "https://www.pioneercabinetry.net/wp-content/et-cache/8/et-core-unified-tb-6029-tb-5898-deferred-8.min.css?ver=1779288900" "Mozilla/5.0 (Macintosh; Intel Mac OS X 10_14_5) AppleWebKit/537.36 (KHTML, like Gecko) Chrome/75.0.3770.100 Safari/537.36" 2217 **2/2217860**
35.91.203.125 - - [20/May/2026:09:56:02 -0700] "GET /?rnd=1779296162610 HTTP/2.0" 301 - "-" "GoDaddy-UptimeMonitoring" 1191 **1/1191128**
35.91.203.125 - - [20/May/2026:09:56:04 -0700] "GET /?rnd=1779296162610 HTTP/2.0" 200 29086 "https://pioneercabinetry.net/?rnd=1779296162610" "GoDaddy-UptimeMonitoring" 1934 **1/1934708**
107.194.32.55 - - [20/May/2026:09:56:05 -0700] "GET /wp-admin/admin-ajax.php?action=updraft_ajax&subaction=activejobs_list&nonce=33dd573458&downloaders= HTTP/2.0" 200 34 "https://www.pioneercabinetry.net/wp-admin/options-general.php?page=updraftplus" "Mozilla/5.0 (Macintosh; Intel Mac OS X 10.15; rv:150.0) Gecko/20100101 Firefox/150.0" 1610 **1/1610331**
107.194.32.55 - - [20/May/2026:09:56:11 -0700] "GET /wp-admin/admin-ajax.php?action=updraft_ajax&subaction=activejobs_list&nonce=33dd573458&downloaders= HTTP/2.0" 200 34 "https://www.pioneercabinetry.net/wp-admin/options-general.php?page=updraftplus" "Mozilla/5.0 (Macintosh; Intel Mac OS X 10.15; rv:150.0) Gecko/20100101 Firefox/150.0" 1087 **1/1087335**
107.194.32.55 - - [20/May/2026:09:56:18 -0700] "GET /wp-admin/admin-ajax.php?action=updraft_ajax&subaction=activejobs_list&nonce=33dd573458&downloaders= HTTP/2.0" 200 34 "https://www.pioneercabinetry.net/wp-admin/options-general.php?page=updraftplus" "Mozilla/5.0 (Macintosh; Intel Mac OS X 10.15; rv:150.0) Gecko/20100101 Firefox/150.0" 1087 **1/1087542**
107.194.32.55 - - [20/May/2026:09:56:24 -0700] "GET /wp-admin/admin-ajax.php?action=updraft_ajax&subaction=activejobs_list&nonce=33dd573458&downloaders= HTTP/2.0" 200 34 "https://www.pioneercabinetry.net/wp-admin/options-general.php?page=updraftplus" "Mozilla/5.0 (Macintosh; Intel Mac OS X 10.15; rv:150.0) Gecko/20100101 Firefox/150.0" 1067 **1/1067858**
162.235.73.178 - - [20/May/2026:09:56:25 -0700] "GET /traditional-door-styles/ HTTP/2.0" 200 25791 "https://www.pioneercabinetry.net/mission-door-styles/" "Mozilla/5.0 (Macintosh; Intel Mac OS X 10_15_7) AppleWebKit/605.1.15 (KHTML, like Gecko) Version/26.4 Safari/605.1.15" 1864 **1/1864577**
162.235.73.178 - - [20/May/2026:09:56:27 -0700] "GET /wp-content/et-cache/6378/et-divi-dynamic-tb-6252-tb-5898-6378-late.css?ver=1779290920 HTTP/2.0" 200 3400 "https://www.pioneercabinetry.net/traditional-door-styles/" "Mozilla/5.0 (Macintosh; Intel Mac OS X 10_15_7) AppleWebKit/605.1.15 (KHTML, like Gecko) Version/26.4 Safari/605.1.15" 20 **0/20644**
162.235.73.178 - - [20/May/2026:09:56:27 -0700] "GET /wp-content/et-cache/6378/et-core-unified-6378.min.css?ver=1779290919 HTTP/2.0" 200 749 "https://www.pioneercabinetry.net/traditional-door-styles/" "Mozilla/5.0 (Macintosh; Intel Mac OS X 10_15_7) AppleWebKit/605.1.15 (KHTML, like Gecko) Version/26.4 Safari/605.1.15" 14 **0/14292**
162.235.73.178 - - [20/May/2026:09:56:27 -0700] "GET /wp-content/et-cache/6378/et-core-unified-tb-6252-tb-5898-deferred-6378.min.css?ver=1779290920 HTTP/2.0" 200 228 "https://www.pioneercabinetry.net/traditional-door-styles/" "Mozilla/5.0 (Macintosh; Intel Mac OS X 10_15_7) AppleWebKit/605.1.15 (KHTML, like Gecko) Version/26.4 Safari/605.1.15" 14 **0/14651**
162.235.73.178 - - [20/May/2026:09:56:27 -0700] "GET /wp-content/uploads/2024/09/19-Traditional.jpg HTTP/2.0" 200 200551 "https://www.pioneercabinetry.net/traditional-door-styles/" "Mozilla/5.0 (Macintosh; Intel Mac OS X 10_15_7) AppleWebKit/605.1.15 (KHTML, like Gecko) Version/26.4 Safari/605.1.15" 15 **0/15757**
162.235.73.178 - - [20/May/2026:09:56:27 -0700] "GET /wp-content/uploads/2024/09/20-Traditional.jpg HTTP/2.0" 200 200714 "https://www.pioneercabinetry.net/traditional-door-styles/" "Mozilla/5.0 (Macintosh; Intel Mac OS X 10_15_7) AppleWebKit/605.1.15 (KHTML, like Gecko) Version/26.4 Safari/605.1.15" 85 **0/85576**
162.235.73.178 - - [20/May/2026:09:56:27 -0700] "GET /wp-content/et-cache/6378/et-divi-dynamic-tb-6252-tb-5898-6378-late.css HTTP/2.0" 200 3400 "https://www.pioneercabinetry.net/traditional-door-styles/" "Mozilla/5.0 (Macintosh; Intel Mac OS X 10_15_7) AppleWebKit/605.1.15 (KHTML, like Gecko) Version/26.4 Safari/605.1.15" 12 **0/12210**
162.235.73.178 - - [20/May/2026:09:56:28 -0700] "GET /wp-content/uploads/2024/09/21-Traditional.jpg HTTP/2.0" 200 196365 "https://www.pioneercabinetry.net/traditional-door-styles/" "Mozilla/5.0 (Macintosh; Intel Mac OS X 10_15_7) AppleWebKit/605.1.15 (KHTML, like Gecko) Version/26.4 Safari/605.1.15" 12 **0/12432**
162.235.73.178 - - [20/May/2026:09:56:28 -0700] "GET /wp-content/uploads/2024/09/23-Traditional.jpg HTTP/2.0" 200 228975 "https://www.pioneercabinetry.net/traditional-door-styles/" "Mozilla/5.0 (Macintosh; Intel Mac OS X 10_15_7) AppleWebKit/605.1.15 (KHTML, like Gecko) Version/26.4 Safari/605.1.15" 12 **0/12839**
162.235.73.178 - - [20/May/2026:09:56:28 -0700] "GET /wp-content/uploads/2024/09/26-Traditional.jpg HTTP/2.0" 200 39222 "https://www.pioneercabinetry.net/traditional-door-styles/" "Mozilla/5.0 (Macintosh; Intel Mac OS X 10_15_7) AppleWebKit/605.1.15 (KHTML, like Gecko) Version/26.4 Safari/605.1.15" 14 **0/14205**
162.235.73.178 - - [20/May/2026:09:56:28 -0700] "GET /wp-content/uploads/2024/09/24-Traditional.jpg HTTP/2.0" 200 219709 "https://www.pioneercabinetry.net/traditional-door-styles/" "Mozilla/5.0 (Macintosh; Intel Mac OS X 10_15_7) AppleWebKit/605.1.15 (KHTML, like Gecko) Version/26.4 Safari/605.1.15" 14 **0/14639**
162.235.73.178 - - [20/May/2026:09:56:28 -0700] "GET /wp-content/uploads/2024/09/22-Traditional.jpg HTTP/2.0" 200 39065 "https://www.pioneercabinetry.net/traditional-door-styles/" "Mozilla/5.0 (Macintosh; Intel Mac OS X 10_15_7) AppleWebKit/605.1.15 (KHTML, like Gecko) Version/26.4 Safari/605.1.15" 269 **0/269067**
162.235.73.178 - - [20/May/2026:09:56:28 -0700] "GET /wp-content/uploads/2024/09/25-Traditional.jpg HTTP/2.0" 200 231669 "https://www.pioneercabinetry.net/traditional-door-styles/" "Mozilla/5.0 (Macintosh; Intel Mac OS X 10_15_7) AppleWebKit/605.1.15 (KHTML, like Gecko) Version/26.4 Safari/605.1.15" 270 **0/270543**
107.194.32.55 - - [20/May/2026:09:56:30 -0700] "GET /wp-admin/admin-ajax.php?action=updraft_ajax&subaction=activejobs_list&nonce=33dd573458&downloaders= HTTP/2.0" 200 34 "https://www.pioneercabinetry.net/wp-admin/options-general.php?page=updraftplus" "Mozilla/5.0 (Macintosh; Intel Mac OS X 10.15; rv:150.0) Gecko/20100101 Firefox/150.0" 1101 **1/1101120**
162.235.73.178 - - [20/May/2026:09:56:33 -0700] "GET /wp-content/uploads/2024/09/Traditional-Profile.jpg HTTP/2.0" 200 31733 "https://www.pioneercabinetry.net/traditional-door-styles/" "Mozilla/5.0 (Macintosh; Intel Mac OS X 10_15_7) AppleWebKit/605.1.15 (KHTML, like Gecko) Version/26.4 Safari/605.1.15" 11 **0/11553**
107.194.32.55 - - [20/May/2026:09:56:33 -0700] "POST /wp-admin/admin-ajax.php HTTP/2.0" 200 254 "https://www.pioneercabinetry.net/wp-admin/options-general.php?page=updraftplus" "Mozilla/5.0 (Macintosh; Intel Mac OS X 10.15; rv:150.0) Gecko/20100101 Firefox/150.0" 1116 **1/1116717**
107.194.32.55 - - [20/May/2026:09:56:36 -0700] "GET /wp-admin/admin-ajax.php?action=updraft_ajax&subaction=activejobs_list&nonce=33dd573458&downloaders= HTTP/2.0" 200 34 "https://www.pioneercabinetry.net/wp-admin/options-general.php?page=updraftplus" "Mozilla/5.0 (Macintosh; Intel Mac OS X 10.15; rv:150.0) Gecko/20100101 Firefox/150.0" 1137 **1/1137369**
107.194.32.55 - - [20/May/2026:09:56:43 -0700] "GET /wp-admin/admin-ajax.php?action=updraft_ajax&subaction=activejobs_list&nonce=33dd573458&downloaders= HTTP/2.0" 200 34 "https://www.pioneercabinetry.net/wp-admin/options-general.php?page=updraftplus" "Mozilla/5.0 (Macintosh; Intel Mac OS X 10.15; rv:150.0) Gecko/20100101 Firefox/150.0" 1051 **1/1051840**
107.194.32.55 - - [20/May/2026:09:56:49 -0700] "GET /wp-admin/admin-ajax.php?action=updraft_ajax&subaction=activejobs_list&nonce=33dd573458&downloaders= HTTP/2.0" 200 34 "https://www.pioneercabinetry.net/wp-admin/options-general.php?page=updraftplus" "Mozilla/5.0 (Macintosh; Intel Mac OS X 10.15; rv:150.0) Gecko/20100101 Firefox/150.0" 1028 **1/1028596**
162.235.73.178 - - [20/May/2026:09:56:54 -0700] "GET /wood-species/wood-cherry/ HTTP/2.0" 200 24511 "https://www.pioneercabinetry.net/mission-door-styles/" "Mozilla/5.0 (Macintosh; Intel Mac OS X 10_15_7) AppleWebKit/605.1.15 (KHTML, like Gecko) Version/26.4 Safari/605.1.15" 1578 **1/1578095**
162.235.73.178 - - [20/May/2026:09:56:56 -0700] "GET /wp-content/et-cache/6561/et-divi-dynamic-tb-6589-tb-5898-6561-late.css?ver=1779295139 HTTP/2.0" 200 3400 "https://www.pioneercabinetry.net/wood-species/wood-cherry/" "Mozilla/5.0 (Macintosh; Intel Mac OS X 10_15_7) AppleWebKit/605.1.15 (KHTML, like Gecko) Version/26.4 Safari/605.1.15" 11 **0/11258**
162.235.73.178 - - [20/May/2026:09:56:56 -0700] "GET /wp-content/uploads/2024/09/Wood-Cherry.jpg HTTP/2.0" 200 110739 "https://www.pioneercabinetry.net/wood-species/wood-cherry/" "Mozilla/5.0 (Macintosh; Intel Mac OS X 10_15_7) AppleWebKit/605.1.15 (KHTML, like Gecko) Version/26.4 Safari/605.1.15" 10 **0/10628**
162.235.73.178 - - [20/May/2026:09:56:56 -0700] "GET /wp-content/et-cache/6561/et-core-unified-6561.min.css?ver=1779295139 HTTP/2.0" 200 749 "https://www.pioneercabinetry.net/wood-species/wood-cherry/" "Mozilla/5.0 (Macintosh; Intel Mac OS X 10_15_7) AppleWebKit/605.1.15 (KHTML, like Gecko) Version/26.4 Safari/605.1.15" 11 **0/11259**
162.235.73.178 - - [20/May/2026:09:56:56 -0700] "GET /wp-content/et-cache/6561/et-core-unified-tb-6589-tb-5898-deferred-6561.min.css?ver=1779295139 HTTP/2.0" 200 528 "https://www.pioneercabinetry.net/wood-species/wood-cherry/" "Mozilla/5.0 (Macintosh; Intel Mac OS X 10_15_7) AppleWebKit/605.1.15 (KHTML, like Gecko) Version/26.4 Safari/605.1.15" 14 **0/14975**
162.235.73.178 - - [20/May/2026:09:56:56 -0700] "GET /wp-content/et-cache/6561/et-divi-dynamic-tb-6589-tb-5898-6561-late.css HTTP/2.0" 200 3400 "https://www.pioneercabinetry.net/wood-species/wood-cherry/" "Mozilla/5.0 (Macintosh; Intel Mac OS X 10_15_7) AppleWebKit/605.1.15 (KHTML, like Gecko) Version/26.4 Safari/605.1.15" 11 **0/11732**
