107.194.32.55 - - [20/May/2026:11:48:12 -0700] "GET /wp-admin/admin-ajax.php?action=updraft_ajax&subaction=activejobs_list&nonce=33dd573458&downloaders= HTTP/2.0" 400 1 "https://www.pioneercabinetry.net/wp-admin/options-general.php?page=updraftplus" "Mozilla/5.0 (Macintosh; Intel Mac OS X 10.15; rv:150.0) Gecko/20100101 Firefox/150.0" 1252 **1/1252941**
107.194.32.55 - - [20/May/2026:11:48:19 -0700] "GET /wp-admin/admin-ajax.php?action=updraft_ajax&subaction=activejobs_list&nonce=33dd573458&downloaders= HTTP/2.0" 400 1 "https://www.pioneercabinetry.net/wp-admin/options-general.php?page=updraftplus" "Mozilla/5.0 (Macintosh; Intel Mac OS X 10.15; rv:150.0) Gecko/20100101 Firefox/150.0" 1097 **1/1097477**
107.194.32.55 - - [20/May/2026:11:48:25 -0700] "GET /wp-admin/admin-ajax.php?action=updraft_ajax&subaction=activejobs_list&nonce=33dd573458&downloaders= HTTP/2.0" 400 1 "https://www.pioneercabinetry.net/wp-admin/options-general.php?page=updraftplus" "Mozilla/5.0 (Macintosh; Intel Mac OS X 10.15; rv:150.0) Gecko/20100101 Firefox/150.0" 1066 **1/1066180**
107.194.32.55 - - [20/May/2026:11:48:31 -0700] "GET /wp-admin/admin-ajax.php?action=updraft_ajax&subaction=activejobs_list&nonce=33dd573458&downloaders= HTTP/2.0" 400 1 "https://www.pioneercabinetry.net/wp-admin/options-general.php?page=updraftplus" "Mozilla/5.0 (Macintosh; Intel Mac OS X 10.15; rv:150.0) Gecko/20100101 Firefox/150.0" 1174 **1/1174921**
107.194.32.55 - - [20/May/2026:11:48:37 -0700] "GET /wp-admin/admin-ajax.php?action=updraft_ajax&subaction=activejobs_list&nonce=33dd573458&downloaders= HTTP/2.0" 400 1 "https://www.pioneercabinetry.net/wp-admin/options-general.php?page=updraftplus" "Mozilla/5.0 (Macintosh; Intel Mac OS X 10.15; rv:150.0) Gecko/20100101 Firefox/150.0" 1158 **1/1158367**
107.194.32.55 - - [20/May/2026:11:48:43 -0700] "GET /wp-admin/admin-ajax.php?action=updraft_ajax&subaction=activejobs_list&nonce=33dd573458&downloaders= HTTP/2.0" 400 1 "https://www.pioneercabinetry.net/wp-admin/options-general.php?page=updraftplus" "Mozilla/5.0 (Macintosh; Intel Mac OS X 10.15; rv:150.0) Gecko/20100101 Firefox/150.0" 1064 **1/1064833**
107.194.32.55 - - [20/May/2026:11:48:49 -0700] "GET /wp-admin/admin-ajax.php?action=updraft_ajax&subaction=activejobs_list&nonce=33dd573458&downloaders= HTTP/2.0" 400 1 "https://www.pioneercabinetry.net/wp-admin/options-general.php?page=updraftplus" "Mozilla/5.0 (Macintosh; Intel Mac OS X 10.15; rv:150.0) Gecko/20100101 Firefox/150.0" 1200 **1/1200196**
34.219.150.102 - - [20/May/2026:11:48:52 -0700] "GET /?rnd=1779302932520 HTTP/2.0" 301 - "-" "GoDaddy-UptimeMonitoring" 1346 **1/1346932**
34.219.150.102 - - [20/May/2026:11:48:54 -0700] "GET /?rnd=1779302932520 HTTP/2.0" 200 29084 "https://pioneercabinetry.net/?rnd=1779302932520" "GoDaddy-UptimeMonitoring" 2020 **2/2020554**
107.194.32.55 - - [20/May/2026:11:48:55 -0700] "GET /wp-admin/admin-ajax.php?action=updraft_ajax&subaction=activejobs_list&nonce=33dd573458&downloaders= HTTP/2.0" 400 1 "https://www.pioneercabinetry.net/wp-admin/options-general.php?page=updraftplus" "Mozilla/5.0 (Macintosh; Intel Mac OS X 10.15; rv:150.0) Gecko/20100101 Firefox/150.0" 1446 **1/1446517**
107.194.32.55 - - [20/May/2026:11:49:01 -0700] "GET /wp-admin/admin-ajax.php?action=updraft_ajax&subaction=activejobs_list&nonce=33dd573458&downloaders= HTTP/2.0" 400 1 "https://www.pioneercabinetry.net/wp-admin/options-general.php?page=updraftplus" "Mozilla/5.0 (Macintosh; Intel Mac OS X 10.15; rv:150.0) Gecko/20100101 Firefox/150.0" 1522 **1/1522307**
107.194.32.55 - - [20/May/2026:11:49:07 -0700] "GET /wp-admin/admin-ajax.php?action=updraft_ajax&subaction=activejobs_list&nonce=33dd573458&downloaders= HTTP/2.0" 400 1 "https://www.pioneercabinetry.net/wp-admin/options-general.php?page=updraftplus" "Mozilla/5.0 (Macintosh; Intel Mac OS X 10.15; rv:150.0) Gecko/20100101 Firefox/150.0" 1119 **1/1119089**
107.194.32.55 - - [20/May/2026:11:49:14 -0700] "GET /wp-admin/admin-ajax.php?action=updraft_ajax&subaction=activejobs_list&nonce=33dd573458&downloaders= HTTP/2.0" 400 1 "https://www.pioneercabinetry.net/wp-admin/options-general.php?page=updraftplus" "Mozilla/5.0 (Macintosh; Intel Mac OS X 10.15; rv:150.0) Gecko/20100101 Firefox/150.0" 1120 **1/1120883**
107.194.32.55 - - [20/May/2026:11:49:20 -0700] "GET /wp-admin/admin-ajax.php?action=updraft_ajax&subaction=activejobs_list&nonce=33dd573458&downloaders= HTTP/2.0" 400 1 "https://www.pioneercabinetry.net/wp-admin/options-general.php?page=updraftplus" "Mozilla/5.0 (Macintosh; Intel Mac OS X 10.15; rv:150.0) Gecko/20100101 Firefox/150.0" 1133 **1/1133779**
107.194.32.55 - - [20/May/2026:11:49:26 -0700] "GET /wp-admin/admin-ajax.php?action=updraft_ajax&subaction=activejobs_list&nonce=33dd573458&downloaders= HTTP/2.0" 400 1 "https://www.pioneercabinetry.net/wp-admin/options-general.php?page=updraftplus" "Mozilla/5.0 (Macintosh; Intel Mac OS X 10.15; rv:150.0) Gecko/20100101 Firefox/150.0" 1129 **1/1129101**
107.194.32.55 - - [20/May/2026:11:49:32 -0700] "GET /wp-admin/admin-ajax.php?action=updraft_ajax&subaction=activejobs_list&nonce=33dd573458&downloaders= HTTP/2.0" 400 1 "https://www.pioneercabinetry.net/wp-admin/options-general.php?page=updraftplus" "Mozilla/5.0 (Macintosh; Intel Mac OS X 10.15; rv:150.0) Gecko/20100101 Firefox/150.0" 1167 **1/1167714**
107.194.32.55 - - [20/May/2026:11:49:38 -0700] "GET /wp-admin/admin-ajax.php?action=updraft_ajax&subaction=activejobs_list&nonce=33dd573458&downloaders= HTTP/2.0" 400 1 "https://www.pioneercabinetry.net/wp-admin/options-general.php?page=updraftplus" "Mozilla/5.0 (Macintosh; Intel Mac OS X 10.15; rv:150.0) Gecko/20100101 Firefox/150.0" 1053 **1/1053895**
107.194.32.55 - - [20/May/2026:11:49:44 -0700] "GET /wp-admin/admin-ajax.php?action=updraft_ajax&subaction=activejobs_list&nonce=33dd573458&downloaders= HTTP/2.0" 400 1 "https://www.pioneercabinetry.net/wp-admin/options-general.php?page=updraftplus" "Mozilla/5.0 (Macintosh; Intel Mac OS X 10.15; rv:150.0) Gecko/20100101 Firefox/150.0" 981 **0/981485**
107.194.32.55 - - [20/May/2026:11:49:50 -0700] "GET /wp-admin/admin-ajax.php?action=updraft_ajax&subaction=activejobs_list&nonce=33dd573458&downloaders= HTTP/2.0" 400 1 "https://www.pioneercabinetry.net/wp-admin/options-general.php?page=updraftplus" "Mozilla/5.0 (Macintosh; Intel Mac OS X 10.15; rv:150.0) Gecko/20100101 Firefox/150.0" 1217 **1/1217455**
107.194.32.55 - - [20/May/2026:11:49:56 -0700] "GET /wp-admin/admin-ajax.php?action=updraft_ajax&subaction=activejobs_list&nonce=33dd573458&downloaders= HTTP/2.0" 400 1 "https://www.pioneercabinetry.net/wp-admin/options-general.php?page=updraftplus" "Mozilla/5.0 (Macintosh; Intel Mac OS X 10.15; rv:150.0) Gecko/20100101 Firefox/150.0" 1001 **1/1001371**
107.194.32.55 - - [20/May/2026:11:50:02 -0700] "GET /wp-admin/admin-ajax.php?action=updraft_ajax&subaction=activejobs_list&nonce=33dd573458&downloaders= HTTP/2.0" 400 1 "https://www.pioneercabinetry.net/wp-admin/options-general.php?page=updraftplus" "Mozilla/5.0 (Macintosh; Intel Mac OS X 10.15; rv:150.0) Gecko/20100101 Firefox/150.0" 1622 **1/1622142**
107.194.32.55 - - [20/May/2026:11:50:08 -0700] "GET /wp-admin/admin-ajax.php?action=updraft_ajax&subaction=activejobs_list&nonce=33dd573458&downloaders= HTTP/2.0" 400 1 "https://www.pioneercabinetry.net/wp-admin/options-general.php?page=updraftplus" "Mozilla/5.0 (Macintosh; Intel Mac OS X 10.15; rv:150.0) Gecko/20100101 Firefox/150.0" 1264 **1/1264713**
107.194.32.55 - - [20/May/2026:11:50:14 -0700] "GET /wp-admin/admin-ajax.php?action=updraft_ajax&subaction=activejobs_list&nonce=33dd573458&downloaders= HTTP/2.0" 400 1 "https://www.pioneercabinetry.net/wp-admin/options-general.php?page=updraftplus" "Mozilla/5.0 (Macintosh; Intel Mac OS X 10.15; rv:150.0) Gecko/20100101 Firefox/150.0" 1079 **1/1079722**
107.194.32.55 - - [20/May/2026:11:50:21 -0700] "GET /wp-admin/admin-ajax.php?action=updraft_ajax&subaction=activejobs_list&nonce=33dd573458&downloaders= HTTP/2.0" 400 1 "https://www.pioneercabinetry.net/wp-admin/options-general.php?page=updraftplus" "Mozilla/5.0 (Macintosh; Intel Mac OS X 10.15; rv:150.0) Gecko/20100101 Firefox/150.0" 1166 **1/1166868**
107.194.32.55 - - [20/May/2026:11:50:27 -0700] "GET /wp-admin/admin-ajax.php?action=updraft_ajax&subaction=activejobs_list&nonce=33dd573458&downloaders= HTTP/2.0" 400 1 "https://www.pioneercabinetry.net/wp-admin/options-general.php?page=updraftplus" "Mozilla/5.0 (Macintosh; Intel Mac OS X 10.15; rv:150.0) Gecko/20100101 Firefox/150.0" 1200 **1/1200120**
107.194.32.55 - - [20/May/2026:11:50:33 -0700] "GET /wp-admin/admin-ajax.php?action=updraft_ajax&subaction=activejobs_list&nonce=33dd573458&downloaders= HTTP/2.0" 400 1 "https://www.pioneercabinetry.net/wp-admin/options-general.php?page=updraftplus" "Mozilla/5.0 (Macintosh; Intel Mac OS X 10.15; rv:150.0) Gecko/20100101 Firefox/150.0" 1098 **1/1098057**
107.194.32.55 - - [20/May/2026:11:50:39 -0700] "GET /wp-admin/admin-ajax.php?action=updraft_ajax&subaction=activejobs_list&nonce=33dd573458&downloaders= HTTP/2.0" 400 1 "https://www.pioneercabinetry.net/wp-admin/options-general.php?page=updraftplus" "Mozilla/5.0 (Macintosh; Intel Mac OS X 10.15; rv:150.0) Gecko/20100101 Firefox/150.0" 1042 **1/1042676**
107.194.32.55 - - [20/May/2026:11:50:45 -0700] "GET /wp-admin/admin-ajax.php?action=updraft_ajax&subaction=activejobs_list&nonce=33dd573458&downloaders= HTTP/2.0" 400 1 "https://www.pioneercabinetry.net/wp-admin/options-general.php?page=updraftplus" "Mozilla/5.0 (Macintosh; Intel Mac OS X 10.15; rv:150.0) Gecko/20100101 Firefox/150.0" 1147 **1/1147132**
107.194.32.55 - - [20/May/2026:11:50:51 -0700] "GET /wp-admin/admin-ajax.php?action=updraft_ajax&subaction=activejobs_list&nonce=33dd573458&downloaders= HTTP/2.0" 400 1 "https://www.pioneercabinetry.net/wp-admin/options-general.php?page=updraftplus" "Mozilla/5.0 (Macintosh; Intel Mac OS X 10.15; rv:150.0) Gecko/20100101 Firefox/150.0" 1210 **1/1210131**
107.194.32.55 - - [20/May/2026:11:50:57 -0700] "GET /wp-admin/admin-ajax.php?action=updraft_ajax&subaction=activejobs_list&nonce=33dd573458&downloaders= HTTP/2.0" 400 1 "https://www.pioneercabinetry.net/wp-admin/options-general.php?page=updraftplus" "Mozilla/5.0 (Macintosh; Intel Mac OS X 10.15; rv:150.0) Gecko/20100101 Firefox/150.0" 1093 **1/1093622**
107.194.32.55 - - [20/May/2026:11:51:04 -0700] "GET /wp-admin/admin-ajax.php?action=updraft_ajax&subaction=activejobs_list&nonce=33dd573458&downloaders= HTTP/2.0" 400 1 "https://www.pioneercabinetry.net/wp-admin/options-general.php?page=updraftplus" "Mozilla/5.0 (Macintosh; Intel Mac OS X 10.15; rv:150.0) Gecko/20100101 Firefox/150.0" 1208 **1/1208364**
107.194.32.55 - - [20/May/2026:11:51:09 -0700] "GET /wp-admin/admin-ajax.php?action=updraft_ajax&subaction=activejobs_list&nonce=33dd573458&downloaders= HTTP/2.0" 400 1 "https://www.pioneercabinetry.net/wp-admin/options-general.php?page=updraftplus" "Mozilla/5.0 (Macintosh; Intel Mac OS X 10.15; rv:150.0) Gecko/20100101 Firefox/150.0" 1169 **1/1169880**
107.194.32.55 - - [20/May/2026:11:51:15 -0700] "GET /wp-admin/admin-ajax.php?action=updraft_ajax&subaction=activejobs_list&nonce=33dd573458&downloaders= HTTP/2.0" 400 1 "https://www.pioneercabinetry.net/wp-admin/options-general.php?page=updraftplus" "Mozilla/5.0 (Macintosh; Intel Mac OS X 10.15; rv:150.0) Gecko/20100101 Firefox/150.0" 1183 **1/1183871**
107.194.32.55 - - [20/May/2026:11:51:21 -0700] "GET /wp-admin/admin-ajax.php?action=updraft_ajax&subaction=activejobs_list&nonce=33dd573458&downloaders= HTTP/2.0" 400 1 "https://www.pioneercabinetry.net/wp-admin/options-general.php?page=updraftplus" "Mozilla/5.0 (Macintosh; Intel Mac OS X 10.15; rv:150.0) Gecko/20100101 Firefox/150.0" 1066 **1/1066891**
107.194.32.55 - - [20/May/2026:11:51:27 -0700] "GET /wp-admin/admin-ajax.php?action=updraft_ajax&subaction=activejobs_list&nonce=33dd573458&downloaders= HTTP/2.0" 400 1 "https://www.pioneercabinetry.net/wp-admin/options-general.php?page=updraftplus" "Mozilla/5.0 (Macintosh; Intel Mac OS X 10.15; rv:150.0) Gecko/20100101 Firefox/150.0" 1214 **1/1214903**
107.194.32.55 - - [20/May/2026:11:51:33 -0700] "GET /wp-admin/admin-ajax.php?action=updraft_ajax&subaction=activejobs_list&nonce=33dd573458&downloaders= HTTP/2.0" 400 1 "https://www.pioneercabinetry.net/wp-admin/options-general.php?page=updraftplus" "Mozilla/5.0 (Macintosh; Intel Mac OS X 10.15; rv:150.0) Gecko/20100101 Firefox/150.0" 1157 **1/1157834**
107.194.32.55 - - [20/May/2026:11:51:39 -0700] "GET /wp-admin/admin-ajax.php?action=updraft_ajax&subaction=activejobs_list&nonce=33dd573458&downloaders= HTTP/2.0" 400 1 "https://www.pioneercabinetry.net/wp-admin/options-general.php?page=updraftplus" "Mozilla/5.0 (Macintosh; Intel Mac OS X 10.15; rv:150.0) Gecko/20100101 Firefox/150.0" 1164 **1/1164825**
107.180.114.193 - - [20/May/2026:11:51:47 -0700] "POST /wp-cron.php?doing_wp_cron=1779303107.1584429740905761718750 HTTP/1.1" 200 - "-" "WordPress/6.9.4; https://www.pioneercabinetry.net" 24 **0/24214**
107.194.32.55 - - [20/May/2026:11:51:46 -0700] "GET /wp-admin/admin-ajax.php?action=updraft_ajax&subaction=activejobs_list&nonce=33dd573458&downloaders= HTTP/2.0" 400 1 "https://www.pioneercabinetry.net/wp-admin/options-general.php?page=updraftplus" "Mozilla/5.0 (Macintosh; Intel Mac OS X 10.15; rv:150.0) Gecko/20100101 Firefox/150.0" 1107 **1/1107109**
107.194.32.55 - - [20/May/2026:11:51:52 -0700] "GET /wp-admin/admin-ajax.php?action=updraft_ajax&subaction=activejobs_list&nonce=33dd573458&downloaders= HTTP/2.0" 400 1 "https://www.pioneercabinetry.net/wp-admin/options-general.php?page=updraftplus" "Mozilla/5.0 (Macintosh; Intel Mac OS X 10.15; rv:150.0) Gecko/20100101 Firefox/150.0" 1054 **1/1054517**
107.194.32.55 - - [20/May/2026:11:51:58 -0700] "GET /wp-admin/admin-ajax.php?action=updraft_ajax&subaction=activejobs_list&nonce=33dd573458&downloaders= HTTP/2.0" 400 1 "https://www.pioneercabinetry.net/wp-admin/options-general.php?page=updraftplus" "Mozilla/5.0 (Macintosh; Intel Mac OS X 10.15; rv:150.0) Gecko/20100101 Firefox/150.0" 1189 **1/1189718**
107.194.32.55 - - [20/May/2026:11:52:04 -0700] "GET /wp-admin/admin-ajax.php?action=updraft_ajax&subaction=activejobs_list&nonce=33dd573458&downloaders= HTTP/2.0" 400 1 "https://www.pioneercabinetry.net/wp-admin/options-general.php?page=updraftplus" "Mozilla/5.0 (Macintosh; Intel Mac OS X 10.15; rv:150.0) Gecko/20100101 Firefox/150.0" 1187 **1/1187978**
107.194.32.55 - - [20/May/2026:11:52:10 -0700] "GET /wp-admin/admin-ajax.php?action=updraft_ajax&subaction=activejobs_list&nonce=33dd573458&downloaders= HTTP/2.0" 400 1 "https://www.pioneercabinetry.net/wp-admin/options-general.php?page=updraftplus" "Mozilla/5.0 (Macintosh; Intel Mac OS X 10.15; rv:150.0) Gecko/20100101 Firefox/150.0" 1121 **1/1121420**
107.194.32.55 - - [20/May/2026:11:52:16 -0700] "GET /wp-admin/admin-ajax.php?action=updraft_ajax&subaction=activejobs_list&nonce=33dd573458&downloaders= HTTP/2.0" 400 1 "https://www.pioneercabinetry.net/wp-admin/options-general.php?page=updraftplus" "Mozilla/5.0 (Macintosh; Intel Mac OS X 10.15; rv:150.0) Gecko/20100101 Firefox/150.0" 1168 **1/1168115**
107.194.32.55 - - [20/May/2026:11:52:22 -0700] "GET /wp-admin/admin-ajax.php?action=updraft_ajax&subaction=activejobs_list&nonce=33dd573458&downloaders= HTTP/2.0" 400 1 "https://www.pioneercabinetry.net/wp-admin/options-general.php?page=updraftplus" "Mozilla/5.0 (Macintosh; Intel Mac OS X 10.15; rv:150.0) Gecko/20100101 Firefox/150.0" 1136 **1/1136078**
107.194.32.55 - - [20/May/2026:11:52:28 -0700] "GET /wp-admin/admin-ajax.php?action=updraft_ajax&subaction=activejobs_list&nonce=33dd573458&downloaders= HTTP/2.0" 400 1 "https://www.pioneercabinetry.net/wp-admin/options-general.php?page=updraftplus" "Mozilla/5.0 (Macintosh; Intel Mac OS X 10.15; rv:150.0) Gecko/20100101 Firefox/150.0" 1095 **1/1095695**
107.194.32.55 - - [20/May/2026:11:52:34 -0700] "GET /wp-admin/admin-ajax.php?action=updraft_ajax&subaction=activejobs_list&nonce=33dd573458&downloaders= HTTP/2.0" 400 1 "https://www.pioneercabinetry.net/wp-admin/options-general.php?page=updraftplus" "Mozilla/5.0 (Macintosh; Intel Mac OS X 10.15; rv:150.0) Gecko/20100101 Firefox/150.0" 1081 **1/1081697**
107.194.32.55 - - [20/May/2026:11:52:40 -0700] "GET /wp-admin/admin-ajax.php?action=updraft_ajax&subaction=activejobs_list&nonce=33dd573458&downloaders= HTTP/2.0" 400 1 "https://www.pioneercabinetry.net/wp-admin/options-general.php?page=updraftplus" "Mozilla/5.0 (Macintosh; Intel Mac OS X 10.15; rv:150.0) Gecko/20100101 Firefox/150.0" 971 **0/971923**
107.194.32.55 - - [20/May/2026:11:52:47 -0700] "GET /wp-admin/admin-ajax.php?action=updraft_ajax&subaction=activejobs_list&nonce=33dd573458&downloaders= HTTP/2.0" 400 1 "https://www.pioneercabinetry.net/wp-admin/options-general.php?page=updraftplus" "Mozilla/5.0 (Macintosh; Intel Mac OS X 10.15; rv:150.0) Gecko/20100101 Firefox/150.0" 1064 **1/1064236**
107.194.32.55 - - [20/May/2026:11:52:52 -0700] "GET /wp-admin/admin-ajax.php?action=updraft_ajax&subaction=activejobs_list&nonce=33dd573458&downloaders= HTTP/2.0" 400 1 "https://www.pioneercabinetry.net/wp-admin/options-general.php?page=updraftplus" "Mozilla/5.0 (Macintosh; Intel Mac OS X 10.15; rv:150.0) Gecko/20100101 Firefox/150.0" 997 **0/997808**
107.194.32.55 - - [20/May/2026:11:52:59 -0700] "GET /wp-admin/admin-ajax.php?action=updraft_ajax&subaction=activejobs_list&nonce=33dd573458&downloaders= HTTP/2.0" 400 1 "https://www.pioneercabinetry.net/wp-admin/options-general.php?page=updraftplus" "Mozilla/5.0 (Macintosh; Intel Mac OS X 10.15; rv:150.0) Gecko/20100101 Firefox/150.0" 1151 **1/1151169**
107.194.32.55 - - [20/May/2026:11:53:05 -0700] "GET /wp-admin/admin-ajax.php?action=updraft_ajax&subaction=activejobs_list&nonce=33dd573458&downloaders= HTTP/2.0" 400 1 "https://www.pioneercabinetry.net/wp-admin/options-general.php?page=updraftplus" "Mozilla/5.0 (Macintosh; Intel Mac OS X 10.15; rv:150.0) Gecko/20100101 Firefox/150.0" 1032 **1/1032766**
107.194.32.55 - - [20/May/2026:11:53:11 -0700] "GET /wp-admin/admin-ajax.php?action=updraft_ajax&subaction=activejobs_list&nonce=33dd573458&downloaders= HTTP/2.0" 400 1 "https://www.pioneercabinetry.net/wp-admin/options-general.php?page=updraftplus" "Mozilla/5.0 (Macintosh; Intel Mac OS X 10.15; rv:150.0) Gecko/20100101 Firefox/150.0" 1073 **1/1073703**
107.194.32.55 - - [20/May/2026:11:53:17 -0700] "GET /wp-admin/admin-ajax.php?action=updraft_ajax&subaction=activejobs_list&nonce=33dd573458&downloaders= HTTP/2.0" 400 1 "https://www.pioneercabinetry.net/wp-admin/options-general.php?page=updraftplus" "Mozilla/5.0 (Macintosh; Intel Mac OS X 10.15; rv:150.0) Gecko/20100101 Firefox/150.0" 1012 **1/1012676**
107.194.32.55 - - [20/May/2026:11:53:23 -0700] "GET /wp-admin/admin-ajax.php?action=updraft_ajax&subaction=activejobs_list&nonce=33dd573458&downloaders= HTTP/2.0" 400 1 "https://www.pioneercabinetry.net/wp-admin/options-general.php?page=updraftplus" "Mozilla/5.0 (Macintosh; Intel Mac OS X 10.15; rv:150.0) Gecko/20100101 Firefox/150.0" 988 **0/988598**
107.194.32.55 - - [20/May/2026:11:53:29 -0700] "GET /wp-admin/admin-ajax.php?action=updraft_ajax&subaction=activejobs_list&nonce=33dd573458&downloaders= HTTP/2.0" 400 1 "https://www.pioneercabinetry.net/wp-admin/options-general.php?page=updraftplus" "Mozilla/5.0 (Macintosh; Intel Mac OS X 10.15; rv:150.0) Gecko/20100101 Firefox/150.0" 1100 **1/1100882**
107.180.114.193 - - [20/May/2026:11:53:36 -0700] "POST /wp-cron.php?doing_wp_cron=1779303216.6902909278869628906250 HTTP/1.1" 200 - "-" "WordPress/6.9.4; https://www.pioneercabinetry.net" 20 **0/20693**
107.194.32.55 - - [20/May/2026:11:53:35 -0700] "GET /wp-admin/admin-ajax.php?action=updraft_ajax&subaction=activejobs_list&nonce=33dd573458&downloaders= HTTP/2.0" 400 1 "https://www.pioneercabinetry.net/wp-admin/options-general.php?page=updraftplus" "Mozilla/5.0 (Macintosh; Intel Mac OS X 10.15; rv:150.0) Gecko/20100101 Firefox/150.0" 1043 **1/1043380**
107.194.32.55 - - [20/May/2026:11:53:42 -0700] "GET /wp-admin/admin-ajax.php?action=updraft_ajax&subaction=activejobs_list&nonce=33dd573458&downloaders= HTTP/2.0" 400 1 "https://www.pioneercabinetry.net/wp-admin/options-general.php?page=updraftplus" "Mozilla/5.0 (Macintosh; Intel Mac OS X 10.15; rv:150.0) Gecko/20100101 Firefox/150.0" 1053 **1/1053027**
107.194.32.55 - - [20/May/2026:11:53:47 -0700] "GET /wp-admin/admin-ajax.php?action=updraft_ajax&subaction=activejobs_list&nonce=33dd573458&downloaders= HTTP/2.0" 400 1 "https://www.pioneercabinetry.net/wp-admin/options-general.php?page=updraftplus" "Mozilla/5.0 (Macintosh; Intel Mac OS X 10.15; rv:150.0) Gecko/20100101 Firefox/150.0" 1020 **1/1020786**
107.194.32.55 - - [20/May/2026:11:53:54 -0700] "GET /wp-admin/admin-ajax.php?action=updraft_ajax&subaction=activejobs_list&nonce=33dd573458&downloaders= HTTP/2.0" 400 1 "https://www.pioneercabinetry.net/wp-admin/options-general.php?page=updraftplus" "Mozilla/5.0 (Macintosh; Intel Mac OS X 10.15; rv:150.0) Gecko/20100101 Firefox/150.0" 1038 **1/1038302**
107.194.32.55 - - [20/May/2026:11:54:00 -0700] "GET /wp-admin/admin-ajax.php?action=updraft_ajax&subaction=activejobs_list&nonce=33dd573458&downloaders= HTTP/2.0" 400 1 "https://www.pioneercabinetry.net/wp-admin/options-general.php?page=updraftplus" "Mozilla/5.0 (Macintosh; Intel Mac OS X 10.15; rv:150.0) Gecko/20100101 Firefox/150.0" 1095 **1/1095983**
107.194.32.55 - - [20/May/2026:11:54:06 -0700] "GET /wp-admin/admin-ajax.php?action=updraft_ajax&subaction=activejobs_list&nonce=33dd573458&downloaders= HTTP/2.0" 400 1 "https://www.pioneercabinetry.net/wp-admin/options-general.php?page=updraftplus" "Mozilla/5.0 (Macintosh; Intel Mac OS X 10.15; rv:150.0) Gecko/20100101 Firefox/150.0" 1090 **1/1090272**
107.194.32.55 - - [20/May/2026:11:54:12 -0700] "GET /wp-admin/admin-ajax.php?action=updraft_ajax&subaction=activejobs_list&nonce=33dd573458&downloaders= HTTP/2.0" 400 1 "https://www.pioneercabinetry.net/wp-admin/options-general.php?page=updraftplus" "Mozilla/5.0 (Macintosh; Intel Mac OS X 10.15; rv:150.0) Gecko/20100101 Firefox/150.0" 1094 **1/1094600**
107.194.32.55 - - [20/May/2026:11:54:18 -0700] "GET /wp-admin/admin-ajax.php?action=updraft_ajax&subaction=activejobs_list&nonce=33dd573458&downloaders= HTTP/2.0" 400 1 "https://www.pioneercabinetry.net/wp-admin/options-general.php?page=updraftplus" "Mozilla/5.0 (Macintosh; Intel Mac OS X 10.15; rv:150.0) Gecko/20100101 Firefox/150.0" 990 **0/990262**
107.194.32.55 - - [20/May/2026:11:54:24 -0700] "GET /wp-admin/admin-ajax.php?action=updraft_ajax&subaction=activejobs_list&nonce=33dd573458&downloaders= HTTP/2.0" 400 1 "https://www.pioneercabinetry.net/wp-admin/options-general.php?page=updraftplus" "Mozilla/5.0 (Macintosh; Intel Mac OS X 10.15; rv:150.0) Gecko/20100101 Firefox/150.0" 1127 **1/1127339**
107.194.32.55 - - [20/May/2026:11:54:30 -0700] "GET /wp-admin/admin-ajax.php?action=updraft_ajax&subaction=activejobs_list&nonce=33dd573458&downloaders= HTTP/2.0" 400 1 "https://www.pioneercabinetry.net/wp-admin/options-general.php?page=updraftplus" "Mozilla/5.0 (Macintosh; Intel Mac OS X 10.15; rv:150.0) Gecko/20100101 Firefox/150.0" 1099 **1/1099553**
107.194.32.55 - - [20/May/2026:11:54:36 -0700] "GET /wp-admin/admin-ajax.php?action=updraft_ajax&subaction=activejobs_list&nonce=33dd573458&downloaders= HTTP/2.0" 400 1 "https://www.pioneercabinetry.net/wp-admin/options-general.php?page=updraftplus" "Mozilla/5.0 (Macintosh; Intel Mac OS X 10.15; rv:150.0) Gecko/20100101 Firefox/150.0" 1118 **1/1118192**
107.194.32.55 - - [20/May/2026:11:54:42 -0700] "GET /wp-admin/admin-ajax.php?action=updraft_ajax&subaction=activejobs_list&nonce=33dd573458&downloaders= HTTP/2.0" 400 1 "https://www.pioneercabinetry.net/wp-admin/options-general.php?page=updraftplus" "Mozilla/5.0 (Macintosh; Intel Mac OS X 10.15; rv:150.0) Gecko/20100101 Firefox/150.0" 1012 **1/1012803**
107.194.32.55 - - [20/May/2026:11:54:49 -0700] "GET /wp-admin/admin-ajax.php?action=updraft_ajax&subaction=activejobs_list&nonce=33dd573458&downloaders= HTTP/2.0" 400 1 "https://www.pioneercabinetry.net/wp-admin/options-general.php?page=updraftplus" "Mozilla/5.0 (Macintosh; Intel Mac OS X 10.15; rv:150.0) Gecko/20100101 Firefox/150.0" 1111 **1/1111763**
107.194.32.55 - - [20/May/2026:11:54:54 -0700] "GET /wp-admin/admin-ajax.php?action=updraft_ajax&subaction=activejobs_list&nonce=33dd573458&downloaders= HTTP/2.0" 400 1 "https://www.pioneercabinetry.net/wp-admin/options-general.php?page=updraftplus" "Mozilla/5.0 (Macintosh; Intel Mac OS X 10.15; rv:150.0) Gecko/20100101 Firefox/150.0" 1065 **1/1065852**
107.194.32.55 - - [20/May/2026:11:55:01 -0700] "GET /wp-admin/admin-ajax.php?action=updraft_ajax&subaction=activejobs_list&nonce=33dd573458&downloaders= HTTP/2.0" 400 1 "https://www.pioneercabinetry.net/wp-admin/options-general.php?page=updraftplus" "Mozilla/5.0 (Macintosh; Intel Mac OS X 10.15; rv:150.0) Gecko/20100101 Firefox/150.0" 1562 **1/1562055**
107.194.32.55 - - [20/May/2026:11:55:07 -0700] "GET /wp-admin/admin-ajax.php?action=updraft_ajax&subaction=activejobs_list&nonce=33dd573458&downloaders= HTTP/2.0" 400 1 "https://www.pioneercabinetry.net/wp-admin/options-general.php?page=updraftplus" "Mozilla/5.0 (Macintosh; Intel Mac OS X 10.15; rv:150.0) Gecko/20100101 Firefox/150.0" 1368 **1/1368527**
107.194.32.55 - - [20/May/2026:11:55:13 -0700] "GET /wp-admin/admin-ajax.php?action=updraft_ajax&subaction=activejobs_list&nonce=33dd573458&downloaders= HTTP/2.0" 400 1 "https://www.pioneercabinetry.net/wp-admin/options-general.php?page=updraftplus" "Mozilla/5.0 (Macintosh; Intel Mac OS X 10.15; rv:150.0) Gecko/20100101 Firefox/150.0" 1136 **1/1136872**
107.194.32.55 - - [20/May/2026:11:55:19 -0700] "GET /wp-admin/admin-ajax.php?action=updraft_ajax&subaction=activejobs_list&nonce=33dd573458&downloaders= HTTP/2.0" 400 1 "https://www.pioneercabinetry.net/wp-admin/options-general.php?page=updraftplus" "Mozilla/5.0 (Macintosh; Intel Mac OS X 10.15; rv:150.0) Gecko/20100101 Firefox/150.0" 1150 **1/1150273**
107.194.32.55 - - [20/May/2026:11:55:25 -0700] "GET /wp-admin/admin-ajax.php?action=updraft_ajax&subaction=activejobs_list&nonce=33dd573458&downloaders= HTTP/2.0" 400 1 "https://www.pioneercabinetry.net/wp-admin/options-general.php?page=updraftplus" "Mozilla/5.0 (Macintosh; Intel Mac OS X 10.15; rv:150.0) Gecko/20100101 Firefox/150.0" 982 **0/982072**
107.194.32.55 - - [20/May/2026:11:55:31 -0700] "GET /wp-admin/admin-ajax.php?action=updraft_ajax&subaction=activejobs_list&nonce=33dd573458&downloaders= HTTP/2.0" 400 1 "https://www.pioneercabinetry.net/wp-admin/options-general.php?page=updraftplus" "Mozilla/5.0 (Macintosh; Intel Mac OS X 10.15; rv:150.0) Gecko/20100101 Firefox/150.0" 992 **0/992895**
107.194.32.55 - - [20/May/2026:11:55:37 -0700] "GET /wp-admin/admin-ajax.php?action=updraft_ajax&subaction=activejobs_list&nonce=33dd573458&downloaders= HTTP/2.0" 400 1 "https://www.pioneercabinetry.net/wp-admin/options-general.php?page=updraftplus" "Mozilla/5.0 (Macintosh; Intel Mac OS X 10.15; rv:150.0) Gecko/20100101 Firefox/150.0" 1116 **1/1116868**
107.194.32.55 - - [20/May/2026:11:55:43 -0700] "GET /wp-admin/admin-ajax.php?action=updraft_ajax&subaction=activejobs_list&nonce=33dd573458&downloaders= HTTP/2.0" 400 1 "https://www.pioneercabinetry.net/wp-admin/options-general.php?page=updraftplus" "Mozilla/5.0 (Macintosh; Intel Mac OS X 10.15; rv:150.0) Gecko/20100101 Firefox/150.0" 1105 **1/1105628**
107.194.32.55 - - [20/May/2026:11:55:50 -0700] "GET /wp-admin/admin-ajax.php?action=updraft_ajax&subaction=activejobs_list&nonce=33dd573458&downloaders= HTTP/2.0" 400 1 "https://www.pioneercabinetry.net/wp-admin/options-general.php?page=updraftplus" "Mozilla/5.0 (Macintosh; Intel Mac OS X 10.15; rv:150.0) Gecko/20100101 Firefox/150.0" 978 **0/978391**
18.236.220.76 - - [20/May/2026:11:55:52 -0700] "GET /?rnd=1779303352125 HTTP/2.0" 301 - "-" "GoDaddy-UptimeMonitoring" 1285 **1/1285308**
18.236.220.76 - - [20/May/2026:11:55:53 -0700] "GET /?rnd=1779303352125 HTTP/2.0" 200 29084 "https://pioneercabinetry.net/?rnd=1779303352125" "GoDaddy-UptimeMonitoring" 1586 **1/1586995**
107.194.32.55 - - [20/May/2026:11:55:55 -0700] "GET /wp-admin/admin-ajax.php?action=updraft_ajax&subaction=activejobs_list&nonce=33dd573458&downloaders= HTTP/2.0" 400 1 "https://www.pioneercabinetry.net/wp-admin/options-general.php?page=updraftplus" "Mozilla/5.0 (Macintosh; Intel Mac OS X 10.15; rv:150.0) Gecko/20100101 Firefox/150.0" 1037 **1/1037101**
107.194.32.55 - - [20/May/2026:11:56:02 -0700] "GET /wp-admin/admin-ajax.php?action=updraft_ajax&subaction=activejobs_list&nonce=33dd573458&downloaders= HTTP/2.0" 400 1 "https://www.pioneercabinetry.net/wp-admin/options-general.php?page=updraftplus" "Mozilla/5.0 (Macintosh; Intel Mac OS X 10.15; rv:150.0) Gecko/20100101 Firefox/150.0" 1274 **1/1274595**
107.194.32.55 - - [20/May/2026:11:56:07 -0700] "GET /wp-admin/admin-ajax.php?action=updraft_ajax&subaction=activejobs_list&nonce=33dd573458&downloaders= HTTP/2.0" 400 1 "https://www.pioneercabinetry.net/wp-admin/options-general.php?page=updraftplus" "Mozilla/5.0 (Macintosh; Intel Mac OS X 10.15; rv:150.0) Gecko/20100101 Firefox/150.0" 1178 **1/1178475**
107.194.32.55 - - [20/May/2026:11:56:13 -0700] "GET /wp-admin/admin-ajax.php?action=updraft_ajax&subaction=activejobs_list&nonce=33dd573458&downloaders= HTTP/2.0" 400 1 "https://www.pioneercabinetry.net/wp-admin/options-general.php?page=updraftplus" "Mozilla/5.0 (Macintosh; Intel Mac OS X 10.15; rv:150.0) Gecko/20100101 Firefox/150.0" 1092 **1/1092811**
107.194.32.55 - - [20/May/2026:11:56:19 -0700] "GET /wp-admin/admin-ajax.php?action=updraft_ajax&subaction=activejobs_list&nonce=33dd573458&downloaders= HTTP/2.0" 400 1 "https://www.pioneercabinetry.net/wp-admin/options-general.php?page=updraftplus" "Mozilla/5.0 (Macintosh; Intel Mac OS X 10.15; rv:150.0) Gecko/20100101 Firefox/150.0" 1126 **1/1126378**
107.194.32.55 - - [20/May/2026:11:56:26 -0700] "GET /wp-admin/admin-ajax.php?action=updraft_ajax&subaction=activejobs_list&nonce=33dd573458&downloaders= HTTP/2.0" 400 1 "https://www.pioneercabinetry.net/wp-admin/options-general.php?page=updraftplus" "Mozilla/5.0 (Macintosh; Intel Mac OS X 10.15; rv:150.0) Gecko/20100101 Firefox/150.0" 1178 **1/1178070**
107.194.32.55 - - [20/May/2026:11:56:32 -0700] "GET /wp-admin/admin-ajax.php?action=updraft_ajax&subaction=activejobs_list&nonce=33dd573458&downloaders= HTTP/2.0" 400 1 "https://www.pioneercabinetry.net/wp-admin/options-general.php?page=updraftplus" "Mozilla/5.0 (Macintosh; Intel Mac OS X 10.15; rv:150.0) Gecko/20100101 Firefox/150.0" 1044 **1/1044804**
107.194.32.55 - - [20/May/2026:11:56:38 -0700] "GET /wp-admin/admin-ajax.php?action=updraft_ajax&subaction=activejobs_list&nonce=33dd573458&downloaders= HTTP/2.0" 400 1 "https://www.pioneercabinetry.net/wp-admin/options-general.php?page=updraftplus" "Mozilla/5.0 (Macintosh; Intel Mac OS X 10.15; rv:150.0) Gecko/20100101 Firefox/150.0" 1196 **1/1196982**
107.194.32.55 - - [20/May/2026:11:56:44 -0700] "GET /wp-admin/admin-ajax.php?action=updraft_ajax&subaction=activejobs_list&nonce=33dd573458&downloaders= HTTP/2.0" 400 1 "https://www.pioneercabinetry.net/wp-admin/options-general.php?page=updraftplus" "Mozilla/5.0 (Macintosh; Intel Mac OS X 10.15; rv:150.0) Gecko/20100101 Firefox/150.0" 1215 **1/1215864**
47.128.51.153 - - [20/May/2026:11:56:45 -0700] "GET /hoodie HTTP/2.0" 301 - "-" "Mozilla/5.0 (Linux; Android 5.0) AppleWebKit/537.36 (KHTML, like Gecko) Mobile Safari/537.36 (compatible; Bytespider; spider-feedback@bytedance.com)" 1357 **1/1357168**
47.128.51.153 - - [20/May/2026:11:56:48 -0700] "GET /hoodie HTTP/2.0" 404 133478 "-" "Mozilla/5.0 (Linux; Android 5.0) AppleWebKit/537.36 (KHTML, like Gecko) Mobile Safari/537.36 (compatible; Bytespider; spider-feedback@bytedance.com)" 1611 **1/1611837**
47.128.51.153 - - [20/May/2026:11:56:51 -0700] "GET /wp-content/themes/Divi-child/style.css?ver=4.27.6 HTTP/2.0" 200 7026 "https://www.pioneercabinetry.net/hoodie" "Mozilla/5.0 (Linux; Android 5.0) AppleWebKit/537.36 (KHTML, like Gecko) Mobile Safari/537.36 (compatible; Bytespider; spider-feedback@bytedance.com)" 7 **0/7006**
47.128.51.153 - - [20/May/2026:11:56:51 -0700] "GET /wp-content/et-cache/notfound/et-divi-dynamic-tb-6029-tb-5898-late.css?ver=1779288906 HTTP/2.0" 200 7061 "https://www.pioneercabinetry.net/hoodie" "Mozilla/5.0 (Linux; Android 5.0) AppleWebKit/537.36 (KHTML, like Gecko) Mobile Safari/537.36 (compatible; Bytespider; spider-feedback@bytedance.com)" 10 **0/10617**
47.128.51.153 - - [20/May/2026:11:56:51 -0700] "GET /wp-content/et-cache/6029/et-core-unified-cpt-6029.min.css?ver=1779288906 HTTP/2.0" 200 7049 "https://www.pioneercabinetry.net/hoodie" "Mozilla/5.0 (Linux; Android 5.0) AppleWebKit/537.36 (KHTML, like Gecko) Mobile Safari/537.36 (compatible; Bytespider; spider-feedback@bytedance.com)" 11 **0/11421**
47.128.51.153 - - [20/May/2026:11:56:51 -0700] "GET /wp-content/et-cache/global/et-divi-customizer-global.min.css?ver=1779288906 HTTP/2.0" 200 7052 "https://www.pioneercabinetry.net/hoodie" "Mozilla/5.0 (Linux; Android 5.0) AppleWebKit/537.36 (KHTML, like Gecko) Mobile Safari/537.36 (compatible; Bytespider; spider-feedback@bytedance.com)" 11 **0/11811**
107.194.32.55 - - [20/May/2026:11:56:50 -0700] "GET /wp-admin/admin-ajax.php?action=updraft_ajax&subaction=activejobs_list&nonce=33dd573458&downloaders= HTTP/2.0" 400 1 "https://www.pioneercabinetry.net/wp-admin/options-general.php?page=updraftplus" "Mozilla/5.0 (Macintosh; Intel Mac OS X 10.15; rv:150.0) Gecko/20100101 Firefox/150.0" 2940 **2/2940813**
47.128.51.153 - - [20/May/2026:11:56:50 -0700] "GET /wp-includes/css/dist/block-library/style.min.css?ver=a8e6693366dab6b564b08429d1341139 HTTP/2.0" 404 133687 "https://www.pioneercabinetry.net/hoodie" "Mozilla/5.0 (Linux; Android 5.0) AppleWebKit/537.36 (KHTML, like Gecko) Mobile Safari/537.36 (compatible; Bytespider; spider-feedback@bytedance.com)" 3692 **3/3692499**
47.128.51.153 - - [20/May/2026:11:56:50 -0700] "GET /wp-content/plugins/wp-store-locator/css/styles.min.css?ver=2.3.1 HTTP/2.0" 404 133659 "https://www.pioneercabinetry.net/hoodie" "Mozilla/5.0 (Linux; Android 5.0) AppleWebKit/537.36 (KHTML, like Gecko) Mobile Safari/537.36 (compatible; Bytespider; spider-feedback@bytedance.com)" 3694 **3/3694787**
47.128.51.153 - - [20/May/2026:11:56:56 -0700] "GET /wp-content/et-cache/notfound/et-divi-dynamic-tb-6029-tb-5898-late.css HTTP/2.0" 200 7071 "https://www.pioneercabinetry.net/hoodie" "Mozilla/5.0 (Linux; Android 5.0) AppleWebKit/537.36 (KHTML, like Gecko) Mobile Safari/537.36 (compatible; Bytespider; spider-feedback@bytedance.com)" 3 **0/3770**
107.194.32.55 - - [20/May/2026:11:56:56 -0700] "GET /wp-admin/admin-ajax.php?action=updraft_ajax&subaction=activejobs_list&nonce=33dd573458&downloaders= HTTP/2.0" 400 1 "https://www.pioneercabinetry.net/wp-admin/options-general.php?page=updraftplus" "Mozilla/5.0 (Macintosh; Intel Mac OS X 10.15; rv:150.0) Gecko/20100101 Firefox/150.0" 1012 **1/1012858**
67.182.194.213 - - [20/May/2026:11:57:00 -0700] "GET /wp-content/uploads/2018/09/IMG_0176-11-400x284.jpg HTTP/2.0" 200 27206 "https://www.pioneercabinetry.net/gallery/" "Mozilla/5.0 (Macintosh; Intel Mac OS X 10_15_7) AppleWebKit/605.1.15 (KHTML, like Gecko) Version/17.6 Safari/605.1.15" 14 **0/14223**
67.182.194.213 - - [20/May/2026:11:57:00 -0700] "GET /wp-content/uploads/2018/09/Untitled-31-400x284.jpg HTTP/2.0" 200 23629 "https://www.pioneercabinetry.net/gallery/" "Mozilla/5.0 (Macintosh; Intel Mac OS X 10_15_7) AppleWebKit/605.1.15 (KHTML, like Gecko) Version/17.6 Safari/605.1.15" 14 **0/14681**
67.182.194.213 - - [20/May/2026:11:57:00 -0700] "GET /wp-content/uploads/2018/09/IMG_1801-400x284.jpg HTTP/2.0" 200 21631 "https://www.pioneercabinetry.net/gallery/" "Mozilla/5.0 (Macintosh; Intel Mac OS X 10_15_7) AppleWebKit/605.1.15 (KHTML, like Gecko) Version/17.6 Safari/605.1.15" 15 **0/15014**
150.198.62.92 - - [20/May/2026:11:57:05 -0700] "GET /wp-content/uploads/2022/12/cherry-sweethoney-min.jpg HTTP/2.0" 200 68783 "http://www.pioneercabinetry.net/" "Mozilla/5.0 (iPhone; CPU iPhone OS 26_4_2 like Mac OS X) AppleWebKit/605.1.15 (KHTML, like Gecko) GSA/420.4.909430193 Mobile/15E148 Safari/604.1" 10 **0/10647**
150.198.62.92 - - [20/May/2026:11:57:05 -0700] "GET /wp-content/uploads/2017/09/Pioneer-LrgLogo-dark.png HTTP/2.0" 200 54528 "http://www.pioneercabinetry.net/" "Mozilla/5.0 (iPhone; CPU iPhone OS 26_4_2 like Mac OS X) AppleWebKit/605.1.15 (KHTML, like Gecko) GSA/420.4.909430193 Mobile/15E148 Safari/604.1" 10 **0/10954**
107.194.32.55 - - [20/May/2026:11:57:03 -0700] "GET /wp-admin/admin-ajax.php?action=updraft_ajax&subaction=activejobs_list&nonce=33dd573458&downloaders= HTTP/2.0" 400 1 "https://www.pioneercabinetry.net/wp-admin/options-general.php?page=updraftplus" "Mozilla/5.0 (Macintosh; Intel Mac OS X 10.15; rv:150.0) Gecko/20100101 Firefox/150.0" 1938 **1/1938416**
150.198.62.92 - - [20/May/2026:11:57:05 -0700] "GET /wp-content/uploads/2018/03/Cherry-Mocha.jpg HTTP/2.0" 200 233947 "http://www.pioneercabinetry.net/" "Mozilla/5.0 (iPhone; CPU iPhone OS 26_4_2 like Mac OS X) AppleWebKit/605.1.15 (KHTML, like Gecko) GSA/420.4.909430193 Mobile/15E148 Safari/604.1" 13 **0/13707**
150.198.62.92 - - [20/May/2026:11:57:05 -0700] "GET /wp-content/uploads/2022/12/cherry-cappuccino-min.jpg HTTP/2.0" 200 189690 "http://www.pioneercabinetry.net/" "Mozilla/5.0 (iPhone; CPU iPhone OS 26_4_2 like Mac OS X) AppleWebKit/605.1.15 (KHTML, like Gecko) GSA/420.4.909430193 Mobile/15E148 Safari/604.1" 11 **0/11688**
150.198.62.92 - - [20/May/2026:11:57:05 -0700] "GET /wp-content/uploads/2018/03/Cherry-Tawny.jpg HTTP/2.0" 200 242467 "http://www.pioneercabinetry.net/" "Mozilla/5.0 (iPhone; CPU iPhone OS 26_4_2 like Mac OS X) AppleWebKit/605.1.15 (KHTML, like Gecko) GSA/420.4.909430193 Mobile/15E148 Safari/604.1" 11 **0/11518**
150.198.62.92 - - [20/May/2026:11:57:05 -0700] "GET /wp-content/uploads/2018/03/Cherry-Cayenne.jpg HTTP/2.0" 200 241482 "http://www.pioneercabinetry.net/" "Mozilla/5.0 (iPhone; CPU iPhone OS 26_4_2 like Mac OS X) AppleWebKit/605.1.15 (KHTML, like Gecko) GSA/420.4.909430193 Mobile/15E148 Safari/604.1" 12 **0/12761**
107.194.32.55 - - [20/May/2026:11:57:09 -0700] "GET /wp-admin/admin-ajax.php?action=updraft_ajax&subaction=activejobs_list&nonce=33dd573458&downloaders= HTTP/2.0" 400 1 "https://www.pioneercabinetry.net/wp-admin/options-general.php?page=updraftplus" "Mozilla/5.0 (Macintosh; Intel Mac OS X 10.15; rv:150.0) Gecko/20100101 Firefox/150.0" 1227 **1/1227787**
150.198.62.92 - - [20/May/2026:11:57:12 -0700] "GET /wp-content/uploads/2018/03/Cherry-Hazelnut.jpg HTTP/2.0" 200 246606 "http://www.pioneercabinetry.net/" "Mozilla/5.0 (iPhone; CPU iPhone OS 26_4_2 like Mac OS X) AppleWebKit/605.1.15 (KHTML, like Gecko) GSA/420.4.909430193 Mobile/15E148 Safari/604.1" 105 **0/105391**
150.198.62.92 - - [20/May/2026:11:57:13 -0700] "GET /wp-content/uploads/2018/03/Cherry-Pebble.jpg HTTP/2.0" 200 275246 "http://www.pioneercabinetry.net/" "Mozilla/5.0 (iPhone; CPU iPhone OS 26_4_2 like Mac OS X) AppleWebKit/605.1.15 (KHTML, like Gecko) GSA/420.4.909430193 Mobile/15E148 Safari/604.1" 11 **0/11105**
150.198.62.92 - - [20/May/2026:11:57:14 -0700] "GET /wp-content/uploads/2018/03/Cherry-Platinum.jpg HTTP/2.0" 200 250076 "http://www.pioneercabinetry.net/" "Mozilla/5.0 (iPhone; CPU iPhone OS 26_4_2 like Mac OS X) AppleWebKit/605.1.15 (KHTML, like Gecko) GSA/420.4.909430193 Mobile/15E148 Safari/604.1" 10 **0/10907**
150.198.62.92 - - [20/May/2026:11:57:15 -0700] "GET /wp-content/uploads/2021/01/Cherry-Charcoal.jpg HTTP/2.0" 200 633250 "http://www.pioneercabinetry.net/" "Mozilla/5.0 (iPhone; CPU iPhone OS 26_4_2 like Mac OS X) AppleWebKit/605.1.15 (KHTML, like Gecko) GSA/420.4.909430193 Mobile/15E148 Safari/604.1" 11 **0/11603**
52.167.144.220 - - [20/May/2026:11:57:15 -0700] "GET /wp-content/uploads/2018/03/Drawer-5PieceBeaded.jpg HTTP/2.0" 200 115760 "-" "Mozilla/5.0 AppleWebKit/537.36 (KHTML, like Gecko; compatible; bingbot/2.0; +http://www.bing.com/bingbot.htm) Chrome/116.0.1938.76 Safari/537.36" 121 **0/121182**
150.198.62.92 - - [20/May/2026:11:57:15 -0700] "GET /wp-content/uploads/2018/03/Cherry-Coffee.jpg HTTP/2.0" 200 213310 "http://www.pioneercabinetry.net/" "Mozilla/5.0 (iPhone; CPU iPhone OS 26_4_2 like Mac OS X) AppleWebKit/605.1.15 (KHTML, like Gecko) GSA/420.4.909430193 Mobile/15E148 Safari/604.1" 10 **0/10041**
107.194.32.55 - - [20/May/2026:11:57:15 -0700] "GET /wp-admin/admin-ajax.php?action=updraft_ajax&subaction=activejobs_list&nonce=33dd573458&downloaders= HTTP/2.0" 400 1 "https://www.pioneercabinetry.net/wp-admin/options-general.php?page=updraftplus" "Mozilla/5.0 (Macintosh; Intel Mac OS X 10.15; rv:150.0) Gecko/20100101 Firefox/150.0" 1122 **1/1122912**
52.167.144.220 - - [20/May/2026:11:57:16 -0700] "GET /wp-content/uploads/2018/03/Drawer-5PieceRaised.jpg HTTP/2.0" 200 113452 "-" "Mozilla/5.0 AppleWebKit/537.36 (KHTML, like Gecko; compatible; bingbot/2.0; +http://www.bing.com/bingbot.htm) Chrome/116.0.1938.76 Safari/537.36" 65 **0/65991**
52.167.144.220 - - [20/May/2026:11:57:16 -0700] "GET /wp-content/uploads/2018/03/Drawer-Slab.jpg HTTP/2.0" 200 111416 "-" "Mozilla/5.0 AppleWebKit/537.36 (KHTML, like Gecko; compatible; bingbot/2.0; +http://www.bing.com/bingbot.htm) Chrome/116.0.1938.76 Safari/537.36" 64 **0/64980**
150.198.62.92 - - [20/May/2026:11:57:18 -0700] "GET /wp-content/uploads/2018/03/Cherry-Cobblestone.jpg HTTP/2.0" 200 254205 "http://www.pioneercabinetry.net/" "Mozilla/5.0 (iPhone; CPU iPhone OS 26_4_2 like Mac OS X) AppleWebKit/605.1.15 (KHTML, like Gecko) GSA/420.4.909430193 Mobile/15E148 Safari/604.1" 23 **0/23425**
40.77.167.54 - - [20/May/2026:11:57:19 -0700] "GET /wp-content/uploads/2018/03/Drawer-5PieceSolid.jpg HTTP/2.0" 200 123564 "-" "Mozilla/5.0 AppleWebKit/537.36 (KHTML, like Gecko; compatible; bingbot/2.0; +http://www.bing.com/bingbot.htm) Chrome/116.0.1938.76 Safari/537.36" 119 **0/119369**
150.198.62.92 - - [20/May/2026:11:57:20 -0700] "GET /wp-content/uploads/2018/03/Cherry-Java.jpg HTTP/2.0" 200 193862 "http://www.pioneercabinetry.net/" "Mozilla/5.0 (iPhone; CPU iPhone OS 26_4_2 like Mac OS X) AppleWebKit/605.1.15 (KHTML, like Gecko) GSA/420.4.909430193 Mobile/15E148 Safari/604.1" 10 **0/10028**
40.77.167.54 - - [20/May/2026:11:57:20 -0700] "GET /wp-content/uploads/2018/03/Drawer-5PieceFlat.jpg HTTP/2.0" 200 125350 "-" "Mozilla/5.0 AppleWebKit/537.36 (KHTML, like Gecko; compatible; bingbot/2.0; +http://www.bing.com/bingbot.htm) Chrome/116.0.1938.76 Safari/537.36" 67 **0/67554**
150.198.62.92 - - [20/May/2026:11:57:21 -0700] "GET /wp-content/uploads/2018/03/Cherry-Clear.jpg HTTP/2.0" 200 177843 "http://www.pioneercabinetry.net/" "Mozilla/5.0 (iPhone; CPU iPhone OS 26_4_2 like Mac OS X) AppleWebKit/605.1.15 (KHTML, like Gecko) GSA/420.4.909430193 Mobile/15E148 Safari/604.1" 19 **0/19500**
150.198.62.92 - - [20/May/2026:11:57:22 -0700] "GET /wp-content/uploads/2018/03/Cherry-TawnyChocolate.jpg HTTP/2.0" 200 218551 "http://www.pioneercabinetry.net/" "Mozilla/5.0 (iPhone; CPU iPhone OS 26_4_2 like Mac OS X) AppleWebKit/605.1.15 (KHTML, like Gecko) GSA/420.4.909430193 Mobile/15E148 Safari/604.1" 12 **0/12160**
107.194.32.55 - - [20/May/2026:11:57:21 -0700] "GET /wp-admin/admin-ajax.php?action=updraft_ajax&subaction=activejobs_list&nonce=33dd573458&downloaders= HTTP/2.0" 400 1 "https://www.pioneercabinetry.net/wp-admin/options-general.php?page=updraftplus" "Mozilla/5.0 (Macintosh; Intel Mac OS X 10.15; rv:150.0) Gecko/20100101 Firefox/150.0" 1109 **1/1109425**
67.182.194.213 - - [20/May/2026:11:57:22 -0700] "GET /wp-content/uploads/2018/09/DSCN1102-400x284.jpg HTTP/2.0" 200 21080 "https://www.pioneercabinetry.net/gallery/" "Mozilla/5.0 (Macintosh; Intel Mac OS X 10_15_7) AppleWebKit/605.1.15 (KHTML, like Gecko) Version/17.6 Safari/605.1.15" 12 **0/12734**
67.182.194.213 - - [20/May/2026:11:57:22 -0700] "GET /wp-content/uploads/2018/09/IMG_2425-400x284.jpg HTTP/2.0" 200 19523 "https://www.pioneercabinetry.net/gallery/" "Mozilla/5.0 (Macintosh; Intel Mac OS X 10_15_7) AppleWebKit/605.1.15 (KHTML, like Gecko) Version/17.6 Safari/605.1.15" 13 **0/13455**
67.182.194.213 - - [20/May/2026:11:57:22 -0700] "GET /wp-content/uploads/2018/09/8T3A2894-Edit-Edit-Edit-400x284.jpg HTTP/2.0" 200 25004 "https://www.pioneercabinetry.net/gallery/" "Mozilla/5.0 (Macintosh; Intel Mac OS X 10_15_7) AppleWebKit/605.1.15 (KHTML, like Gecko) Version/17.6 Safari/605.1.15" 14 **0/14088**
67.182.194.213 - - [20/May/2026:11:57:22 -0700] "GET /wp-content/uploads/2018/09/Kitchenmaster-12_16-07724-HDR-400x284.jpg HTTP/2.0" 200 22566 "https://www.pioneercabinetry.net/gallery/" "Mozilla/5.0 (Macintosh; Intel Mac OS X 10_15_7) AppleWebKit/605.1.15 (KHTML, like Gecko) Version/17.6 Safari/605.1.15" 18 **0/18039**
150.198.62.92 - - [20/May/2026:11:57:23 -0700] "GET /wp-content/uploads/2018/03/Cherry-CoffeeChocolate.jpg HTTP/2.0" 200 225837 "http://www.pioneercabinetry.net/" "Mozilla/5.0 (iPhone; CPU iPhone OS 26_4_2 like Mac OS X) AppleWebKit/605.1.15 (KHTML, like Gecko) GSA/420.4.909430193 Mobile/15E148 Safari/604.1" 11 **0/11436**
150.198.62.92 - - [20/May/2026:11:57:25 -0700] "GET /wp-content/uploads/2018/03/Cherry-CayenneMidnight.jpg HTTP/2.0" 200 264483 "http://www.pioneercabinetry.net/" "Mozilla/5.0 (iPhone; CPU iPhone OS 26_4_2 like Mac OS X) AppleWebKit/605.1.15 (KHTML, like Gecko) GSA/420.4.909430193 Mobile/15E148 Safari/604.1" 11 **0/11658**
150.198.62.92 - - [20/May/2026:11:57:28 -0700] "GET /wp-content/uploads/2021/01/HighReflective-white.jpg HTTP/2.0" 200 114695 "http://www.pioneercabinetry.net/" "Mozilla/5.0 (iPhone; CPU iPhone OS 26_4_2 like Mac OS X) AppleWebKit/605.1.15 (KHTML, like Gecko) GSA/420.4.909430193 Mobile/15E148 Safari/604.1" 12 **0/12789**
107.194.32.55 - - [20/May/2026:11:57:27 -0700] "GET /wp-admin/admin-ajax.php?action=updraft_ajax&subaction=activejobs_list&nonce=33dd573458&downloaders= HTTP/2.0" 400 1 "https://www.pioneercabinetry.net/wp-admin/options-general.php?page=updraftplus" "Mozilla/5.0 (Macintosh; Intel Mac OS X 10.15; rv:150.0) Gecko/20100101 Firefox/150.0" 1190 **1/1190618**
150.198.62.92 - - [20/May/2026:11:57:29 -0700] "GET /wp-content/uploads/2018/03/Painted-White.jpg HTTP/2.0" 200 36620 "http://www.pioneercabinetry.net/" "Mozilla/5.0 (iPhone; CPU iPhone OS 26_4_2 like Mac OS X) AppleWebKit/605.1.15 (KHTML, like Gecko) GSA/420.4.909430193 Mobile/15E148 Safari/604.1" 10 **0/10567**
150.198.62.92 - - [20/May/2026:11:57:31 -0700] "GET /wp-content/uploads/2018/03/Painted-Polar.jpg HTTP/2.0" 200 39584 "http://www.pioneercabinetry.net/" "Mozilla/5.0 (iPhone; CPU iPhone OS 26_4_2 like Mac OS X) AppleWebKit/605.1.15 (KHTML, like Gecko) GSA/420.4.909430193 Mobile/15E148 Safari/604.1" 10 **0/10761**
150.198.62.92 - - [20/May/2026:11:57:32 -0700] "GET /wp-content/uploads/2021/01/Alabaster.jpg HTTP/2.0" 200 133231 "http://www.pioneercabinetry.net/" "Mozilla/5.0 (iPhone; CPU iPhone OS 26_4_2 like Mac OS X) AppleWebKit/605.1.15 (KHTML, like Gecko) GSA/420.4.909430193 Mobile/15E148 Safari/604.1" 9 **0/9346**
150.198.62.92 - - [20/May/2026:11:57:33 -0700] "GET /wp-content/uploads/2018/03/Painted-Linen.jpg HTTP/2.0" 200 39136 "http://www.pioneercabinetry.net/" "Mozilla/5.0 (iPhone; CPU iPhone OS 26_4_2 like Mac OS X) AppleWebKit/605.1.15 (KHTML, like Gecko) GSA/420.4.909430193 Mobile/15E148 Safari/604.1" 12 **0/12586**
150.198.62.92 - - [20/May/2026:11:57:34 -0700] "GET /wp-content/uploads/2018/03/Painted-Ivory.jpg HTTP/2.0" 200 41098 "http://www.pioneercabinetry.net/" "Mozilla/5.0 (iPhone; CPU iPhone OS 26_4_2 like Mac OS X) AppleWebKit/605.1.15 (KHTML, like Gecko) GSA/420.4.909430193 Mobile/15E148 Safari/604.1" 10 **0/10696**
107.194.32.55 - - [20/May/2026:11:57:40 -0700] "GET /wp-admin/admin-ajax.php?action=updraft_ajax&subaction=activejobs_list&nonce=33dd573458&downloaders= HTTP/2.0" 400 1 "https://www.pioneercabinetry.net/wp-admin/options-general.php?page=updraftplus" "Mozilla/5.0 (Macintosh; Intel Mac OS X 10.15; rv:150.0) Gecko/20100101 Firefox/150.0" 2491 **2/2491556**
107.194.32.55 - - [20/May/2026:11:57:46 -0700] "GET /wp-admin/admin-ajax.php?action=updraft_ajax&subaction=activejobs_list&nonce=33dd573458&downloaders= HTTP/2.0" 400 1 "https://www.pioneercabinetry.net/wp-admin/options-general.php?page=updraftplus" "Mozilla/5.0 (Macintosh; Intel Mac OS X 10.15; rv:150.0) Gecko/20100101 Firefox/150.0" 1265 **1/1265518**
107.194.32.55 - - [20/May/2026:11:57:52 -0700] "GET /wp-admin/admin-ajax.php?action=updraft_ajax&subaction=activejobs_list&nonce=33dd573458&downloaders= HTTP/2.0" 400 1 "https://www.pioneercabinetry.net/wp-admin/options-general.php?page=updraftplus" "Mozilla/5.0 (Macintosh; Intel Mac OS X 10.15; rv:150.0) Gecko/20100101 Firefox/150.0" 1118 **1/1118819**
107.194.32.55 - - [20/May/2026:11:57:58 -0700] "GET /wp-admin/admin-ajax.php?action=updraft_ajax&subaction=activejobs_list&nonce=33dd573458&downloaders= HTTP/2.0" 400 1 "https://www.pioneercabinetry.net/wp-admin/options-general.php?page=updraftplus" "Mozilla/5.0 (Macintosh; Intel Mac OS X 10.15; rv:150.0) Gecko/20100101 Firefox/150.0" 1261 **1/1261419**
107.194.32.55 - - [20/May/2026:11:58:04 -0700] "GET /wp-admin/admin-ajax.php?action=updraft_ajax&subaction=activejobs_list&nonce=33dd573458&downloaders= HTTP/2.0" 400 1 "https://www.pioneercabinetry.net/wp-admin/options-general.php?page=updraftplus" "Mozilla/5.0 (Macintosh; Intel Mac OS X 10.15; rv:150.0) Gecko/20100101 Firefox/150.0" 1158 **1/1158854**
107.194.32.55 - - [20/May/2026:11:58:10 -0700] "GET /wp-admin/admin-ajax.php?action=updraft_ajax&subaction=activejobs_list&nonce=33dd573458&downloaders= HTTP/2.0" 400 1 "https://www.pioneercabinetry.net/wp-admin/options-general.php?page=updraftplus" "Mozilla/5.0 (Macintosh; Intel Mac OS X 10.15; rv:150.0) Gecko/20100101 Firefox/150.0" 1272 **1/1272563**
