107.194.32.55 - - [20/May/2026:11:42:20 -0700] "GET /wp-admin/admin-ajax.php?action=updraft_ajax&subaction=activejobs_list&nonce=33dd573458&downloaders= HTTP/2.0" 400 1 "https://www.pioneercabinetry.net/wp-admin/options-general.php?page=updraftplus" "Mozilla/5.0 (Macintosh; Intel Mac OS X 10.15; rv:150.0) Gecko/20100101 Firefox/150.0" 1078 **1/1078954**
67.182.194.213 - - [20/May/2026:11:42:24 -0700] "GET /wp-content/uploads/2017/09/527baab7759a2.jpg HTTP/2.0" 200 137875 "https://www.pioneercabinetry.net/gallery/" "Mozilla/5.0 (Macintosh; Intel Mac OS X 10_15_7) AppleWebKit/605.1.15 (KHTML, like Gecko) Version/17.6 Safari/605.1.15" 11 **0/11071**
69.63.184.24 - - [20/May/2026:11:42:24 -0700] "GET /robots.txt HTTP/2.0" 200 - "-" "facebookexternalhit/1.1 (+http://www.facebook.com/externalhit_uatext.php)" 1075 **1/1075928**
67.182.194.213 - - [20/May/2026:11:42:26 -0700] "GET /wp-content/uploads/2018/09/IMG_4417-HDR-Edit.jpg HTTP/2.0" 200 1438043 "https://www.pioneercabinetry.net/gallery/" "Mozilla/5.0 (Macintosh; Intel Mac OS X 10_15_7) AppleWebKit/605.1.15 (KHTML, like Gecko) Version/17.6 Safari/605.1.15" 81 **0/81843**
67.182.194.213 - - [20/May/2026:11:42:26 -0700] "GET /wp-content/uploads/2018/09/IMG_4439-HDR-Edit.jpg HTTP/2.0" 200 1397512 "https://www.pioneercabinetry.net/gallery/" "Mozilla/5.0 (Macintosh; Intel Mac OS X 10_15_7) AppleWebKit/605.1.15 (KHTML, like Gecko) Version/17.6 Safari/605.1.15" 17 **0/17975**
107.194.32.55 - - [20/May/2026:11:42:26 -0700] "GET /wp-admin/admin-ajax.php?action=updraft_ajax&subaction=activejobs_list&nonce=33dd573458&downloaders= HTTP/2.0" 400 1 "https://www.pioneercabinetry.net/wp-admin/options-general.php?page=updraftplus" "Mozilla/5.0 (Macintosh; Intel Mac OS X 10.15; rv:150.0) Gecko/20100101 Firefox/150.0" 1112 **1/1112225**
67.182.194.213 - - [20/May/2026:11:42:29 -0700] "GET /wp-content/uploads/2018/09/IMG_4460-HDR-Edit.jpg HTTP/2.0" 200 672260 "https://www.pioneercabinetry.net/gallery/" "Mozilla/5.0 (Macintosh; Intel Mac OS X 10_15_7) AppleWebKit/605.1.15 (KHTML, like Gecko) Version/17.6 Safari/605.1.15" 16 **0/16516**
67.182.194.213 - - [20/May/2026:11:42:31 -0700] "GET /wp-content/uploads/2018/09/IMG_4036_edited-3.jpg HTTP/2.0" 200 6304312 "https://www.pioneercabinetry.net/gallery/" "Mozilla/5.0 (Macintosh; Intel Mac OS X 10_15_7) AppleWebKit/605.1.15 (KHTML, like Gecko) Version/17.6 Safari/605.1.15" 173 **0/173444**
67.182.194.213 - - [20/May/2026:11:42:33 -0700] "GET /wp-content/uploads/2018/09/IMG_0176-11.jpg HTTP/2.0" 200 5069738 "https://www.pioneercabinetry.net/gallery/" "Mozilla/5.0 (Macintosh; Intel Mac OS X 10_15_7) AppleWebKit/605.1.15 (KHTML, like Gecko) Version/17.6 Safari/605.1.15" 140 **0/140420**
107.194.32.55 - - [20/May/2026:11:42:32 -0700] "GET /wp-admin/admin-ajax.php?action=updraft_ajax&subaction=activejobs_list&nonce=33dd573458&downloaders= HTTP/2.0" 400 1 "https://www.pioneercabinetry.net/wp-admin/options-general.php?page=updraftplus" "Mozilla/5.0 (Macintosh; Intel Mac OS X 10.15; rv:150.0) Gecko/20100101 Firefox/150.0" 986 **0/986531**
67.182.194.213 - - [20/May/2026:11:42:34 -0700] "GET /wp-content/uploads/2018/09/Untitled-31.jpg HTTP/2.0" 200 4636201 "https://www.pioneercabinetry.net/gallery/" "Mozilla/5.0 (Macintosh; Intel Mac OS X 10_15_7) AppleWebKit/605.1.15 (KHTML, like Gecko) Version/17.6 Safari/605.1.15" 101 **0/101861**
67.182.194.213 - - [20/May/2026:11:42:35 -0700] "GET /wp-content/uploads/2018/09/IMG_1801.jpg HTTP/2.0" 200 1418377 "https://www.pioneercabinetry.net/gallery/" "Mozilla/5.0 (Macintosh; Intel Mac OS X 10_15_7) AppleWebKit/605.1.15 (KHTML, like Gecko) Version/17.6 Safari/605.1.15" 12 **0/12248**
107.194.32.55 - - [20/May/2026:11:42:38 -0700] "GET /wp-admin/admin-ajax.php?action=updraft_ajax&subaction=activejobs_list&nonce=33dd573458&downloaders= HTTP/2.0" 400 1 "https://www.pioneercabinetry.net/wp-admin/options-general.php?page=updraftplus" "Mozilla/5.0 (Macintosh; Intel Mac OS X 10.15; rv:150.0) Gecko/20100101 Firefox/150.0" 1061 **1/1061188**
67.182.194.213 - - [20/May/2026:11:42:39 -0700] "GET /wp-content/uploads/2018/09/IMG_1272.jpg HTTP/2.0" 200 1562748 "https://www.pioneercabinetry.net/gallery/" "Mozilla/5.0 (Macintosh; Intel Mac OS X 10_15_7) AppleWebKit/605.1.15 (KHTML, like Gecko) Version/17.6 Safari/605.1.15" 14 **0/14758**
67.182.194.213 - - [20/May/2026:11:42:40 -0700] "GET /wp-content/uploads/2017/09/527baabd658ce.jpg HTTP/2.0" 200 97611 "https://www.pioneercabinetry.net/gallery/" "Mozilla/5.0 (Macintosh; Intel Mac OS X 10_15_7) AppleWebKit/605.1.15 (KHTML, like Gecko) Version/17.6 Safari/605.1.15" 10 **0/10253**
67.182.194.213 - - [20/May/2026:11:42:42 -0700] "GET /wp-content/uploads/2018/09/IMG_2474.jpg HTTP/2.0" 200 1913176 "https://www.pioneercabinetry.net/gallery/" "Mozilla/5.0 (Macintosh; Intel Mac OS X 10_15_7) AppleWebKit/605.1.15 (KHTML, like Gecko) Version/17.6 Safari/605.1.15" 14 **0/14756**
67.182.194.213 - - [20/May/2026:11:42:42 -0700] "GET /wp-content/uploads/2018/09/IMG_2470.jpg HTTP/2.0" 200 2149491 "https://www.pioneercabinetry.net/gallery/" "Mozilla/5.0 (Macintosh; Intel Mac OS X 10_15_7) AppleWebKit/605.1.15 (KHTML, like Gecko) Version/17.6 Safari/605.1.15" 15 **0/15120**
67.182.194.213 - - [20/May/2026:11:42:44 -0700] "GET /wp-content/uploads/2018/09/IMG_2472.jpg HTTP/2.0" 200 2006590 "https://www.pioneercabinetry.net/gallery/" "Mozilla/5.0 (Macintosh; Intel Mac OS X 10_15_7) AppleWebKit/605.1.15 (KHTML, like Gecko) Version/17.6 Safari/605.1.15" 16 **0/16413**
67.182.194.213 - - [20/May/2026:11:42:45 -0700] "GET /wp-content/uploads/2018/09/DSCN1105.jpg HTTP/2.0" 200 2835860 "https://www.pioneercabinetry.net/gallery/" "Mozilla/5.0 (Macintosh; Intel Mac OS X 10_15_7) AppleWebKit/605.1.15 (KHTML, like Gecko) Version/17.6 Safari/605.1.15" 20 **0/20671**
107.194.32.55 - - [20/May/2026:11:42:45 -0700] "GET /wp-admin/admin-ajax.php?action=updraft_ajax&subaction=activejobs_list&nonce=33dd573458&downloaders= HTTP/2.0" 400 1 "https://www.pioneercabinetry.net/wp-admin/options-general.php?page=updraftplus" "Mozilla/5.0 (Macintosh; Intel Mac OS X 10.15; rv:150.0) Gecko/20100101 Firefox/150.0" 1016 **1/1016796**
67.182.194.213 - - [20/May/2026:11:42:46 -0700] "GET /wp-content/uploads/2018/09/DSCN1102.jpg HTTP/2.0" 200 2620406 "https://www.pioneercabinetry.net/gallery/" "Mozilla/5.0 (Macintosh; Intel Mac OS X 10_15_7) AppleWebKit/605.1.15 (KHTML, like Gecko) Version/17.6 Safari/605.1.15" 16 **0/16495**
67.182.194.213 - - [20/May/2026:11:42:48 -0700] "GET /wp-content/uploads/2018/09/Kitchenmaster-12_16-07942-HDR.jpg HTTP/2.0" 200 419160 "https://www.pioneercabinetry.net/gallery/" "Mozilla/5.0 (Macintosh; Intel Mac OS X 10_15_7) AppleWebKit/605.1.15 (KHTML, like Gecko) Version/17.6 Safari/605.1.15" 10 **0/10122**
67.182.194.213 - - [20/May/2026:11:42:49 -0700] "GET /wp-content/uploads/2018/09/IMG_2430.jpg HTTP/2.0" 200 1850862 "https://www.pioneercabinetry.net/gallery/" "Mozilla/5.0 (Macintosh; Intel Mac OS X 10_15_7) AppleWebKit/605.1.15 (KHTML, like Gecko) Version/17.6 Safari/605.1.15" 17 **0/17265**
67.182.194.213 - - [20/May/2026:11:42:50 -0700] "GET /wp-content/uploads/2018/09/IMG_2425.jpg HTTP/2.0" 200 1788130 "https://www.pioneercabinetry.net/gallery/" "Mozilla/5.0 (Macintosh; Intel Mac OS X 10_15_7) AppleWebKit/605.1.15 (KHTML, like Gecko) Version/17.6 Safari/605.1.15" 15 **0/15987**
67.182.194.213 - - [20/May/2026:11:42:50 -0700] "GET /wp-content/uploads/2018/09/IMG_4641-1.jpg HTTP/2.0" 200 9101518 "https://www.pioneercabinetry.net/gallery/" "Mozilla/5.0 (Macintosh; Intel Mac OS X 10_15_7) AppleWebKit/605.1.15 (KHTML, like Gecko) Version/17.6 Safari/605.1.15" 309 **0/309081**
107.194.32.55 - - [20/May/2026:11:42:50 -0700] "GET /wp-admin/admin-ajax.php?action=updraft_ajax&subaction=activejobs_list&nonce=33dd573458&downloaders= HTTP/2.0" 400 1 "https://www.pioneercabinetry.net/wp-admin/options-general.php?page=updraftplus" "Mozilla/5.0 (Macintosh; Intel Mac OS X 10.15; rv:150.0) Gecko/20100101 Firefox/150.0" 993 **0/993309**
67.182.194.213 - - [20/May/2026:11:42:53 -0700] "GET /wp-content/uploads/2018/09/IMG_4638-1_edited-3.jpg HTTP/2.0" 200 7070417 "https://www.pioneercabinetry.net/gallery/" "Mozilla/5.0 (Macintosh; Intel Mac OS X 10_15_7) AppleWebKit/605.1.15 (KHTML, like Gecko) Version/17.6 Safari/605.1.15" 169 **0/169044**
67.182.194.213 - - [20/May/2026:11:42:55 -0700] "GET /wp-content/uploads/2018/09/8T3A2878-Edit-Edit.jpg HTTP/2.0" 200 5242658 "https://www.pioneercabinetry.net/gallery/" "Mozilla/5.0 (Macintosh; Intel Mac OS X 10_15_7) AppleWebKit/605.1.15 (KHTML, like Gecko) Version/17.6 Safari/605.1.15" 324 **0/324139**
107.194.32.55 - - [20/May/2026:11:42:57 -0700] "GET /wp-admin/admin-ajax.php?action=updraft_ajax&subaction=activejobs_list&nonce=33dd573458&downloaders= HTTP/2.0" 400 1 "https://www.pioneercabinetry.net/wp-admin/options-general.php?page=updraftplus" "Mozilla/5.0 (Macintosh; Intel Mac OS X 10.15; rv:150.0) Gecko/20100101 Firefox/150.0" 1006 **1/1006598**
107.194.32.55 - - [20/May/2026:11:43:03 -0700] "GET /wp-admin/admin-ajax.php?action=updraft_ajax&subaction=activejobs_list&nonce=33dd573458&downloaders= HTTP/2.0" 400 1 "https://www.pioneercabinetry.net/wp-admin/options-general.php?page=updraftplus" "Mozilla/5.0 (Macintosh; Intel Mac OS X 10.15; rv:150.0) Gecko/20100101 Firefox/150.0" 1129 **1/1129734**
67.182.194.213 - - [20/May/2026:11:43:09 -0700] "GET /wp-content/uploads/2018/09/8T3A2894-Edit-Edit-Edit.jpg HTTP/2.0" 200 6098168 "https://www.pioneercabinetry.net/gallery/" "Mozilla/5.0 (Macintosh; Intel Mac OS X 10_15_7) AppleWebKit/605.1.15 (KHTML, like Gecko) Version/17.6 Safari/605.1.15" 491 **0/491684**
107.194.32.55 - - [20/May/2026:11:43:09 -0700] "GET /wp-admin/admin-ajax.php?action=updraft_ajax&subaction=activejobs_list&nonce=33dd573458&downloaders= HTTP/2.0" 400 1 "https://www.pioneercabinetry.net/wp-admin/options-general.php?page=updraftplus" "Mozilla/5.0 (Macintosh; Intel Mac OS X 10.15; rv:150.0) Gecko/20100101 Firefox/150.0" 1139 **1/1139875**
107.194.32.55 - - [20/May/2026:11:43:15 -0700] "GET /wp-admin/admin-ajax.php?action=updraft_ajax&subaction=activejobs_list&nonce=33dd573458&downloaders= HTTP/2.0" 400 1 "https://www.pioneercabinetry.net/wp-admin/options-general.php?page=updraftplus" "Mozilla/5.0 (Macintosh; Intel Mac OS X 10.15; rv:150.0) Gecko/20100101 Firefox/150.0" 1040 **1/1040242**
107.194.32.55 - - [20/May/2026:11:43:21 -0700] "GET /wp-admin/admin-ajax.php?action=updraft_ajax&subaction=activejobs_list&nonce=33dd573458&downloaders= HTTP/2.0" 400 1 "https://www.pioneercabinetry.net/wp-admin/options-general.php?page=updraftplus" "Mozilla/5.0 (Macintosh; Intel Mac OS X 10.15; rv:150.0) Gecko/20100101 Firefox/150.0" 1016 **1/1016954**
67.182.194.213 - - [20/May/2026:11:43:27 -0700] "GET /wp-content/uploads/2018/09/8T3A2926-Edit-Edit.jpg HTTP/2.0" 200 6831764 "https://www.pioneercabinetry.net/gallery/" "Mozilla/5.0 (Macintosh; Intel Mac OS X 10_15_7) AppleWebKit/605.1.15 (KHTML, like Gecko) Version/17.6 Safari/605.1.15" 549 **0/549365**
107.194.32.55 - - [20/May/2026:11:43:27 -0700] "GET /wp-admin/admin-ajax.php?action=updraft_ajax&subaction=activejobs_list&nonce=33dd573458&downloaders= HTTP/2.0" 400 1 "https://www.pioneercabinetry.net/wp-admin/options-general.php?page=updraftplus" "Mozilla/5.0 (Macintosh; Intel Mac OS X 10.15; rv:150.0) Gecko/20100101 Firefox/150.0" 1001 **1/1001042**
67.182.194.213 - - [20/May/2026:11:43:28 -0700] "GET /wp-content/uploads/2018/09/Quinn-Laundry.jpg HTTP/2.0" 200 4544408 "https://www.pioneercabinetry.net/gallery/" "Mozilla/5.0 (Macintosh; Intel Mac OS X 10_15_7) AppleWebKit/605.1.15 (KHTML, like Gecko) Version/17.6 Safari/605.1.15" 109 **0/109383**
67.182.194.213 - - [20/May/2026:11:43:29 -0700] "GET /wp-content/uploads/2018/09/Kitchenmaster-12_16-07724-HDR.jpg HTTP/2.0" 200 326842 "https://www.pioneercabinetry.net/gallery/" "Mozilla/5.0 (Macintosh; Intel Mac OS X 10_15_7) AppleWebKit/605.1.15 (KHTML, like Gecko) Version/17.6 Safari/605.1.15" 11 **0/11186**
67.182.194.213 - - [20/May/2026:11:43:30 -0700] "GET /wp-content/uploads/2018/09/Kitchenmaster-12_16-07829-HDR-1.jpg HTTP/2.0" 200 316789 "https://www.pioneercabinetry.net/gallery/" "Mozilla/5.0 (Macintosh; Intel Mac OS X 10_15_7) AppleWebKit/605.1.15 (KHTML, like Gecko) Version/17.6 Safari/605.1.15" 10 **0/10671**
67.182.194.213 - - [20/May/2026:11:43:31 -0700] "GET /wp-content/uploads/2018/09/Kitchenmaster-12_16-07846-HDR-1.jpg HTTP/2.0" 200 308855 "https://www.pioneercabinetry.net/gallery/" "Mozilla/5.0 (Macintosh; Intel Mac OS X 10_15_7) AppleWebKit/605.1.15 (KHTML, like Gecko) Version/17.6 Safari/605.1.15" 9 **0/9574**
107.194.32.55 - - [20/May/2026:11:43:33 -0700] "GET /wp-admin/admin-ajax.php?action=updraft_ajax&subaction=activejobs_list&nonce=33dd573458&downloaders= HTTP/2.0" 400 1 "https://www.pioneercabinetry.net/wp-admin/options-general.php?page=updraftplus" "Mozilla/5.0 (Macintosh; Intel Mac OS X 10.15; rv:150.0) Gecko/20100101 Firefox/150.0" 996 **0/996838**
67.182.194.213 - - [20/May/2026:11:43:39 -0700] "GET /wp-content/uploads/2018/09/Pioneer-1.jpg HTTP/2.0" 200 1488035 "https://www.pioneercabinetry.net/gallery/" "Mozilla/5.0 (Macintosh; Intel Mac OS X 10_15_7) AppleWebKit/605.1.15 (KHTML, like Gecko) Version/17.6 Safari/605.1.15" 266 **0/266390**
107.194.32.55 - - [20/May/2026:11:43:39 -0700] "GET /wp-admin/admin-ajax.php?action=updraft_ajax&subaction=activejobs_list&nonce=33dd573458&downloaders= HTTP/2.0" 400 1 "https://www.pioneercabinetry.net/wp-admin/options-general.php?page=updraftplus" "Mozilla/5.0 (Macintosh; Intel Mac OS X 10.15; rv:150.0) Gecko/20100101 Firefox/150.0" 1017 **1/1017090**
67.182.194.213 - - [20/May/2026:11:43:43 -0700] "GET /wp-content/uploads/2018/09/IMG_7915.jpg HTTP/2.0" 200 12622686 "https://www.pioneercabinetry.net/gallery/" "Mozilla/5.0 (Macintosh; Intel Mac OS X 10_15_7) AppleWebKit/605.1.15 (KHTML, like Gecko) Version/17.6 Safari/605.1.15" 450 **0/450453**
67.182.194.213 - - [20/May/2026:11:43:46 -0700] "GET /wp-content/uploads/2018/09/15658612_1657273157632152_1994047578_o.jpg HTTP/2.0" 200 308053 "https://www.pioneercabinetry.net/gallery/" "Mozilla/5.0 (Macintosh; Intel Mac OS X 10_15_7) AppleWebKit/605.1.15 (KHTML, like Gecko) Version/17.6 Safari/605.1.15" 10 **0/10224**
107.194.32.55 - - [20/May/2026:11:43:46 -0700] "GET /wp-admin/admin-ajax.php?action=updraft_ajax&subaction=activejobs_list&nonce=33dd573458&downloaders= HTTP/2.0" 400 1 "https://www.pioneercabinetry.net/wp-admin/options-general.php?page=updraftplus" "Mozilla/5.0 (Macintosh; Intel Mac OS X 10.15; rv:150.0) Gecko/20100101 Firefox/150.0" 1129 **1/1129903**
67.182.194.213 - - [20/May/2026:11:43:47 -0700] "GET /wp-content/uploads/2018/09/Kitchenmaster-12_16-07976-HDR.jpg HTTP/2.0" 200 349676 "https://www.pioneercabinetry.net/gallery/" "Mozilla/5.0 (Macintosh; Intel Mac OS X 10_15_7) AppleWebKit/605.1.15 (KHTML, like Gecko) Version/17.6 Safari/605.1.15" 11 **0/11445**
67.182.194.213 - - [20/May/2026:11:43:49 -0700] "GET /wp-content/uploads/2017/09/527baab4ac383.jpg HTTP/2.0" 200 182024 "https://www.pioneercabinetry.net/gallery/" "Mozilla/5.0 (Macintosh; Intel Mac OS X 10_15_7) AppleWebKit/605.1.15 (KHTML, like Gecko) Version/17.6 Safari/605.1.15" 11 **0/11227**
107.194.32.55 - - [20/May/2026:11:43:51 -0700] "GET /wp-admin/admin-ajax.php?action=updraft_ajax&subaction=activejobs_list&nonce=33dd573458&downloaders= HTTP/2.0" 400 1 "https://www.pioneercabinetry.net/wp-admin/options-general.php?page=updraftplus" "Mozilla/5.0 (Macintosh; Intel Mac OS X 10.15; rv:150.0) Gecko/20100101 Firefox/150.0" 1271 **1/1271311**
67.182.194.213 - - [20/May/2026:11:43:54 -0700] "GET /wp-content/uploads/2018/09/IMG_1544-1_edited-1.jpg HTTP/2.0" 200 6911993 "https://www.pioneercabinetry.net/gallery/" "Mozilla/5.0 (Macintosh; Intel Mac OS X 10_15_7) AppleWebKit/605.1.15 (KHTML, like Gecko) Version/17.6 Safari/605.1.15" 253 **0/253105**
67.182.194.213 - - [20/May/2026:11:43:55 -0700] "GET /wp-content/uploads/2018/09/IMG_1613_edited-4.jpg HTTP/2.0" 200 5702408 "https://www.pioneercabinetry.net/gallery/" "Mozilla/5.0 (Macintosh; Intel Mac OS X 10_15_7) AppleWebKit/605.1.15 (KHTML, like Gecko) Version/17.6 Safari/605.1.15" 116 **0/116915**
67.182.194.213 - - [20/May/2026:11:43:55 -0700] "GET /wp-content/uploads/2018/09/IMG_0230.jpg HTTP/2.0" 200 1179601 "https://www.pioneercabinetry.net/gallery/" "Mozilla/5.0 (Macintosh; Intel Mac OS X 10_15_7) AppleWebKit/605.1.15 (KHTML, like Gecko) Version/17.6 Safari/605.1.15" 17 **0/17242**
67.182.194.213 - - [20/May/2026:11:43:57 -0700] "GET /wp-content/uploads/2018/09/IMG_0232.jpg HTTP/2.0" 200 1158515 "https://www.pioneercabinetry.net/gallery/" "Mozilla/5.0 (Macintosh; Intel Mac OS X 10_15_7) AppleWebKit/605.1.15 (KHTML, like Gecko) Version/17.6 Safari/605.1.15" 13 **0/13285**
67.182.194.213 - - [20/May/2026:11:43:58 -0700] "GET /wp-content/uploads/2018/09/8T3A2978-Edit-21.jpg HTTP/2.0" 200 4497520 "https://www.pioneercabinetry.net/gallery/" "Mozilla/5.0 (Macintosh; Intel Mac OS X 10_15_7) AppleWebKit/605.1.15 (KHTML, like Gecko) Version/17.6 Safari/605.1.15" 106 **0/106741**
107.194.32.55 - - [20/May/2026:11:43:57 -0700] "GET /wp-admin/admin-ajax.php?action=updraft_ajax&subaction=activejobs_list&nonce=33dd573458&downloaders= HTTP/2.0" 400 1 "https://www.pioneercabinetry.net/wp-admin/options-general.php?page=updraftplus" "Mozilla/5.0 (Macintosh; Intel Mac OS X 10.15; rv:150.0) Gecko/20100101 Firefox/150.0" 1198 **1/1198657**
67.182.194.213 - - [20/May/2026:11:43:59 -0700] "GET /wp-content/uploads/2017/09/527baabaed83e.jpg HTTP/2.0" 200 171614 "https://www.pioneercabinetry.net/gallery/" "Mozilla/5.0 (Macintosh; Intel Mac OS X 10_15_7) AppleWebKit/605.1.15 (KHTML, like Gecko) Version/17.6 Safari/605.1.15" 14 **0/14707**
67.182.194.213 - - [20/May/2026:11:43:59 -0700] "GET /wp-content/uploads/2018/09/DSC_0032.jpg HTTP/2.0" 200 1375379 "https://www.pioneercabinetry.net/gallery/" "Mozilla/5.0 (Macintosh; Intel Mac OS X 10_15_7) AppleWebKit/605.1.15 (KHTML, like Gecko) Version/17.6 Safari/605.1.15" 14 **0/14007**
67.182.194.213 - - [20/May/2026:11:44:02 -0700] "GET /wp-content/uploads/2018/09/Access_Gladwin08.jpg HTTP/2.0" 200 5269473 "https://www.pioneercabinetry.net/gallery/" "Mozilla/5.0 (Macintosh; Intel Mac OS X 10_15_7) AppleWebKit/605.1.15 (KHTML, like Gecko) Version/17.6 Safari/605.1.15" 132 **0/132779**
67.182.194.213 - - [20/May/2026:11:44:04 -0700] "GET /wp-content/uploads/2018/09/00018T3A4607-Edit-X3.jpg HTTP/2.0" 200 322798 "https://www.pioneercabinetry.net/gallery/" "Mozilla/5.0 (Macintosh; Intel Mac OS X 10_15_7) AppleWebKit/605.1.15 (KHTML, like Gecko) Version/17.6 Safari/605.1.15" 15 **0/15188**
107.194.32.55 - - [20/May/2026:11:44:04 -0700] "GET /wp-admin/admin-ajax.php?action=updraft_ajax&subaction=activejobs_list&nonce=33dd573458&downloaders= HTTP/2.0" 400 1 "https://www.pioneercabinetry.net/wp-admin/options-general.php?page=updraftplus" "Mozilla/5.0 (Macintosh; Intel Mac OS X 10.15; rv:150.0) Gecko/20100101 Firefox/150.0" 1219 **1/1219013**
67.182.194.213 - - [20/May/2026:11:44:05 -0700] "GET /wp-content/uploads/2018/09/00048T3A4693-Edit-X3.jpg HTTP/2.0" 200 357046 "https://www.pioneercabinetry.net/gallery/" "Mozilla/5.0 (Macintosh; Intel Mac OS X 10_15_7) AppleWebKit/605.1.15 (KHTML, like Gecko) Version/17.6 Safari/605.1.15" 11 **0/11211**
67.182.194.213 - - [20/May/2026:11:44:07 -0700] "GET /wp-content/uploads/2018/09/IMG_0374-2.jpg HTTP/2.0" 200 11124721 "https://www.pioneercabinetry.net/gallery/" "Mozilla/5.0 (Macintosh; Intel Mac OS X 10_15_7) AppleWebKit/605.1.15 (KHTML, like Gecko) Version/17.6 Safari/605.1.15" 313 **0/313237**
107.194.32.55 - - [20/May/2026:11:44:10 -0700] "GET /wp-admin/admin-ajax.php?action=updraft_ajax&subaction=activejobs_list&nonce=33dd573458&downloaders= HTTP/2.0" 400 1 "https://www.pioneercabinetry.net/wp-admin/options-general.php?page=updraftplus" "Mozilla/5.0 (Macintosh; Intel Mac OS X 10.15; rv:150.0) Gecko/20100101 Firefox/150.0" 1170 **1/1170864**
107.194.32.55 - - [20/May/2026:11:44:16 -0700] "GET /wp-admin/admin-ajax.php?action=updraft_ajax&subaction=activejobs_list&nonce=33dd573458&downloaders= HTTP/2.0" 400 1 "https://www.pioneercabinetry.net/wp-admin/options-general.php?page=updraftplus" "Mozilla/5.0 (Macintosh; Intel Mac OS X 10.15; rv:150.0) Gecko/20100101 Firefox/150.0" 1051 **1/1051811**
67.182.194.213 - - [20/May/2026:11:44:17 -0700] "GET /wp-content/uploads/2018/09/IMG_0421-1.jpg HTTP/2.0" 200 15365181 "https://www.pioneercabinetry.net/gallery/" "Mozilla/5.0 (Macintosh; Intel Mac OS X 10_15_7) AppleWebKit/605.1.15 (KHTML, like Gecko) Version/17.6 Safari/605.1.15" 777 **0/777292**
67.182.194.213 - - [20/May/2026:11:44:19 -0700] "GET /wp-content/uploads/2018/09/Rolling-Ridge-Kitchen-2.jpg HTTP/2.0" 200 5041585 "https://www.pioneercabinetry.net/gallery/" "Mozilla/5.0 (Macintosh; Intel Mac OS X 10_15_7) AppleWebKit/605.1.15 (KHTML, like Gecko) Version/17.6 Safari/605.1.15" 110 **0/110038**
107.194.32.55 - - [20/May/2026:11:44:22 -0700] "GET /wp-admin/admin-ajax.php?action=updraft_ajax&subaction=activejobs_list&nonce=33dd573458&downloaders= HTTP/2.0" 400 1 "https://www.pioneercabinetry.net/wp-admin/options-general.php?page=updraftplus" "Mozilla/5.0 (Macintosh; Intel Mac OS X 10.15; rv:150.0) Gecko/20100101 Firefox/150.0" 1157 **1/1157371**
107.194.32.55 - - [20/May/2026:11:44:28 -0700] "GET /wp-admin/admin-ajax.php?action=updraft_ajax&subaction=activejobs_list&nonce=33dd573458&downloaders= HTTP/2.0" 400 1 "https://www.pioneercabinetry.net/wp-admin/options-general.php?page=updraftplus" "Mozilla/5.0 (Macintosh; Intel Mac OS X 10.15; rv:150.0) Gecko/20100101 Firefox/150.0" 1016 **1/1016973**
67.182.194.213 - - [20/May/2026:11:44:29 -0700] "GET /wp-content/uploads/2018/09/IMG_0624.jpg HTTP/2.0" 200 7115071 "https://www.pioneercabinetry.net/gallery/" "Mozilla/5.0 (Macintosh; Intel Mac OS X 10_15_7) AppleWebKit/605.1.15 (KHTML, like Gecko) Version/17.6 Safari/605.1.15" 527 **0/527307**
67.182.194.213 - - [20/May/2026:11:44:33 -0700] "GET /wp-content/uploads/2017/09/527baab888de0.jpg HTTP/2.0" 200 121329 "https://www.pioneercabinetry.net/gallery/" "Mozilla/5.0 (Macintosh; Intel Mac OS X 10_15_7) AppleWebKit/605.1.15 (KHTML, like Gecko) Version/17.6 Safari/605.1.15" 12 **0/12284**
67.182.194.213 - - [20/May/2026:11:44:35 -0700] "GET /wp-content/uploads/2017/09/527baabbdf2e2.jpg HTTP/2.0" 200 112973 "https://www.pioneercabinetry.net/gallery/" "Mozilla/5.0 (Macintosh; Intel Mac OS X 10_15_7) AppleWebKit/605.1.15 (KHTML, like Gecko) Version/17.6 Safari/605.1.15" 10 **0/10807**
107.194.32.55 - - [20/May/2026:11:44:35 -0700] "GET /wp-admin/admin-ajax.php?action=updraft_ajax&subaction=activejobs_list&nonce=33dd573458&downloaders= HTTP/2.0" 400 1 "https://www.pioneercabinetry.net/wp-admin/options-general.php?page=updraftplus" "Mozilla/5.0 (Macintosh; Intel Mac OS X 10.15; rv:150.0) Gecko/20100101 Firefox/150.0" 1088 **1/1088408**
67.182.194.213 - - [20/May/2026:11:44:38 -0700] "GET /wp-content/uploads/2018/09/00028T3A31631-Edit-L.jpg HTTP/2.0" 200 104430 "https://www.pioneercabinetry.net/gallery/" "Mozilla/5.0 (Macintosh; Intel Mac OS X 10_15_7) AppleWebKit/605.1.15 (KHTML, like Gecko) Version/17.6 Safari/605.1.15" 12 **0/12740**
107.194.32.55 - - [20/May/2026:11:44:40 -0700] "GET /wp-admin/admin-ajax.php?action=updraft_ajax&subaction=activejobs_list&nonce=33dd573458&downloaders= HTTP/2.0" 400 1 "https://www.pioneercabinetry.net/wp-admin/options-general.php?page=updraftplus" "Mozilla/5.0 (Macintosh; Intel Mac OS X 10.15; rv:150.0) Gecko/20100101 Firefox/150.0" 1093 **1/1093704**
67.182.194.213 - - [20/May/2026:11:44:41 -0700] "GET /wp-content/uploads/2018/09/00018T3A3148-Edit-L.jpg HTTP/2.0" 200 91092 "https://www.pioneercabinetry.net/gallery/" "Mozilla/5.0 (Macintosh; Intel Mac OS X 10_15_7) AppleWebKit/605.1.15 (KHTML, like Gecko) Version/17.6 Safari/605.1.15" 18 **0/18072**
67.182.194.213 - - [20/May/2026:11:44:43 -0700] "GET /wp-content/uploads/2018/09/IMG_5711-21.jpg HTTP/2.0" 200 9591185 "https://www.pioneercabinetry.net/gallery/" "Mozilla/5.0 (Macintosh; Intel Mac OS X 10_15_7) AppleWebKit/605.1.15 (KHTML, like Gecko) Version/17.6 Safari/605.1.15" 266 **0/266341**
107.194.32.55 - - [20/May/2026:11:44:46 -0700] "GET /wp-admin/admin-ajax.php?action=updraft_ajax&subaction=activejobs_list&nonce=33dd573458&downloaders= HTTP/2.0" 400 1 "https://www.pioneercabinetry.net/wp-admin/options-general.php?page=updraftplus" "Mozilla/5.0 (Macintosh; Intel Mac OS X 10.15; rv:150.0) Gecko/20100101 Firefox/150.0" 1189 **1/1189985**
67.182.194.213 - - [20/May/2026:11:44:47 -0700] "GET /wp-content/uploads/2018/09/IMG_5713-21.jpg HTTP/2.0" 200 12381667 "https://www.pioneercabinetry.net/gallery/" "Mozilla/5.0 (Macintosh; Intel Mac OS X 10_15_7) AppleWebKit/605.1.15 (KHTML, like Gecko) Version/17.6 Safari/605.1.15" 341 **0/341596**
67.182.194.213 - - [20/May/2026:11:44:49 -0700] "GET /wp-content/uploads/2018/09/Jamrog-Kitchen.jpg HTTP/2.0" 200 5566096 "https://www.pioneercabinetry.net/gallery/" "Mozilla/5.0 (Macintosh; Intel Mac OS X 10_15_7) AppleWebKit/605.1.15 (KHTML, like Gecko) Version/17.6 Safari/605.1.15" 114 **0/114392**
107.194.32.55 - - [20/May/2026:11:44:52 -0700] "GET /wp-admin/admin-ajax.php?action=updraft_ajax&subaction=activejobs_list&nonce=33dd573458&downloaders= HTTP/2.0" 400 1 "https://www.pioneercabinetry.net/wp-admin/options-general.php?page=updraftplus" "Mozilla/5.0 (Macintosh; Intel Mac OS X 10.15; rv:150.0) Gecko/20100101 Firefox/150.0" 1089 **1/1089063**
67.182.194.213 - - [20/May/2026:11:44:59 -0700] "GET /wp-content/uploads/2017/09/527baab5049de.jpg HTTP/2.0" 200 121511 "https://www.pioneercabinetry.net/gallery/" "Mozilla/5.0 (Macintosh; Intel Mac OS X 10_15_7) AppleWebKit/605.1.15 (KHTML, like Gecko) Version/17.6 Safari/605.1.15" 9 **0/9911**
107.194.32.55 - - [20/May/2026:11:44:58 -0700] "GET /wp-admin/admin-ajax.php?action=updraft_ajax&subaction=activejobs_list&nonce=33dd573458&downloaders= HTTP/2.0" 400 1 "https://www.pioneercabinetry.net/wp-admin/options-general.php?page=updraftplus" "Mozilla/5.0 (Macintosh; Intel Mac OS X 10.15; rv:150.0) Gecko/20100101 Firefox/150.0" 1088 **1/1088423**
67.182.194.213 - - [20/May/2026:11:45:00 -0700] "GET /wp-content/uploads/2017/09/527baaba3fb97.jpg HTTP/2.0" 200 138391 "https://www.pioneercabinetry.net/gallery/" "Mozilla/5.0 (Macintosh; Intel Mac OS X 10_15_7) AppleWebKit/605.1.15 (KHTML, like Gecko) Version/17.6 Safari/605.1.15" 11 **0/11748**
67.182.194.213 - - [20/May/2026:11:45:01 -0700] "GET /wp-content/uploads/2018/09/IMG_4536-7.jpg HTTP/2.0" 200 7828749 "https://www.pioneercabinetry.net/gallery/" "Mozilla/5.0 (Macintosh; Intel Mac OS X 10_15_7) AppleWebKit/605.1.15 (KHTML, like Gecko) Version/17.6 Safari/605.1.15" 388 **0/388879**
67.182.194.213 - - [20/May/2026:11:45:02 -0700] "GET /wp-content/uploads/2018/09/IMG_4551-9.jpg HTTP/2.0" 200 12605375 "https://www.pioneercabinetry.net/gallery/" "Mozilla/5.0 (Macintosh; Intel Mac OS X 10_15_7) AppleWebKit/605.1.15 (KHTML, like Gecko) Version/17.6 Safari/605.1.15" 359 **0/359181**
67.182.194.213 - - [20/May/2026:11:45:03 -0700] "GET /wp-content/uploads/2018/09/IMG_4568-9_edited-1.jpg HTTP/2.0" 200 9880011 "https://www.pioneercabinetry.net/gallery/" "Mozilla/5.0 (Macintosh; Intel Mac OS X 10_15_7) AppleWebKit/605.1.15 (KHTML, like Gecko) Version/17.6 Safari/605.1.15" 246 **0/246539**
67.182.194.213 - - [20/May/2026:11:45:05 -0700] "GET /wp-content/uploads/2018/09/IMG_1514.jpg HTTP/2.0" 200 241918 "https://www.pioneercabinetry.net/gallery/" "Mozilla/5.0 (Macintosh; Intel Mac OS X 10_15_7) AppleWebKit/605.1.15 (KHTML, like Gecko) Version/17.6 Safari/605.1.15" 32 **0/32167**
67.182.194.213 - - [20/May/2026:11:45:06 -0700] "GET /wp-content/uploads/2017/09/527baabf0adb1.jpg HTTP/2.0" 200 120317 "https://www.pioneercabinetry.net/gallery/" "Mozilla/5.0 (Macintosh; Intel Mac OS X 10_15_7) AppleWebKit/605.1.15 (KHTML, like Gecko) Version/17.6 Safari/605.1.15" 16 **0/16140**
107.194.32.55 - - [20/May/2026:11:45:05 -0700] "GET /wp-admin/admin-ajax.php?action=updraft_ajax&subaction=activejobs_list&nonce=33dd573458&downloaders= HTTP/2.0" 400 1 "https://www.pioneercabinetry.net/wp-admin/options-general.php?page=updraftplus" "Mozilla/5.0 (Macintosh; Intel Mac OS X 10.15; rv:150.0) Gecko/20100101 Firefox/150.0" 1484 **1/1484249**
67.182.194.213 - - [20/May/2026:11:45:08 -0700] "GET /wp-content/uploads/2018/09/DSCN1028.jpg HTTP/2.0" 200 2757472 "https://www.pioneercabinetry.net/gallery/" "Mozilla/5.0 (Macintosh; Intel Mac OS X 10_15_7) AppleWebKit/605.1.15 (KHTML, like Gecko) Version/17.6 Safari/605.1.15" 24 **0/24116**
67.182.194.213 - - [20/May/2026:11:45:09 -0700] "GET /wp-content/uploads/2018/09/IMG_0319.jpg HTTP/2.0" 200 1631834 "https://www.pioneercabinetry.net/gallery/" "Mozilla/5.0 (Macintosh; Intel Mac OS X 10_15_7) AppleWebKit/605.1.15 (KHTML, like Gecko) Version/17.6 Safari/605.1.15" 18 **0/18480**
67.182.194.213 - - [20/May/2026:11:45:11 -0700] "GET /wp-content/uploads/2018/09/Kitchenmaster-12_16-07880-HDR-1.jpg HTTP/2.0" 200 378034 "https://www.pioneercabinetry.net/gallery/" "Mozilla/5.0 (Macintosh; Intel Mac OS X 10_15_7) AppleWebKit/605.1.15 (KHTML, like Gecko) Version/17.6 Safari/605.1.15" 17 **0/17061**
107.194.32.55 - - [20/May/2026:11:45:10 -0700] "GET /wp-admin/admin-ajax.php?action=updraft_ajax&subaction=activejobs_list&nonce=33dd573458&downloaders= HTTP/2.0" 400 1 "https://www.pioneercabinetry.net/wp-admin/options-general.php?page=updraftplus" "Mozilla/5.0 (Macintosh; Intel Mac OS X 10.15; rv:150.0) Gecko/20100101 Firefox/150.0" 1226 **1/1226709**
67.182.194.213 - - [20/May/2026:11:45:16 -0700] "GET /wp-content/uploads/2018/09/DSC_0006.jpg HTTP/2.0" 200 1547380 "https://www.pioneercabinetry.net/gallery/" "Mozilla/5.0 (Macintosh; Intel Mac OS X 10_15_7) AppleWebKit/605.1.15 (KHTML, like Gecko) Version/17.6 Safari/605.1.15" 261 **0/261206**
67.182.194.213 - - [20/May/2026:11:45:17 -0700] "GET /wp-content/uploads/2018/09/DSC_0007-2.jpg HTTP/2.0" 200 1082389 "https://www.pioneercabinetry.net/gallery/" "Mozilla/5.0 (Macintosh; Intel Mac OS X 10_15_7) AppleWebKit/605.1.15 (KHTML, like Gecko) Version/17.6 Safari/605.1.15" 14 **0/14767**
107.194.32.55 - - [20/May/2026:11:45:16 -0700] "GET /wp-admin/admin-ajax.php?action=updraft_ajax&subaction=activejobs_list&nonce=33dd573458&downloaders= HTTP/2.0" 400 1 "https://www.pioneercabinetry.net/wp-admin/options-general.php?page=updraftplus" "Mozilla/5.0 (Macintosh; Intel Mac OS X 10.15; rv:150.0) Gecko/20100101 Firefox/150.0" 1153 **1/1153587**
67.182.194.213 - - [20/May/2026:11:45:22 -0700] "GET /wp-content/uploads/2018/09/IMG_0360.jpg HTTP/2.0" 200 1566379 "https://www.pioneercabinetry.net/gallery/" "Mozilla/5.0 (Macintosh; Intel Mac OS X 10_15_7) AppleWebKit/605.1.15 (KHTML, like Gecko) Version/17.6 Safari/605.1.15" 22 **0/22121**
107.194.32.55 - - [20/May/2026:11:45:22 -0700] "GET /wp-admin/admin-ajax.php?action=updraft_ajax&subaction=activejobs_list&nonce=33dd573458&downloaders= HTTP/2.0" 400 1 "https://www.pioneercabinetry.net/wp-admin/options-general.php?page=updraftplus" "Mozilla/5.0 (Macintosh; Intel Mac OS X 10.15; rv:150.0) Gecko/20100101 Firefox/150.0" 1357 **1/1357337**
67.182.194.213 - - [20/May/2026:11:45:25 -0700] "GET /wp-content/uploads/2017/09/527baac131bfd.jpg HTTP/2.0" 200 155886 "https://www.pioneercabinetry.net/gallery/" "Mozilla/5.0 (Macintosh; Intel Mac OS X 10_15_7) AppleWebKit/605.1.15 (KHTML, like Gecko) Version/17.6 Safari/605.1.15" 13 **0/13645**
67.182.194.213 - - [20/May/2026:11:45:27 -0700] "GET /wp-content/uploads/2018/09/DSCN1171.jpg HTTP/2.0" 200 2647563 "https://www.pioneercabinetry.net/gallery/" "Mozilla/5.0 (Macintosh; Intel Mac OS X 10_15_7) AppleWebKit/605.1.15 (KHTML, like Gecko) Version/17.6 Safari/605.1.15" 16 **0/16520**
67.182.194.213 - - [20/May/2026:11:45:28 -0700] "GET /wp-content/uploads/2018/09/Rousee-Overall-Kitchen.jpg HTTP/2.0" 200 6074343 "https://www.pioneercabinetry.net/gallery/" "Mozilla/5.0 (Macintosh; Intel Mac OS X 10_15_7) AppleWebKit/605.1.15 (KHTML, like Gecko) Version/17.6 Safari/605.1.15" 116 **0/116296**
67.182.194.213 - - [20/May/2026:11:45:29 -0700] "GET /wp-content/uploads/2018/09/IMG_1292-1_edited-6.jpg HTTP/2.0" 200 10339482 "https://www.pioneercabinetry.net/gallery/" "Mozilla/5.0 (Macintosh; Intel Mac OS X 10_15_7) AppleWebKit/605.1.15 (KHTML, like Gecko) Version/17.6 Safari/605.1.15" 258 **0/258051**
107.194.32.55 - - [20/May/2026:11:45:29 -0700] "GET /wp-admin/admin-ajax.php?action=updraft_ajax&subaction=activejobs_list&nonce=33dd573458&downloaders= HTTP/2.0" 400 1 "https://www.pioneercabinetry.net/wp-admin/options-general.php?page=updraftplus" "Mozilla/5.0 (Macintosh; Intel Mac OS X 10.15; rv:150.0) Gecko/20100101 Firefox/150.0" 1183 **1/1183899**
67.182.194.213 - - [20/May/2026:11:45:34 -0700] "GET /wp-content/uploads/2018/09/DSC_0057.jpg HTTP/2.0" 200 1549193 "https://www.pioneercabinetry.net/gallery/" "Mozilla/5.0 (Macintosh; Intel Mac OS X 10_15_7) AppleWebKit/605.1.15 (KHTML, like Gecko) Version/17.6 Safari/605.1.15" 15 **0/15534**
67.182.194.213 - - [20/May/2026:11:45:36 -0700] "GET /wp-content/uploads/2018/09/IMG_5776.jpg HTTP/2.0" 200 171174 "https://www.pioneercabinetry.net/gallery/" "Mozilla/5.0 (Macintosh; Intel Mac OS X 10_15_7) AppleWebKit/605.1.15 (KHTML, like Gecko) Version/17.6 Safari/605.1.15" 10 **0/10692**
107.194.32.55 - - [20/May/2026:11:45:35 -0700] "GET /wp-admin/admin-ajax.php?action=updraft_ajax&subaction=activejobs_list&nonce=33dd573458&downloaders= HTTP/2.0" 400 1 "https://www.pioneercabinetry.net/wp-admin/options-general.php?page=updraftplus" "Mozilla/5.0 (Macintosh; Intel Mac OS X 10.15; rv:150.0) Gecko/20100101 Firefox/150.0" 1086 **1/1086913**
107.194.32.55 - - [20/May/2026:11:45:41 -0700] "GET /wp-admin/admin-ajax.php?action=updraft_ajax&subaction=activejobs_list&nonce=33dd573458&downloaders= HTTP/2.0" 400 1 "https://www.pioneercabinetry.net/wp-admin/options-general.php?page=updraftplus" "Mozilla/5.0 (Macintosh; Intel Mac OS X 10.15; rv:150.0) Gecko/20100101 Firefox/150.0" 1086 **1/1086691**
67.182.194.213 - - [20/May/2026:11:45:44 -0700] "GET /wp-content/uploads/2018/09/IMG_5802.jpg HTTP/2.0" 200 203741 "https://www.pioneercabinetry.net/gallery/" "Mozilla/5.0 (Macintosh; Intel Mac OS X 10_15_7) AppleWebKit/605.1.15 (KHTML, like Gecko) Version/17.6 Safari/605.1.15" 111 **0/111725**
107.194.32.55 - - [20/May/2026:11:45:47 -0700] "GET /wp-admin/admin-ajax.php?action=updraft_ajax&subaction=activejobs_list&nonce=33dd573458&downloaders= HTTP/2.0" 400 1 "https://www.pioneercabinetry.net/wp-admin/options-general.php?page=updraftplus" "Mozilla/5.0 (Macintosh; Intel Mac OS X 10.15; rv:150.0) Gecko/20100101 Firefox/150.0" 1041 **1/1041915**
107.194.32.55 - - [20/May/2026:11:45:53 -0700] "GET /wp-admin/admin-ajax.php?action=updraft_ajax&subaction=activejobs_list&nonce=33dd573458&downloaders= HTTP/2.0" 400 1 "https://www.pioneercabinetry.net/wp-admin/options-general.php?page=updraftplus" "Mozilla/5.0 (Macintosh; Intel Mac OS X 10.15; rv:150.0) Gecko/20100101 Firefox/150.0" 1049 **1/1049631**
107.194.32.55 - - [20/May/2026:11:45:59 -0700] "GET /wp-admin/admin-ajax.php?action=updraft_ajax&subaction=activejobs_list&nonce=33dd573458&downloaders= HTTP/2.0" 400 1 "https://www.pioneercabinetry.net/wp-admin/options-general.php?page=updraftplus" "Mozilla/5.0 (Macintosh; Intel Mac OS X 10.15; rv:150.0) Gecko/20100101 Firefox/150.0" 1149 **1/1149281**
107.194.32.55 - - [20/May/2026:11:46:05 -0700] "GET /wp-admin/admin-ajax.php?action=updraft_ajax&subaction=activejobs_list&nonce=33dd573458&downloaders= HTTP/2.0" 400 1 "https://www.pioneercabinetry.net/wp-admin/options-general.php?page=updraftplus" "Mozilla/5.0 (Macintosh; Intel Mac OS X 10.15; rv:150.0) Gecko/20100101 Firefox/150.0" 1147 **1/1147723**
107.194.32.55 - - [20/May/2026:11:46:11 -0700] "GET /wp-admin/admin-ajax.php?action=updraft_ajax&subaction=activejobs_list&nonce=33dd573458&downloaders= HTTP/2.0" 400 1 "https://www.pioneercabinetry.net/wp-admin/options-general.php?page=updraftplus" "Mozilla/5.0 (Macintosh; Intel Mac OS X 10.15; rv:150.0) Gecko/20100101 Firefox/150.0" 1154 **1/1154363**
67.182.194.213 - - [20/May/2026:11:46:18 -0700] "GET /wp-content/uploads/2018/09/IMG_8723.jpg HTTP/2.0" 200 226605 "https://www.pioneercabinetry.net/gallery/" "Mozilla/5.0 (Macintosh; Intel Mac OS X 10_15_7) AppleWebKit/605.1.15 (KHTML, like Gecko) Version/17.6 Safari/605.1.15" 129 **0/129302**
107.194.32.55 - - [20/May/2026:11:46:17 -0700] "GET /wp-admin/admin-ajax.php?action=updraft_ajax&subaction=activejobs_list&nonce=33dd573458&downloaders= HTTP/2.0" 400 1 "https://www.pioneercabinetry.net/wp-admin/options-general.php?page=updraftplus" "Mozilla/5.0 (Macintosh; Intel Mac OS X 10.15; rv:150.0) Gecko/20100101 Firefox/150.0" 1134 **1/1134497**
67.182.194.213 - - [20/May/2026:11:46:23 -0700] "GET /wp-content/uploads/2018/09/IMG_8734.jpg HTTP/2.0" 200 120877 "https://www.pioneercabinetry.net/gallery/" "Mozilla/5.0 (Macintosh; Intel Mac OS X 10_15_7) AppleWebKit/605.1.15 (KHTML, like Gecko) Version/17.6 Safari/605.1.15" 12 **0/12797**
67.182.194.213 - - [20/May/2026:11:46:24 -0700] "GET /wp-content/uploads/2018/09/Kitchenmaster-12_16-07982-HDR.jpg HTTP/2.0" 200 414601 "https://www.pioneercabinetry.net/gallery/" "Mozilla/5.0 (Macintosh; Intel Mac OS X 10_15_7) AppleWebKit/605.1.15 (KHTML, like Gecko) Version/17.6 Safari/605.1.15" 17 **0/17735**
107.194.32.55 - - [20/May/2026:11:46:23 -0700] "GET /wp-admin/admin-ajax.php?action=updraft_ajax&subaction=activejobs_list&nonce=33dd573458&downloaders= HTTP/2.0" 400 1 "https://www.pioneercabinetry.net/wp-admin/options-general.php?page=updraftplus" "Mozilla/5.0 (Macintosh; Intel Mac OS X 10.15; rv:150.0) Gecko/20100101 Firefox/150.0" 1258 **1/1258648**
67.182.194.213 - - [20/May/2026:11:46:27 -0700] "GET /wp-content/uploads/2018/09/Kitchenmaster-12_16-07996-HDR-1.jpg HTTP/2.0" 200 360077 "https://www.pioneercabinetry.net/gallery/" "Mozilla/5.0 (Macintosh; Intel Mac OS X 10_15_7) AppleWebKit/605.1.15 (KHTML, like Gecko) Version/17.6 Safari/605.1.15" 12 **0/12933**
67.182.194.213 - - [20/May/2026:11:46:28 -0700] "GET /wp-content/uploads/2019/10/Tom-Peters-1.jpg HTTP/2.0" 200 3478032 "https://www.pioneercabinetry.net/gallery/" "Mozilla/5.0 (Macintosh; Intel Mac OS X 10_15_7) AppleWebKit/605.1.15 (KHTML, like Gecko) Version/17.6 Safari/605.1.15" 20 **0/20552**
67.182.194.213 - - [20/May/2026:11:46:29 -0700] "GET /wp-content/uploads/2019/10/Tom-Peters-2.jpg HTTP/2.0" 200 3549631 "https://www.pioneercabinetry.net/gallery/" "Mozilla/5.0 (Macintosh; Intel Mac OS X 10_15_7) AppleWebKit/605.1.15 (KHTML, like Gecko) Version/17.6 Safari/605.1.15" 19 **0/19776**
67.182.194.213 - - [20/May/2026:11:46:30 -0700] "GET /wp-content/uploads/2019/10/Tom-Peters-4.jpg HTTP/2.0" 200 2478130 "https://www.pioneercabinetry.net/gallery/" "Mozilla/5.0 (Macintosh; Intel Mac OS X 10_15_7) AppleWebKit/605.1.15 (KHTML, like Gecko) Version/17.6 Safari/605.1.15" 19 **0/19757**
107.194.32.55 - - [20/May/2026:11:46:29 -0700] "GET /wp-admin/admin-ajax.php?action=updraft_ajax&subaction=activejobs_list&nonce=33dd573458&downloaders= HTTP/2.0" 400 1 "https://www.pioneercabinetry.net/wp-admin/options-general.php?page=updraftplus" "Mozilla/5.0 (Macintosh; Intel Mac OS X 10.15; rv:150.0) Gecko/20100101 Firefox/150.0" 1346 **1/1346863**
107.194.32.55 - - [20/May/2026:11:46:36 -0700] "GET /wp-admin/admin-ajax.php?action=updraft_ajax&subaction=activejobs_list&nonce=33dd573458&downloaders= HTTP/2.0" 400 1 "https://www.pioneercabinetry.net/wp-admin/options-general.php?page=updraftplus" "Mozilla/5.0 (Macintosh; Intel Mac OS X 10.15; rv:150.0) Gecko/20100101 Firefox/150.0" 1103 **1/1103087**
66.249.70.69 - - [20/May/2026:11:46:39 -0700] "GET /wood-species/overlays-profiles-drawers/ HTTP/1.1" 200 23444 "-" "Mozilla/5.0 (Linux; Android 6.0.1; Nexus 5X Build/MMB29P) AppleWebKit/537.36 (KHTML, like Gecko) Chrome/148.0.7778.96 Mobile Safari/537.36 (compatible; Googlebot/2.1; +http://www.google.com/bot.html)" 1859 **1/1859455**
107.194.32.55 - - [20/May/2026:11:46:41 -0700] "GET /wp-admin/admin-ajax.php?action=updraft_ajax&subaction=activejobs_list&nonce=33dd573458&downloaders= HTTP/2.0" 400 1 "https://www.pioneercabinetry.net/wp-admin/options-general.php?page=updraftplus" "Mozilla/5.0 (Macintosh; Intel Mac OS X 10.15; rv:150.0) Gecko/20100101 Firefox/150.0" 1156 **1/1156323**
66.249.70.68 - - [20/May/2026:11:46:48 -0700] "GET /wp-content/et-cache/1314/et-core-unified-1314.min.css?ver=1778112000 HTTP/1.1" 200 749 "https://www.pioneercabinetry.net/wood-species/overlays-profiles-drawers/" "Mozilla/5.0 (Linux; Android 6.0.1; Nexus 5X Build/MMB29P) AppleWebKit/537.36 (KHTML, like Gecko) Chrome/148.0.7778.96 Mobile Safari/537.36 (compatible; Googlebot/2.1; +http://www.google.com/bot.html)" 9 **0/9906**
66.249.70.68 - - [20/May/2026:11:46:48 -0700] "GET /wp-content/et-cache/1314/et-core-unified-tb-6029-tb-5898-deferred-1314.min.css?ver=1778112000 HTTP/1.1" 200 228 "https://www.pioneercabinetry.net/wood-species/overlays-profiles-drawers/" "Mozilla/5.0 (Linux; Android 6.0.1; Nexus 5X Build/MMB29P) AppleWebKit/537.36 (KHTML, like Gecko) Chrome/148.0.7778.96 Mobile Safari/537.36 (compatible; Googlebot/2.1; +http://www.google.com/bot.html)" 12 **0/12511**
107.194.32.55 - - [20/May/2026:11:46:47 -0700] "GET /wp-admin/admin-ajax.php?action=updraft_ajax&subaction=activejobs_list&nonce=33dd573458&downloaders= HTTP/2.0" 400 1 "https://www.pioneercabinetry.net/wp-admin/options-general.php?page=updraftplus" "Mozilla/5.0 (Macintosh; Intel Mac OS X 10.15; rv:150.0) Gecko/20100101 Firefox/150.0" 1135 **1/1135783**
66.249.70.69 - - [20/May/2026:11:46:48 -0700] "GET /wp-content/et-cache/1314/et-divi-dynamic-tb-6029-tb-5898-1314-late.css?ver=1778112000 HTTP/1.1" 200 3400 "https://www.pioneercabinetry.net/wood-species/overlays-profiles-drawers/" "Mozilla/5.0 (Linux; Android 6.0.1; Nexus 5X Build/MMB29P) AppleWebKit/537.36 (KHTML, like Gecko) Chrome/148.0.7778.96 Mobile Safari/537.36 (compatible; Googlebot/2.1; +http://www.google.com/bot.html)" 12 **0/12508**
66.249.70.69 - - [20/May/2026:11:46:49 -0700] "GET /wp-content/et-cache/1314/et-divi-dynamic-tb-6029-tb-5898-1314-late.css HTTP/1.1" 200 3400 "https://www.pioneercabinetry.net/wood-species/overlays-profiles-drawers/" "Mozilla/5.0 (Linux; Android 6.0.1; Nexus 5X Build/MMB29P) AppleWebKit/537.36 (KHTML, like Gecko) Chrome/148.0.7778.96 Mobile Safari/537.36 (compatible; Googlebot/2.1; +http://www.google.com/bot.html)" 9 **0/9623**
107.194.32.55 - - [20/May/2026:11:46:53 -0700] "GET /wp-admin/admin-ajax.php?action=updraft_ajax&subaction=activejobs_list&nonce=33dd573458&downloaders= HTTP/2.0" 400 1 "https://www.pioneercabinetry.net/wp-admin/options-general.php?page=updraftplus" "Mozilla/5.0 (Macintosh; Intel Mac OS X 10.15; rv:150.0) Gecko/20100101 Firefox/150.0" 1080 **1/1080719**
17.22.253.66 - - [20/May/2026:11:46:57 -0700] "GET /wp-content/plugins/wp-store-locator/css/styles.min.css?ver=2.3.1 HTTP/1.1" 200 3638 "https://www.pioneercabinetry.net/contact-us/" "Mozilla/5.0 (Macintosh; Intel Mac OS X 10_15_7) AppleWebKit/605.1.15 (KHTML, like Gecko) Version/17.4 Safari/605.1.15 (Applebot/0.1; +http://www.apple.com/go/applebot)" 8 **0/8784**
17.22.253.128 - - [20/May/2026:11:46:59 -0700] "GET /wp-content/et-cache/313/et-core-unified-313.min.css?ver=1779289147 HTTP/1.1" 200 749 "https://www.pioneercabinetry.net/contact-us/" "Mozilla/5.0 (Macintosh; Intel Mac OS X 10_15_7) AppleWebKit/605.1.15 (KHTML, like Gecko) Version/17.4 Safari/605.1.15 (Applebot/0.1; +http://www.apple.com/go/applebot)" 10 **0/10612**
107.194.32.55 - - [20/May/2026:11:47:00 -0700] "GET /wp-admin/admin-ajax.php?action=updraft_ajax&subaction=activejobs_list&nonce=33dd573458&downloaders= HTTP/2.0" 400 1 "https://www.pioneercabinetry.net/wp-admin/options-general.php?page=updraftplus" "Mozilla/5.0 (Macintosh; Intel Mac OS X 10.15; rv:150.0) Gecko/20100101 Firefox/150.0" 1122 **1/1122170**
17.22.245.179 - - [20/May/2026:11:47:01 -0700] "GET /wp-includes/js/jquery/jquery.min.js?ver=3.7.1 HTTP/1.1" 200 30368 "https://www.pioneercabinetry.net/contact-us/" "Mozilla/5.0 (Macintosh; Intel Mac OS X 10_15_7) AppleWebKit/605.1.15 (KHTML, like Gecko) Version/17.4 Safari/605.1.15 (Applebot/0.1; +http://www.apple.com/go/applebot)" 19 **0/19573**
17.22.245.38 - - [20/May/2026:11:47:03 -0700] "GET /wp-content/et-cache/313/et-divi-dynamic-tb-6029-tb-5898-313-late.css?ver=1779289148 HTTP/1.1" 200 1691 "https://www.pioneercabinetry.net/contact-us/" "Mozilla/5.0 (Macintosh; Intel Mac OS X 10_15_7) AppleWebKit/605.1.15 (KHTML, like Gecko) Version/17.4 Safari/605.1.15 (Applebot/0.1; +http://www.apple.com/go/applebot)" 11 **0/11278**
17.22.237.140 - - [20/May/2026:11:47:06 -0700] "GET /wp-content/themes/Divi-child/style.css?ver=4.27.6 HTTP/1.1" 200 369 "https://www.pioneercabinetry.net/contact-us/" "Mozilla/5.0 (Macintosh; Intel Mac OS X 10_15_7) AppleWebKit/605.1.15 (KHTML, like Gecko) Version/17.4 Safari/605.1.15 (Applebot/0.1; +http://www.apple.com/go/applebot)" 11 **0/11252**
107.194.32.55 - - [20/May/2026:11:47:05 -0700] "GET /wp-admin/admin-ajax.php?action=updraft_ajax&subaction=activejobs_list&nonce=33dd573458&downloaders= HTTP/2.0" 400 1 "https://www.pioneercabinetry.net/wp-admin/options-general.php?page=updraftplus" "Mozilla/5.0 (Macintosh; Intel Mac OS X 10.15; rv:150.0) Gecko/20100101 Firefox/150.0" 1115 **1/1115355**
17.22.237.109 - - [20/May/2026:11:47:08 -0700] "GET /wp-content/themes/Divi/js/smoothscroll.js?ver=4.27.6 HTTP/1.1" 200 2557 "https://www.pioneercabinetry.net/contact-us/" "Mozilla/5.0 (Macintosh; Intel Mac OS X 10_15_7) AppleWebKit/605.1.15 (KHTML, like Gecko) Version/17.4 Safari/605.1.15 (Applebot/0.1; +http://www.apple.com/go/applebot)" 11 **0/11166**
17.22.245.117 - - [20/May/2026:11:47:10 -0700] "GET /wp-content/et-cache/313/et-divi-dynamic-tb-6029-tb-5898-313-late.css HTTP/1.1" 200 1691 "https://www.pioneercabinetry.net/contact-us/" "Mozilla/5.0 (Macintosh; Intel Mac OS X 10_15_7) AppleWebKit/605.1.15 (KHTML, like Gecko) Version/17.4 Safari/605.1.15 (Applebot/0.1; +http://www.apple.com/go/applebot)" 8 **0/8247**
17.22.237.221 - - [20/May/2026:11:47:12 -0700] "GET /wp-content/uploads/trustindex-google-widget.css?1776455168 HTTP/1.1" 200 10304 "https://www.pioneercabinetry.net/contact-us/" "Mozilla/5.0 (Macintosh; Intel Mac OS X 10_15_7) AppleWebKit/605.1.15 (KHTML, like Gecko) Version/17.4 Safari/605.1.15 (Applebot/0.1; +http://www.apple.com/go/applebot)" 12 **0/12301**
107.194.32.55 - - [20/May/2026:11:47:11 -0700] "GET /wp-admin/admin-ajax.php?action=updraft_ajax&subaction=activejobs_list&nonce=33dd573458&downloaders= HTTP/2.0" 400 1 "https://www.pioneercabinetry.net/wp-admin/options-general.php?page=updraftplus" "Mozilla/5.0 (Macintosh; Intel Mac OS X 10.15; rv:150.0) Gecko/20100101 Firefox/150.0" 1102 **1/1102367**
107.194.32.55 - - [20/May/2026:11:47:18 -0700] "GET /wp-admin/admin-ajax.php?action=updraft_ajax&subaction=activejobs_list&nonce=33dd573458&downloaders= HTTP/2.0" 400 1 "https://www.pioneercabinetry.net/wp-admin/options-general.php?page=updraftplus" "Mozilla/5.0 (Macintosh; Intel Mac OS X 10.15; rv:150.0) Gecko/20100101 Firefox/150.0" 1137 **1/1137234**
107.194.32.55 - - [20/May/2026:11:47:24 -0700] "GET /wp-admin/admin-ajax.php?action=updraft_ajax&subaction=activejobs_list&nonce=33dd573458&downloaders= HTTP/2.0" 400 1 "https://www.pioneercabinetry.net/wp-admin/options-general.php?page=updraftplus" "Mozilla/5.0 (Macintosh; Intel Mac OS X 10.15; rv:150.0) Gecko/20100101 Firefox/150.0" 1041 **1/1041565**
107.194.32.55 - - [20/May/2026:11:47:30 -0700] "GET /wp-admin/admin-ajax.php?action=updraft_ajax&subaction=activejobs_list&nonce=33dd573458&downloaders= HTTP/2.0" 400 1 "https://www.pioneercabinetry.net/wp-admin/options-general.php?page=updraftplus" "Mozilla/5.0 (Macintosh; Intel Mac OS X 10.15; rv:150.0) Gecko/20100101 Firefox/150.0" 1132 **1/1132769**
107.194.32.55 - - [20/May/2026:11:47:36 -0700] "GET /wp-admin/admin-ajax.php?action=updraft_ajax&subaction=activejobs_list&nonce=33dd573458&downloaders= HTTP/2.0" 400 1 "https://www.pioneercabinetry.net/wp-admin/options-general.php?page=updraftplus" "Mozilla/5.0 (Macintosh; Intel Mac OS X 10.15; rv:150.0) Gecko/20100101 Firefox/150.0" 1161 **1/1161524**
107.194.32.55 - - [20/May/2026:11:47:42 -0700] "GET /wp-admin/admin-ajax.php?action=updraft_ajax&subaction=activejobs_list&nonce=33dd573458&downloaders= HTTP/2.0" 400 1 "https://www.pioneercabinetry.net/wp-admin/options-general.php?page=updraftplus" "Mozilla/5.0 (Macintosh; Intel Mac OS X 10.15; rv:150.0) Gecko/20100101 Firefox/150.0" 1043 **1/1043765**
107.194.32.55 - - [20/May/2026:11:47:48 -0700] "GET /wp-admin/admin-ajax.php?action=updraft_ajax&subaction=activejobs_list&nonce=33dd573458&downloaders= HTTP/2.0" 400 1 "https://www.pioneercabinetry.net/wp-admin/options-general.php?page=updraftplus" "Mozilla/5.0 (Macintosh; Intel Mac OS X 10.15; rv:150.0) Gecko/20100101 Firefox/150.0" 1112 **1/1112245**
107.194.32.55 - - [20/May/2026:11:47:54 -0700] "GET /wp-admin/admin-ajax.php?action=updraft_ajax&subaction=activejobs_list&nonce=33dd573458&downloaders= HTTP/2.0" 400 1 "https://www.pioneercabinetry.net/wp-admin/options-general.php?page=updraftplus" "Mozilla/5.0 (Macintosh; Intel Mac OS X 10.15; rv:150.0) Gecko/20100101 Firefox/150.0" 1144 **1/1144080**
107.194.32.55 - - [20/May/2026:11:48:00 -0700] "GET /wp-admin/admin-ajax.php?action=updraft_ajax&subaction=activejobs_list&nonce=33dd573458&downloaders= HTTP/2.0" 400 1 "https://www.pioneercabinetry.net/wp-admin/options-general.php?page=updraftplus" "Mozilla/5.0 (Macintosh; Intel Mac OS X 10.15; rv:150.0) Gecko/20100101 Firefox/150.0" 1391 **1/1391149**
107.194.32.55 - - [20/May/2026:11:48:06 -0700] "GET /wp-admin/admin-ajax.php?action=updraft_ajax&subaction=activejobs_list&nonce=33dd573458&downloaders= HTTP/2.0" 400 1 "https://www.pioneercabinetry.net/wp-admin/options-general.php?page=updraftplus" "Mozilla/5.0 (Macintosh; Intel Mac OS X 10.15; rv:150.0) Gecko/20100101 Firefox/150.0" 1226 **1/1226055**
