107.194.32.55 - - [20/May/2026:08:57:06 -0700] "GET /wp-admin/admin-ajax.php?action=updraft_ajax&subaction=activejobs_list&nonce=33dd573458&downloaders= HTTP/2.0" 400 1 "https://www.pioneercabinetry.net/wp-admin/options-general.php?page=updraftplus" "Mozilla/5.0 (Macintosh; Intel Mac OS X 10.15; rv:150.0) Gecko/20100101 Firefox/150.0" 1058 **1/1058528**
107.194.32.55 - - [20/May/2026:08:57:12 -0700] "GET /wp-admin/admin-ajax.php?action=updraft_ajax&subaction=activejobs_list&nonce=33dd573458&downloaders= HTTP/2.0" 400 1 "https://www.pioneercabinetry.net/wp-admin/options-general.php?page=updraftplus" "Mozilla/5.0 (Macintosh; Intel Mac OS X 10.15; rv:150.0) Gecko/20100101 Firefox/150.0" 1084 **1/1084161**
107.194.32.55 - - [20/May/2026:08:57:19 -0700] "GET /wp-admin/admin-ajax.php?action=updraft_ajax&subaction=activejobs_list&nonce=33dd573458&downloaders= HTTP/2.0" 400 1 "https://www.pioneercabinetry.net/wp-admin/options-general.php?page=updraftplus" "Mozilla/5.0 (Macintosh; Intel Mac OS X 10.15; rv:150.0) Gecko/20100101 Firefox/150.0" 1097 **1/1097552**
107.194.32.55 - - [20/May/2026:08:57:25 -0700] "GET /wp-admin/admin-ajax.php?action=updraft_ajax&subaction=activejobs_list&nonce=33dd573458&downloaders= HTTP/2.0" 400 1 "https://www.pioneercabinetry.net/wp-admin/options-general.php?page=updraftplus" "Mozilla/5.0 (Macintosh; Intel Mac OS X 10.15; rv:150.0) Gecko/20100101 Firefox/150.0" 1196 **1/1196455**
107.194.32.55 - - [20/May/2026:08:57:31 -0700] "GET /wp-admin/admin-ajax.php?action=updraft_ajax&subaction=activejobs_list&nonce=33dd573458&downloaders= HTTP/2.0" 400 1 "https://www.pioneercabinetry.net/wp-admin/options-general.php?page=updraftplus" "Mozilla/5.0 (Macintosh; Intel Mac OS X 10.15; rv:150.0) Gecko/20100101 Firefox/150.0" 1041 **1/1041873**
107.194.32.55 - - [20/May/2026:08:57:37 -0700] "GET /wp-admin/admin-ajax.php?action=updraft_ajax&subaction=activejobs_list&nonce=33dd573458&downloaders= HTTP/2.0" 400 1 "https://www.pioneercabinetry.net/wp-admin/options-general.php?page=updraftplus" "Mozilla/5.0 (Macintosh; Intel Mac OS X 10.15; rv:150.0) Gecko/20100101 Firefox/150.0" 1016 **1/1016166**
107.194.32.55 - - [20/May/2026:08:57:44 -0700] "GET /wp-admin/admin-ajax.php?action=updraft_ajax&subaction=activejobs_list&nonce=33dd573458&downloaders= HTTP/2.0" 400 1 "https://www.pioneercabinetry.net/wp-admin/options-general.php?page=updraftplus" "Mozilla/5.0 (Macintosh; Intel Mac OS X 10.15; rv:150.0) Gecko/20100101 Firefox/150.0" 1041 **1/1041127**
107.194.32.55 - - [20/May/2026:08:57:50 -0700] "GET /wp-admin/admin-ajax.php?action=updraft_ajax&subaction=activejobs_list&nonce=33dd573458&downloaders= HTTP/2.0" 400 1 "https://www.pioneercabinetry.net/wp-admin/options-general.php?page=updraftplus" "Mozilla/5.0 (Macintosh; Intel Mac OS X 10.15; rv:150.0) Gecko/20100101 Firefox/150.0" 1037 **1/1037596**
107.194.32.55 - - [20/May/2026:08:57:56 -0700] "GET /wp-admin/admin-ajax.php?action=updraft_ajax&subaction=activejobs_list&nonce=33dd573458&downloaders= HTTP/2.0" 400 1 "https://www.pioneercabinetry.net/wp-admin/options-general.php?page=updraftplus" "Mozilla/5.0 (Macintosh; Intel Mac OS X 10.15; rv:150.0) Gecko/20100101 Firefox/150.0" 1030 **1/1030881**
107.194.32.55 - - [20/May/2026:08:58:02 -0700] "GET /wp-admin/admin-ajax.php?action=updraft_ajax&subaction=activejobs_list&nonce=33dd573458&downloaders= HTTP/2.0" 400 1 "https://www.pioneercabinetry.net/wp-admin/options-general.php?page=updraftplus" "Mozilla/5.0 (Macintosh; Intel Mac OS X 10.15; rv:150.0) Gecko/20100101 Firefox/150.0" 1283 **1/1283206**
107.194.32.55 - - [20/May/2026:08:58:09 -0700] "GET /wp-admin/admin-ajax.php?action=updraft_ajax&subaction=activejobs_list&nonce=33dd573458&downloaders= HTTP/2.0" 400 1 "https://www.pioneercabinetry.net/wp-admin/options-general.php?page=updraftplus" "Mozilla/5.0 (Macintosh; Intel Mac OS X 10.15; rv:150.0) Gecko/20100101 Firefox/150.0" 1179 **1/1179936**
107.194.32.55 - - [20/May/2026:08:58:16 -0700] "GET /wp-admin/admin-ajax.php?action=updraft_ajax&subaction=activejobs_list&nonce=33dd573458&downloaders= HTTP/2.0" 400 1 "https://www.pioneercabinetry.net/wp-admin/options-general.php?page=updraftplus" "Mozilla/5.0 (Macintosh; Intel Mac OS X 10.15; rv:150.0) Gecko/20100101 Firefox/150.0" 1184 **1/1184103**
107.194.32.55 - - [20/May/2026:08:58:21 -0700] "GET /wp-admin/admin-ajax.php?action=updraft_ajax&subaction=activejobs_list&nonce=33dd573458&downloaders= HTTP/2.0" 400 1 "https://www.pioneercabinetry.net/wp-admin/options-general.php?page=updraftplus" "Mozilla/5.0 (Macintosh; Intel Mac OS X 10.15; rv:150.0) Gecko/20100101 Firefox/150.0" 1021 **1/1021127**
107.194.32.55 - - [20/May/2026:08:58:28 -0700] "GET /wp-admin/admin-ajax.php?action=updraft_ajax&subaction=activejobs_list&nonce=33dd573458&downloaders= HTTP/2.0" 400 1 "https://www.pioneercabinetry.net/wp-admin/options-general.php?page=updraftplus" "Mozilla/5.0 (Macintosh; Intel Mac OS X 10.15; rv:150.0) Gecko/20100101 Firefox/150.0" 1129 **1/1129367**
107.194.32.55 - - [20/May/2026:08:58:34 -0700] "GET /wp-admin/admin-ajax.php?action=updraft_ajax&subaction=activejobs_list&nonce=33dd573458&downloaders= HTTP/2.0" 400 1 "https://www.pioneercabinetry.net/wp-admin/options-general.php?page=updraftplus" "Mozilla/5.0 (Macintosh; Intel Mac OS X 10.15; rv:150.0) Gecko/20100101 Firefox/150.0" 1031 **1/1031102**
107.194.32.55 - - [20/May/2026:08:58:40 -0700] "GET /wp-admin/admin-ajax.php?action=updraft_ajax&subaction=activejobs_list&nonce=33dd573458&downloaders= HTTP/2.0" 400 1 "https://www.pioneercabinetry.net/wp-admin/options-general.php?page=updraftplus" "Mozilla/5.0 (Macintosh; Intel Mac OS X 10.15; rv:150.0) Gecko/20100101 Firefox/150.0" 1140 **1/1140508**
107.194.32.55 - - [20/May/2026:08:58:46 -0700] "GET /wp-admin/admin-ajax.php?action=updraft_ajax&subaction=activejobs_list&nonce=33dd573458&downloaders= HTTP/2.0" 400 1 "https://www.pioneercabinetry.net/wp-admin/options-general.php?page=updraftplus" "Mozilla/5.0 (Macintosh; Intel Mac OS X 10.15; rv:150.0) Gecko/20100101 Firefox/150.0" 1165 **1/1165152**
107.194.32.55 - - [20/May/2026:08:58:52 -0700] "GET /wp-admin/admin-ajax.php?action=updraft_ajax&subaction=activejobs_list&nonce=33dd573458&downloaders= HTTP/2.0" 400 1 "https://www.pioneercabinetry.net/wp-admin/options-general.php?page=updraftplus" "Mozilla/5.0 (Macintosh; Intel Mac OS X 10.15; rv:150.0) Gecko/20100101 Firefox/150.0" 1139 **1/1139162**
107.194.32.55 - - [20/May/2026:08:58:58 -0700] "GET /wp-admin/admin-ajax.php?action=updraft_ajax&subaction=activejobs_list&nonce=33dd573458&downloaders= HTTP/2.0" 400 1 "https://www.pioneercabinetry.net/wp-admin/options-general.php?page=updraftplus" "Mozilla/5.0 (Macintosh; Intel Mac OS X 10.15; rv:150.0) Gecko/20100101 Firefox/150.0" 1008 **1/1008138**
107.194.32.55 - - [20/May/2026:08:59:05 -0700] "GET /wp-admin/admin-ajax.php?action=updraft_ajax&subaction=activejobs_list&nonce=33dd573458&downloaders= HTTP/2.0" 400 1 "https://www.pioneercabinetry.net/wp-admin/options-general.php?page=updraftplus" "Mozilla/5.0 (Macintosh; Intel Mac OS X 10.15; rv:150.0) Gecko/20100101 Firefox/150.0" 999 **0/999163**
107.194.32.55 - - [20/May/2026:08:59:10 -0700] "GET /wp-admin/admin-ajax.php?action=updraft_ajax&subaction=activejobs_list&nonce=33dd573458&downloaders= HTTP/2.0" 400 1 "https://www.pioneercabinetry.net/wp-admin/options-general.php?page=updraftplus" "Mozilla/5.0 (Macintosh; Intel Mac OS X 10.15; rv:150.0) Gecko/20100101 Firefox/150.0" 1152 **1/1152771**
107.194.32.55 - - [20/May/2026:08:59:16 -0700] "GET /wp-admin/admin-ajax.php?action=updraft_ajax&subaction=activejobs_list&nonce=33dd573458&downloaders= HTTP/2.0" 400 1 "https://www.pioneercabinetry.net/wp-admin/options-general.php?page=updraftplus" "Mozilla/5.0 (Macintosh; Intel Mac OS X 10.15; rv:150.0) Gecko/20100101 Firefox/150.0" 1292 **1/1292080**
107.194.32.55 - - [20/May/2026:08:59:22 -0700] "GET /wp-admin/admin-ajax.php?action=updraft_ajax&subaction=activejobs_list&nonce=33dd573458&downloaders= HTTP/2.0" 400 1 "https://www.pioneercabinetry.net/wp-admin/options-general.php?page=updraftplus" "Mozilla/5.0 (Macintosh; Intel Mac OS X 10.15; rv:150.0) Gecko/20100101 Firefox/150.0" 1314 **1/1314991**
107.194.32.55 - - [20/May/2026:08:59:28 -0700] "GET /wp-admin/admin-ajax.php?action=updraft_ajax&subaction=activejobs_list&nonce=33dd573458&downloaders= HTTP/2.0" 400 1 "https://www.pioneercabinetry.net/wp-admin/options-general.php?page=updraftplus" "Mozilla/5.0 (Macintosh; Intel Mac OS X 10.15; rv:150.0) Gecko/20100101 Firefox/150.0" 1037 **1/1037550**
107.194.32.55 - - [20/May/2026:08:59:35 -0700] "GET /wp-admin/admin-ajax.php?action=updraft_ajax&subaction=activejobs_list&nonce=33dd573458&downloaders= HTTP/2.0" 400 1 "https://www.pioneercabinetry.net/wp-admin/options-general.php?page=updraftplus" "Mozilla/5.0 (Macintosh; Intel Mac OS X 10.15; rv:150.0) Gecko/20100101 Firefox/150.0" 1021 **1/1021110**
40.77.167.156 - - [20/May/2026:08:59:41 -0700] "GET /wp-content/uploads/2017/09/Pioneer-LrgLogo-dark.png HTTP/2.0" 200 54528 "-" "Mozilla/5.0 AppleWebKit/537.36 (KHTML, like Gecko; compatible; bingbot/2.0; +http://www.bing.com/bingbot.htm) Chrome/116.0.1938.76 Safari/537.36" 11 **0/11504**
107.194.32.55 - - [20/May/2026:08:59:41 -0700] "GET /wp-admin/admin-ajax.php?action=updraft_ajax&subaction=activejobs_list&nonce=33dd573458&downloaders= HTTP/2.0" 400 1 "https://www.pioneercabinetry.net/wp-admin/options-general.php?page=updraftplus" "Mozilla/5.0 (Macintosh; Intel Mac OS X 10.15; rv:150.0) Gecko/20100101 Firefox/150.0" 1041 **1/1041840**
107.194.32.55 - - [20/May/2026:08:59:47 -0700] "GET /wp-admin/admin-ajax.php?action=updraft_ajax&subaction=activejobs_list&nonce=33dd573458&downloaders= HTTP/2.0" 400 1 "https://www.pioneercabinetry.net/wp-admin/options-general.php?page=updraftplus" "Mozilla/5.0 (Macintosh; Intel Mac OS X 10.15; rv:150.0) Gecko/20100101 Firefox/150.0" 1019 **1/1019395**
66.249.70.70 - - [20/May/2026:08:59:52 -0700] "GET /gallery/ HTTP/1.1" 200 - "-" "Mozilla/5.0 (Linux; Android 6.0.1; Nexus 5X Build/MMB29P) AppleWebKit/537.36 (KHTML, like Gecko) Chrome/148.0.7778.96 Mobile Safari/537.36 (compatible; GoogleOther)" 23 **0/23933**
107.194.32.55 - - [20/May/2026:08:59:53 -0700] "GET /wp-admin/admin-ajax.php?action=updraft_ajax&subaction=activejobs_list&nonce=33dd573458&downloaders= HTTP/2.0" 400 1 "https://www.pioneercabinetry.net/wp-admin/options-general.php?page=updraftplus" "Mozilla/5.0 (Macintosh; Intel Mac OS X 10.15; rv:150.0) Gecko/20100101 Firefox/150.0" 1099 **1/1099220**
35.91.39.27 - - [20/May/2026:08:59:58 -0700] "GET /?rnd=1779292798654 HTTP/2.0" 301 - "-" "GoDaddy-UptimeMonitoring" 1500 **1/1500908**
107.194.32.55 - - [20/May/2026:08:59:59 -0700] "GET /wp-admin/admin-ajax.php?action=updraft_ajax&subaction=activejobs_list&nonce=33dd573458&downloaders= HTTP/2.0" 400 1 "https://www.pioneercabinetry.net/wp-admin/options-general.php?page=updraftplus" "Mozilla/5.0 (Macintosh; Intel Mac OS X 10.15; rv:150.0) Gecko/20100101 Firefox/150.0" 2886 **2/2886457**
35.91.39.27 - - [20/May/2026:09:00:00 -0700] "GET /?rnd=1779292798654 HTTP/2.0" 200 29086 "https://pioneercabinetry.net/?rnd=1779292798654" "GoDaddy-UptimeMonitoring" 3640 **3/3640604**
107.194.32.55 - - [20/May/2026:09:00:05 -0700] "GET /wp-admin/admin-ajax.php?action=updraft_ajax&subaction=activejobs_list&nonce=33dd573458&downloaders= HTTP/2.0" 400 1 "https://www.pioneercabinetry.net/wp-admin/options-general.php?page=updraftplus" "Mozilla/5.0 (Macintosh; Intel Mac OS X 10.15; rv:150.0) Gecko/20100101 Firefox/150.0" 1488 **1/1488137**
107.194.32.55 - - [20/May/2026:09:00:11 -0700] "GET /wp-admin/admin-ajax.php?action=updraft_ajax&subaction=activejobs_list&nonce=33dd573458&downloaders= HTTP/2.0" 400 1 "https://www.pioneercabinetry.net/wp-admin/options-general.php?page=updraftplus" "Mozilla/5.0 (Macintosh; Intel Mac OS X 10.15; rv:150.0) Gecko/20100101 Firefox/150.0" 1162 **1/1162806**
107.194.32.55 - - [20/May/2026:09:00:13 -0700] "GET /wp-admin/admin-ajax.php?action=updraft_ajax&subaction=activejobs_list&nonce=33dd573458&downloaders= HTTP/2.0" 400 1 "https://www.pioneercabinetry.net/wp-admin/options-general.php?page=updraftplus" "Mozilla/5.0 (Macintosh; Intel Mac OS X 10.15; rv:150.0) Gecko/20100101 Firefox/150.0" 2359 **2/2359141**
107.194.32.55 - - [20/May/2026:09:00:13 -0700] "POST /wp-admin/admin-ajax.php HTTP/2.0" 200 48 "https://www.pioneercabinetry.net/wp-admin/options-general.php?page=updraftplus" "Mozilla/5.0 (Macintosh; Intel Mac OS X 10.15; rv:150.0) Gecko/20100101 Firefox/150.0" 2316 **2/2316366**
107.194.32.55 - - [20/May/2026:09:00:15 -0700] "GET /wp-includes/images/spinner.gif HTTP/2.0" 200 3656 "https://www.pioneercabinetry.net/wp-admin/load-styles.php?c=1&dir=ltr&load%5Bchunk_0%5D=dashicons,admin-bar,wp-jquery-ui-dialog,farbtastic,common,forms,admin-menu,dashboard,list-tables,edit,revisions,media,themes,abo&load%5Bchunk_1%5D=ut,nav-menus,wp-pointer,widgets,site-icon,l10n,buttons,wp-auth-check,wp-components,wp-commands&ver=6.9.4" "Mozilla/5.0 (Macintosh; Intel Mac OS X 10.15; rv:150.0) Gecko/20100101 Firefox/150.0" 11 **0/11425**
107.194.32.55 - - [20/May/2026:09:00:15 -0700] "GET /wp-login.php?interim-login=1&wp_lang=en_US HTTP/2.0" 200 2121 "https://www.pioneercabinetry.net/wp-admin/options-general.php?page=updraftplus" "Mozilla/5.0 (Macintosh; Intel Mac OS X 10.15; rv:150.0) Gecko/20100101 Firefox/150.0" 1398 **1/1398745**
107.194.32.55 - - [20/May/2026:09:00:17 -0700] "GET /wp-includes/css/dashicons.min.css?ver=a8e6693366dab6b564b08429d1341139 HTTP/2.0" 200 35721 "https://www.pioneercabinetry.net/wp-login.php?interim-login=1&wp_lang=en_US" "Mozilla/5.0 (Macintosh; Intel Mac OS X 10.15; rv:150.0) Gecko/20100101 Firefox/150.0" 16 **0/16195**
107.194.32.55 - - [20/May/2026:09:00:17 -0700] "GET /wp-admin/css/login.min.css?ver=a8e6693366dab6b564b08429d1341139 HTTP/2.0" 200 2171 "https://www.pioneercabinetry.net/wp-login.php?interim-login=1&wp_lang=en_US" "Mozilla/5.0 (Macintosh; Intel Mac OS X 10.15; rv:150.0) Gecko/20100101 Firefox/150.0" 11 **0/11815**
107.194.32.55 - - [20/May/2026:09:00:17 -0700] "GET /wp-includes/css/buttons.min.css?ver=a8e6693366dab6b564b08429d1341139 HTTP/2.0" 200 1470 "https://www.pioneercabinetry.net/wp-login.php?interim-login=1&wp_lang=en_US" "Mozilla/5.0 (Macintosh; Intel Mac OS X 10.15; rv:150.0) Gecko/20100101 Firefox/150.0" 14 **0/14306**
107.194.32.55 - - [20/May/2026:09:00:17 -0700] "GET /wp-admin/css/forms.min.css?ver=a8e6693366dab6b564b08429d1341139 HTTP/2.0" 200 6620 "https://www.pioneercabinetry.net/wp-login.php?interim-login=1&wp_lang=en_US" "Mozilla/5.0 (Macintosh; Intel Mac OS X 10.15; rv:150.0) Gecko/20100101 Firefox/150.0" 25 **0/25146**
107.194.32.55 - - [20/May/2026:09:00:17 -0700] "GET /wp-includes/js/clipboard.min.js?ver=2.0.11 HTTP/2.0" 200 3150 "https://www.pioneercabinetry.net/wp-login.php?interim-login=1&wp_lang=en_US" "Mozilla/5.0 (Macintosh; Intel Mac OS X 10.15; rv:150.0) Gecko/20100101 Firefox/150.0" 25 **0/25536**
107.194.32.55 - - [20/May/2026:09:00:17 -0700] "GET /wp-includes/js/jquery/jquery.min.js?ver=3.7.1 HTTP/2.0" 200 30368 "https://www.pioneercabinetry.net/wp-login.php?interim-login=1&wp_lang=en_US" "Mozilla/5.0 (Macintosh; Intel Mac OS X 10.15; rv:150.0) Gecko/20100101 Firefox/150.0" 25 **0/25922**
107.194.32.55 - - [20/May/2026:09:00:17 -0700] "GET /wp-includes/js/zxcvbn-async.min.js?ver=1.0 HTTP/2.0" 200 256 "https://www.pioneercabinetry.net/wp-login.php?interim-login=1&wp_lang=en_US" "Mozilla/5.0 (Macintosh; Intel Mac OS X 10.15; rv:150.0) Gecko/20100101 Firefox/150.0" 26 **0/26225**
107.194.32.55 - - [20/May/2026:09:00:17 -0700] "GET /wp-includes/js/dist/hooks.min.js?ver=dd5603f07f9220ed27f1 HTTP/2.0" 200 1941 "https://www.pioneercabinetry.net/wp-login.php?interim-login=1&wp_lang=en_US" "Mozilla/5.0 (Macintosh; Intel Mac OS X 10.15; rv:150.0) Gecko/20100101 Firefox/150.0" 26 **0/26631**
107.194.32.55 - - [20/May/2026:09:00:17 -0700] "GET /wp-admin/js/password-strength-meter.min.js?ver=a8e6693366dab6b564b08429d1341139 HTTP/2.0" 200 621 "https://www.pioneercabinetry.net/wp-login.php?interim-login=1&wp_lang=en_US" "Mozilla/5.0 (Macintosh; Intel Mac OS X 10.15; rv:150.0) Gecko/20100101 Firefox/150.0" 27 **0/27000**
107.194.32.55 - - [20/May/2026:09:00:17 -0700] "GET /wp-includes/js/dist/dom-ready.min.js?ver=f77871ff7694fffea381 HTTP/2.0" 200 320 "https://www.pioneercabinetry.net/wp-login.php?interim-login=1&wp_lang=en_US" "Mozilla/5.0 (Macintosh; Intel Mac OS X 10.15; rv:150.0) Gecko/20100101 Firefox/150.0" 28 **0/28570**
107.194.32.55 - - [20/May/2026:09:00:17 -0700] "GET /wp-admin/js/user-profile.min.js?ver=a8e6693366dab6b564b08429d1341139 HTTP/2.0" 200 3150 "https://www.pioneercabinetry.net/wp-login.php?interim-login=1&wp_lang=en_US" "Mozilla/5.0 (Macintosh; Intel Mac OS X 10.15; rv:150.0) Gecko/20100101 Firefox/150.0" 29 **0/29003**
107.194.32.55 - - [20/May/2026:09:00:17 -0700] "GET /wp-admin/css/l10n.min.css?ver=a8e6693366dab6b564b08429d1341139 HTTP/2.0" 200 767 "https://www.pioneercabinetry.net/wp-login.php?interim-login=1&wp_lang=en_US" "Mozilla/5.0 (Macintosh; Intel Mac OS X 10.15; rv:150.0) Gecko/20100101 Firefox/150.0" 32 **0/32341**
107.194.32.55 - - [20/May/2026:09:00:17 -0700] "GET /wp-includes/js/jquery/jquery-migrate.min.js?ver=3.4.1 HTTP/2.0" 200 4872 "https://www.pioneercabinetry.net/wp-login.php?interim-login=1&wp_lang=en_US" "Mozilla/5.0 (Macintosh; Intel Mac OS X 10.15; rv:150.0) Gecko/20100101 Firefox/150.0" 32 **0/32700**
107.194.32.55 - - [20/May/2026:09:00:17 -0700] "GET /wp-admin/images/wordpress-logo.svg?ver=20131107 HTTP/2.0" 200 1521 "https://www.pioneercabinetry.net/wp-admin/css/login.min.css?ver=a8e6693366dab6b564b08429d1341139" "Mozilla/5.0 (Macintosh; Intel Mac OS X 10.15; rv:150.0) Gecko/20100101 Firefox/150.0" 12 **0/12154**
107.194.32.55 - - [20/May/2026:09:00:17 -0700] "GET /wp-includes/js/zxcvbn.min.js HTTP/2.0" 200 399661 "https://www.pioneercabinetry.net/wp-login.php?interim-login=1&wp_lang=en_US" "Mozilla/5.0 (Macintosh; Intel Mac OS X 10.15; rv:150.0) Gecko/20100101 Firefox/150.0" 128 **0/128192**
107.194.32.55 - - [20/May/2026:09:00:19 -0700] "GET /wp-admin/admin-ajax.php?action=updraft_ajax&subaction=activejobs_list&nonce=33dd573458&downloaders= HTTP/2.0" 400 1 "https://www.pioneercabinetry.net/wp-admin/options-general.php?page=updraftplus" "Mozilla/5.0 (Macintosh; Intel Mac OS X 10.15; rv:150.0) Gecko/20100101 Firefox/150.0" 1705 **1/1705776**
17.241.75.17 - - [20/May/2026:09:00:20 -0700] "GET /robots.txt HTTP/2.0" 200 134 "-" "Mozilla/5.0 (Macintosh; Intel Mac OS X 10_15_7) AppleWebKit/605.1.15 (KHTML, like Gecko) Version/17.4 Safari/605.1.15 (Applebot/0.1; +http://www.apple.com/go/applebot)" 1795 **1/1795646**
17.241.75.17 - - [20/May/2026:09:00:22 -0700] "GET /storage-solutions/vanity-organizers/ HTTP/2.0" 200 24170 "-" "Mozilla/5.0 (Macintosh; Intel Mac OS X 10_15_7) AppleWebKit/605.1.15 (KHTML, like Gecko) Version/17.4 Safari/605.1.15 (Applebot/0.1; +http://www.apple.com/go/applebot)" 1864 **1/1864290**
107.194.32.55 - - [20/May/2026:09:00:25 -0700] "GET /wp-admin/admin-ajax.php?action=updraft_ajax&subaction=activejobs_list&nonce=33dd573458&downloaders= HTTP/2.0" 400 1 "https://www.pioneercabinetry.net/wp-admin/options-general.php?page=updraftplus" "Mozilla/5.0 (Macintosh; Intel Mac OS X 10.15; rv:150.0) Gecko/20100101 Firefox/150.0" 1247 **1/1247889**
107.194.32.55 - - [20/May/2026:09:00:32 -0700] "GET /wp-admin/admin-ajax.php?action=updraft_ajax&subaction=activejobs_list&nonce=33dd573458&downloaders= HTTP/2.0" 400 1 "https://www.pioneercabinetry.net/wp-admin/options-general.php?page=updraftplus" "Mozilla/5.0 (Macintosh; Intel Mac OS X 10.15; rv:150.0) Gecko/20100101 Firefox/150.0" 1283 **1/1283854**
107.194.32.55 - - [20/May/2026:09:00:38 -0700] "GET /wp-admin/admin-ajax.php?action=updraft_ajax&subaction=activejobs_list&nonce=33dd573458&downloaders= HTTP/2.0" 400 1 "https://www.pioneercabinetry.net/wp-admin/options-general.php?page=updraftplus" "Mozilla/5.0 (Macintosh; Intel Mac OS X 10.15; rv:150.0) Gecko/20100101 Firefox/150.0" 1256 **1/1256321**
107.194.32.55 - - [20/May/2026:09:00:44 -0700] "GET /wp-admin/admin-ajax.php?action=updraft_ajax&subaction=activejobs_list&nonce=33dd573458&downloaders= HTTP/2.0" 400 1 "https://www.pioneercabinetry.net/wp-admin/options-general.php?page=updraftplus" "Mozilla/5.0 (Macintosh; Intel Mac OS X 10.15; rv:150.0) Gecko/20100101 Firefox/150.0" 1181 **1/1181087**
107.194.32.55 - - [20/May/2026:09:00:50 -0700] "GET /wp-admin/admin-ajax.php?action=updraft_ajax&subaction=activejobs_list&nonce=33dd573458&downloaders= HTTP/2.0" 400 1 "https://www.pioneercabinetry.net/wp-admin/options-general.php?page=updraftplus" "Mozilla/5.0 (Macintosh; Intel Mac OS X 10.15; rv:150.0) Gecko/20100101 Firefox/150.0" 1046 **1/1046456**
107.194.32.55 - - [20/May/2026:09:00:57 -0700] "GET /wp-admin/admin-ajax.php?action=updraft_ajax&subaction=activejobs_list&nonce=33dd573458&downloaders= HTTP/2.0" 400 1 "https://www.pioneercabinetry.net/wp-admin/options-general.php?page=updraftplus" "Mozilla/5.0 (Macintosh; Intel Mac OS X 10.15; rv:150.0) Gecko/20100101 Firefox/150.0" 1156 **1/1156741**
4.255.131.54 - - [20/May/2026:09:00:59 -0700] "GET / HTTP/1.1" 200 168861 "-" "Mozilla/5.0 (Windows NT 10.0; WOW64; rv:47.0) Gecko/20100101 Firefox/47.0" 2041 **2/2041191**
107.194.32.55 - - [20/May/2026:09:01:03 -0700] "GET /wp-admin/admin-ajax.php?action=updraft_ajax&subaction=activejobs_list&nonce=33dd573458&downloaders= HTTP/2.0" 400 1 "https://www.pioneercabinetry.net/wp-admin/options-general.php?page=updraftplus" "Mozilla/5.0 (Macintosh; Intel Mac OS X 10.15; rv:150.0) Gecko/20100101 Firefox/150.0" 1192 **1/1192129**
107.194.32.55 - - [20/May/2026:09:01:10 -0700] "GET /wp-admin/admin-ajax.php?action=updraft_ajax&subaction=activejobs_list&nonce=33dd573458&downloaders= HTTP/2.0" 400 1 "https://www.pioneercabinetry.net/wp-admin/options-general.php?page=updraftplus" "Mozilla/5.0 (Macintosh; Intel Mac OS X 10.15; rv:150.0) Gecko/20100101 Firefox/150.0" 1181 **1/1181595**
107.194.32.55 - - [20/May/2026:09:01:13 -0700] "POST /wp-admin/admin-ajax.php HTTP/2.0" 200 48 "https://www.pioneercabinetry.net/wp-admin/options-general.php?page=updraftplus" "Mozilla/5.0 (Macintosh; Intel Mac OS X 10.15; rv:150.0) Gecko/20100101 Firefox/150.0" 1064 **1/1064197**
107.194.32.55 - - [20/May/2026:09:01:15 -0700] "GET /wp-admin/admin-ajax.php?action=updraft_ajax&subaction=activejobs_list&nonce=33dd573458&downloaders= HTTP/2.0" 400 1 "https://www.pioneercabinetry.net/wp-admin/options-general.php?page=updraftplus" "Mozilla/5.0 (Macintosh; Intel Mac OS X 10.15; rv:150.0) Gecko/20100101 Firefox/150.0" 1078 **1/1078174**
107.194.32.55 - - [20/May/2026:09:01:21 -0700] "GET /wp-admin/admin-ajax.php?action=updraft_ajax&subaction=activejobs_list&nonce=33dd573458&downloaders= HTTP/2.0" 400 1 "https://www.pioneercabinetry.net/wp-admin/options-general.php?page=updraftplus" "Mozilla/5.0 (Macintosh; Intel Mac OS X 10.15; rv:150.0) Gecko/20100101 Firefox/150.0" 1224 **1/1224683**
17.241.75.69 - - [20/May/2026:09:01:25 -0700] "GET /wp-content/plugins/wp-store-locator/css/styles.min.css?ver=2.3.1 HTTP/2.0" 200 3638 "https://www.pioneercabinetry.net/storage-solutions/vanity-organizers/" "Mozilla/5.0 (Macintosh; Intel Mac OS X 10_15_7) AppleWebKit/605.1.15 (KHTML, like Gecko) Version/17.4 Safari/605.1.15 (Applebot/0.1; +http://www.apple.com/go/applebot)" 10 **0/10504**
17.241.75.69 - - [20/May/2026:09:01:26 -0700] "GET /wp-includes/js/jquery/jquery-migrate.min.js?ver=3.4.1 HTTP/2.0" 200 4872 "https://www.pioneercabinetry.net/storage-solutions/vanity-organizers/" "Mozilla/5.0 (Macintosh; Intel Mac OS X 10_15_7) AppleWebKit/605.1.15 (KHTML, like Gecko) Version/17.4 Safari/605.1.15 (Applebot/0.1; +http://www.apple.com/go/applebot)" 10 **0/10782**
17.241.75.69 - - [20/May/2026:09:01:28 -0700] "GET /wp-content/et-cache/2450/et-divi-dynamic-tb-6029-tb-5898-2450.css?ver=1779292823 HTTP/2.0" 200 300 "https://www.pioneercabinetry.net/storage-solutions/vanity-organizers/" "Mozilla/5.0 (Macintosh; Intel Mac OS X 10_15_7) AppleWebKit/605.1.15 (KHTML, like Gecko) Version/17.4 Safari/605.1.15 (Applebot/0.1; +http://www.apple.com/go/applebot)" 13 **0/13753**
107.194.32.55 - - [20/May/2026:09:01:27 -0700] "GET /wp-admin/admin-ajax.php?action=updraft_ajax&subaction=activejobs_list&nonce=33dd573458&downloaders= HTTP/2.0" 400 1 "https://www.pioneercabinetry.net/wp-admin/options-general.php?page=updraftplus" "Mozilla/5.0 (Macintosh; Intel Mac OS X 10.15; rv:150.0) Gecko/20100101 Firefox/150.0" 1191 **1/1191436**
17.241.75.69 - - [20/May/2026:09:01:29 -0700] "GET /wp-content/et-cache/2450/et-core-unified-2450.min.css?ver=1779292823 HTTP/2.0" 200 749 "https://www.pioneercabinetry.net/storage-solutions/vanity-organizers/" "Mozilla/5.0 (Macintosh; Intel Mac OS X 10_15_7) AppleWebKit/605.1.15 (KHTML, like Gecko) Version/17.4 Safari/605.1.15 (Applebot/0.1; +http://www.apple.com/go/applebot)" 10 **0/10036**
107.194.32.55 - - [20/May/2026:09:01:29 -0700] "GET /wp-admin/admin-ajax.php?action=updraft_ajax&subaction=activejobs_list&nonce=33dd573458&downloaders= HTTP/2.0" 400 1 "https://www.pioneercabinetry.net/wp-admin/options-general.php?page=updraftplus" "Mozilla/5.0 (Macintosh; Intel Mac OS X 10.15; rv:150.0) Gecko/20100101 Firefox/150.0" 1130 **1/1130578**
17.241.75.69 - - [20/May/2026:09:01:31 -0700] "GET /wp-content/themes/Divi-child/style.css?ver=4.27.6 HTTP/2.0" 200 369 "https://www.pioneercabinetry.net/storage-solutions/vanity-organizers/" "Mozilla/5.0 (Macintosh; Intel Mac OS X 10_15_7) AppleWebKit/605.1.15 (KHTML, like Gecko) Version/17.4 Safari/605.1.15 (Applebot/0.1; +http://www.apple.com/go/applebot)" 9 **0/9110**
17.241.75.69 - - [20/May/2026:09:01:32 -0700] "GET /wp-includes/js/jquery/jquery.min.js?ver=3.7.1 HTTP/2.0" 200 30368 "https://www.pioneercabinetry.net/storage-solutions/vanity-organizers/" "Mozilla/5.0 (Macintosh; Intel Mac OS X 10_15_7) AppleWebKit/605.1.15 (KHTML, like Gecko) Version/17.4 Safari/605.1.15 (Applebot/0.1; +http://www.apple.com/go/applebot)" 14 **0/14109**
17.241.75.69 - - [20/May/2026:09:01:33 -0700] "GET /wp-content/themes/Divi/js/scripts.min.js?ver=4.27.6 HTTP/2.0" 200 70576 "https://www.pioneercabinetry.net/storage-solutions/vanity-organizers/" "Mozilla/5.0 (Macintosh; Intel Mac OS X 10_15_7) AppleWebKit/605.1.15 (KHTML, like Gecko) Version/17.4 Safari/605.1.15 (Applebot/0.1; +http://www.apple.com/go/applebot)" 25 **0/25032**
17.241.75.69 - - [20/May/2026:09:01:35 -0700] "GET /wp-content/themes/Divi/js/smoothscroll.js?ver=4.27.6 HTTP/2.0" 200 2557 "https://www.pioneercabinetry.net/storage-solutions/vanity-organizers/" "Mozilla/5.0 (Macintosh; Intel Mac OS X 10_15_7) AppleWebKit/605.1.15 (KHTML, like Gecko) Version/17.4 Safari/605.1.15 (Applebot/0.1; +http://www.apple.com/go/applebot)" 11 **0/11444**
17.241.75.69 - - [20/May/2026:09:01:36 -0700] "GET /wp-content/themes/Divi/core/admin/js/common.js?ver=4.27.6 HTTP/2.0" 200 566 "https://www.pioneercabinetry.net/storage-solutions/vanity-organizers/" "Mozilla/5.0 (Macintosh; Intel Mac OS X 10_15_7) AppleWebKit/605.1.15 (KHTML, like Gecko) Version/17.4 Safari/605.1.15 (Applebot/0.1; +http://www.apple.com/go/applebot)" 12 **0/12289**
107.194.32.55 - - [20/May/2026:09:01:35 -0700] "GET /wp-admin/admin-ajax.php?action=updraft_ajax&subaction=activejobs_list&nonce=33dd573458&downloaders= HTTP/2.0" 400 1 "https://www.pioneercabinetry.net/wp-admin/options-general.php?page=updraftplus" "Mozilla/5.0 (Macintosh; Intel Mac OS X 10.15; rv:150.0) Gecko/20100101 Firefox/150.0" 1112 **1/1112517**
17.241.75.69 - - [20/May/2026:09:01:38 -0700] "GET /wp-content/themes/Divi/includes/builder/feature/dynamic-assets/assets/js/magnific-popup.js?ver=4.27.6 HTTP/2.0" 200 8337 "https://www.pioneercabinetry.net/storage-solutions/vanity-organizers/" "Mozilla/5.0 (Macintosh; Intel Mac OS X 10_15_7) AppleWebKit/605.1.15 (KHTML, like Gecko) Version/17.4 Safari/605.1.15 (Applebot/0.1; +http://www.apple.com/go/applebot)" 11 **0/11360**
17.241.75.69 - - [20/May/2026:09:01:39 -0700] "GET /wp-content/themes/Divi/includes/builder/feature/dynamic-assets/assets/js/sticky-elements.js?ver=4.27.6 HTTP/2.0" 200 57813 "https://www.pioneercabinetry.net/storage-solutions/vanity-organizers/" "Mozilla/5.0 (Macintosh; Intel Mac OS X 10_15_7) AppleWebKit/605.1.15 (KHTML, like Gecko) Version/17.4 Safari/605.1.15 (Applebot/0.1; +http://www.apple.com/go/applebot)" 18 **0/18588**
17.241.75.69 - - [20/May/2026:09:01:41 -0700] "GET /wp-content/et-cache/2450/et-divi-dynamic-tb-6029-tb-5898-2450-late.css HTTP/2.0" 200 3400 "https://www.pioneercabinetry.net/storage-solutions/vanity-organizers/" "Mozilla/5.0 (Macintosh; Intel Mac OS X 10_15_7) AppleWebKit/605.1.15 (KHTML, like Gecko) Version/17.4 Safari/605.1.15 (Applebot/0.1; +http://www.apple.com/go/applebot)" 11 **0/11128**
107.194.32.55 - - [20/May/2026:09:01:41 -0700] "GET /wp-admin/admin-ajax.php?action=updraft_ajax&subaction=activejobs_list&nonce=33dd573458&downloaders= HTTP/2.0" 400 1 "https://www.pioneercabinetry.net/wp-admin/options-general.php?page=updraftplus" "Mozilla/5.0 (Macintosh; Intel Mac OS X 10.15; rv:150.0) Gecko/20100101 Firefox/150.0" 972 **0/972913**
107.194.32.55 - - [20/May/2026:09:01:48 -0700] "GET /wp-admin/admin-ajax.php?action=updraft_ajax&subaction=activejobs_list&nonce=33dd573458&downloaders= HTTP/2.0" 400 1 "https://www.pioneercabinetry.net/wp-admin/options-general.php?page=updraftplus" "Mozilla/5.0 (Macintosh; Intel Mac OS X 10.15; rv:150.0) Gecko/20100101 Firefox/150.0" 1079 **1/1079915**
107.194.32.55 - - [20/May/2026:09:01:54 -0700] "GET /wp-admin/admin-ajax.php?action=updraft_ajax&subaction=activejobs_list&nonce=33dd573458&downloaders= HTTP/2.0" 400 1 "https://www.pioneercabinetry.net/wp-admin/options-general.php?page=updraftplus" "Mozilla/5.0 (Macintosh; Intel Mac OS X 10.15; rv:150.0) Gecko/20100101 Firefox/150.0" 1078 **1/1078395**
107.194.32.55 - - [20/May/2026:09:02:00 -0700] "GET /wp-admin/admin-ajax.php?action=updraft_ajax&subaction=activejobs_list&nonce=33dd573458&downloaders= HTTP/2.0" 400 1 "https://www.pioneercabinetry.net/wp-admin/options-general.php?page=updraftplus" "Mozilla/5.0 (Macintosh; Intel Mac OS X 10.15; rv:150.0) Gecko/20100101 Firefox/150.0" 1394 **1/1394855**
107.194.32.55 - - [20/May/2026:09:02:06 -0700] "GET /wp-admin/admin-ajax.php?action=updraft_ajax&subaction=activejobs_list&nonce=33dd573458&downloaders= HTTP/2.0" 400 1 "https://www.pioneercabinetry.net/wp-admin/options-general.php?page=updraftplus" "Mozilla/5.0 (Macintosh; Intel Mac OS X 10.15; rv:150.0) Gecko/20100101 Firefox/150.0" 1137 **1/1137914**
107.194.32.55 - - [20/May/2026:09:02:13 -0700] "GET /wp-admin/admin-ajax.php?action=updraft_ajax&subaction=activejobs_list&nonce=33dd573458&downloaders= HTTP/2.0" 400 1 "https://www.pioneercabinetry.net/wp-admin/options-general.php?page=updraftplus" "Mozilla/5.0 (Macintosh; Intel Mac OS X 10.15; rv:150.0) Gecko/20100101 Firefox/150.0" 1923 **1/1923707**
107.194.32.55 - - [20/May/2026:09:02:13 -0700] "POST /wp-admin/admin-ajax.php HTTP/2.0" 200 48 "https://www.pioneercabinetry.net/wp-admin/options-general.php?page=updraftplus" "Mozilla/5.0 (Macintosh; Intel Mac OS X 10.15; rv:150.0) Gecko/20100101 Firefox/150.0" 1958 **1/1958247**
107.194.32.55 - - [20/May/2026:09:02:19 -0700] "GET /wp-admin/admin-ajax.php?action=updraft_ajax&subaction=activejobs_list&nonce=33dd573458&downloaders= HTTP/2.0" 400 1 "https://www.pioneercabinetry.net/wp-admin/options-general.php?page=updraftplus" "Mozilla/5.0 (Macintosh; Intel Mac OS X 10.15; rv:150.0) Gecko/20100101 Firefox/150.0" 1201 **1/1201357**
107.194.32.55 - - [20/May/2026:09:02:26 -0700] "GET /wp-admin/admin-ajax.php?action=updraft_ajax&subaction=activejobs_list&nonce=33dd573458&downloaders= HTTP/2.0" 400 1 "https://www.pioneercabinetry.net/wp-admin/options-general.php?page=updraftplus" "Mozilla/5.0 (Macintosh; Intel Mac OS X 10.15; rv:150.0) Gecko/20100101 Firefox/150.0" 1054 **1/1054197**
107.194.32.55 - - [20/May/2026:09:02:32 -0700] "GET /wp-admin/admin-ajax.php?action=updraft_ajax&subaction=activejobs_list&nonce=33dd573458&downloaders= HTTP/2.0" 400 1 "https://www.pioneercabinetry.net/wp-admin/options-general.php?page=updraftplus" "Mozilla/5.0 (Macintosh; Intel Mac OS X 10.15; rv:150.0) Gecko/20100101 Firefox/150.0" 1165 **1/1165162**
93.171.247.146 - - [20/May/2026:09:02:33 -0700] "GET /wp-content/uploads/2018/03/Maple-Mocha.jpg HTTP/2.0" 200 219822 "https://www.pioneercabinetry.net/wood-species/finishes/" "Mozilla/5.0 (Windows NT 6.1.1; rv:5.0) Gecko/20100101 Firefox/5.0" 2157 **2/2157749**
107.194.32.55 - - [20/May/2026:09:02:38 -0700] "GET /wp-admin/admin-ajax.php?action=updraft_ajax&subaction=activejobs_list&nonce=33dd573458&downloaders= HTTP/2.0" 400 1 "https://www.pioneercabinetry.net/wp-admin/options-general.php?page=updraftplus" "Mozilla/5.0 (Macintosh; Intel Mac OS X 10.15; rv:150.0) Gecko/20100101 Firefox/150.0" 1110 **1/1110969**
107.194.32.55 - - [20/May/2026:09:02:44 -0700] "GET /wp-admin/admin-ajax.php?action=updraft_ajax&subaction=activejobs_list&nonce=33dd573458&downloaders= HTTP/2.0" 400 1 "https://www.pioneercabinetry.net/wp-admin/options-general.php?page=updraftplus" "Mozilla/5.0 (Macintosh; Intel Mac OS X 10.15; rv:150.0) Gecko/20100101 Firefox/150.0" 1149 **1/1149126**
107.194.32.55 - - [20/May/2026:09:02:51 -0700] "GET /wp-admin/admin-ajax.php?action=updraft_ajax&subaction=activejobs_list&nonce=33dd573458&downloaders= HTTP/2.0" 400 1 "https://www.pioneercabinetry.net/wp-admin/options-general.php?page=updraftplus" "Mozilla/5.0 (Macintosh; Intel Mac OS X 10.15; rv:150.0) Gecko/20100101 Firefox/150.0" 1868 **1/1868405**
47.26.76.212 - - [20/May/2026:09:02:51 -0700] "GET / HTTP/2.0" 200 29056 "https://www.google.com/" "Mozilla/5.0 (iPhone; CPU iPhone OS 18_7 like Mac OS X) AppleWebKit/605.1.15 (KHTML, like Gecko) Version/18.7.5 Mobile/15E148 Safari/604.1" 2395 **2/2395410**
47.26.76.212 - - [20/May/2026:09:02:54 -0700] "GET /wp-content/plugins/wp-store-locator/css/styles.min.css?ver=2.3.1 HTTP/2.0" 200 3638 "https://www.pioneercabinetry.net/" "Mozilla/5.0 (iPhone; CPU iPhone OS 18_7 like Mac OS X) AppleWebKit/605.1.15 (KHTML, like Gecko) Version/18.7.5 Mobile/15E148 Safari/604.1" 11 **0/11846**
47.26.76.212 - - [20/May/2026:09:02:54 -0700] "GET /wp-content/et-cache/8/et-divi-dynamic-tb-6029-tb-5898-8-late.css?ver=1779288898 HTTP/2.0" 200 312 "https://www.pioneercabinetry.net/" "Mozilla/5.0 (iPhone; CPU iPhone OS 18_7 like Mac OS X) AppleWebKit/605.1.15 (KHTML, like Gecko) Version/18.7.5 Mobile/15E148 Safari/604.1" 10 **0/10340**
47.26.76.212 - - [20/May/2026:09:02:54 -0700] "GET /wp-content/et-cache/8/et-divi-dynamic-tb-6029-tb-5898-8.css?ver=1779288898 HTTP/2.0" 200 1280 "https://www.pioneercabinetry.net/" "Mozilla/5.0 (iPhone; CPU iPhone OS 18_7 like Mac OS X) AppleWebKit/605.1.15 (KHTML, like Gecko) Version/18.7.5 Mobile/15E148 Safari/604.1" 10 **0/10696**
47.26.76.212 - - [20/May/2026:09:02:54 -0700] "GET /wp-includes/js/jquery/jquery-migrate.min.js?ver=3.4.1 HTTP/2.0" 200 4872 "https://www.pioneercabinetry.net/" "Mozilla/5.0 (iPhone; CPU iPhone OS 18_7 like Mac OS X) AppleWebKit/605.1.15 (KHTML, like Gecko) Version/18.7.5 Mobile/15E148 Safari/604.1" 11 **0/11095**
47.26.76.212 - - [20/May/2026:09:02:54 -0700] "GET /wp-content/themes/Divi-child/style.css?ver=4.27.6 HTTP/2.0" 200 369 "https://www.pioneercabinetry.net/" "Mozilla/5.0 (iPhone; CPU iPhone OS 18_7 like Mac OS X) AppleWebKit/605.1.15 (KHTML, like Gecko) Version/18.7.5 Mobile/15E148 Safari/604.1" 14 **0/14303**
47.26.76.212 - - [20/May/2026:09:02:54 -0700] "GET /wp-content/et-cache/8/et-core-unified-8.min.css?ver=1779288898 HTTP/2.0" 200 749 "https://www.pioneercabinetry.net/" "Mozilla/5.0 (iPhone; CPU iPhone OS 18_7 like Mac OS X) AppleWebKit/605.1.15 (KHTML, like Gecko) Version/18.7.5 Mobile/15E148 Safari/604.1" 14 **0/14923**
47.26.76.212 - - [20/May/2026:09:02:54 -0700] "GET /wp-includes/js/jquery/jquery.min.js?ver=3.7.1 HTTP/2.0" 200 30368 "https://www.pioneercabinetry.net/" "Mozilla/5.0 (iPhone; CPU iPhone OS 18_7 like Mac OS X) AppleWebKit/605.1.15 (KHTML, like Gecko) Version/18.7.5 Mobile/15E148 Safari/604.1" 15 **0/15329**
47.26.76.212 - - [20/May/2026:09:02:54 -0700] "GET /wp-content/themes/Divi/core/admin/js/common.js?ver=4.27.6 HTTP/2.0" 200 566 "https://www.pioneercabinetry.net/" "Mozilla/5.0 (iPhone; CPU iPhone OS 18_7 like Mac OS X) AppleWebKit/605.1.15 (KHTML, like Gecko) Version/18.7.5 Mobile/15E148 Safari/604.1" 9 **0/9816**
47.26.76.212 - - [20/May/2026:09:02:54 -0700] "GET /wp-content/themes/Divi/includes/builder/feature/dynamic-assets/assets/js/jquery.fitvids.js?ver=4.27.6 HTTP/2.0" 200 1341 "https://www.pioneercabinetry.net/" "Mozilla/5.0 (iPhone; CPU iPhone OS 18_7 like Mac OS X) AppleWebKit/605.1.15 (KHTML, like Gecko) Version/18.7.5 Mobile/15E148 Safari/604.1" 21 **0/21518**
47.26.76.212 - - [20/May/2026:09:02:54 -0700] "GET /wp-content/themes/Divi/js/smoothscroll.js?ver=4.27.6 HTTP/2.0" 200 2557 "https://www.pioneercabinetry.net/" "Mozilla/5.0 (iPhone; CPU iPhone OS 18_7 like Mac OS X) AppleWebKit/605.1.15 (KHTML, like Gecko) Version/18.7.5 Mobile/15E148 Safari/604.1" 22 **0/22252**
47.26.76.212 - - [20/May/2026:09:02:54 -0700] "GET /wp-content/themes/Divi/includes/builder/feature/dynamic-assets/assets/js/jquery.mobile.js?ver=4.27.6 HTTP/2.0" 200 3098 "https://www.pioneercabinetry.net/" "Mozilla/5.0 (iPhone; CPU iPhone OS 18_7 like Mac OS X) AppleWebKit/605.1.15 (KHTML, like Gecko) Version/18.7.5 Mobile/15E148 Safari/604.1" 22 **0/22657**
47.26.76.212 - - [20/May/2026:09:02:54 -0700] "GET /wp-content/et-cache/8/et-core-unified-tb-6029-tb-5898-deferred-8.min.css?ver=1779288900 HTTP/2.0" 200 1395 "https://www.pioneercabinetry.net/" "Mozilla/5.0 (iPhone; CPU iPhone OS 18_7 like Mac OS X) AppleWebKit/605.1.15 (KHTML, like Gecko) Version/18.7.5 Mobile/15E148 Safari/604.1" 23 **0/23476**
47.26.76.212 - - [20/May/2026:09:02:54 -0700] "GET /wp-content/themes/Divi/includes/builder/feature/dynamic-assets/assets/js/sticky-elements.js?ver=4.27.6 HTTP/2.0" 200 57813 "https://www.pioneercabinetry.net/" "Mozilla/5.0 (iPhone; CPU iPhone OS 18_7 like Mac OS X) AppleWebKit/605.1.15 (KHTML, like Gecko) Version/18.7.5 Mobile/15E148 Safari/604.1" 57 **0/57005**
47.26.76.212 - - [20/May/2026:09:02:54 -0700] "GET /wp-content/themes/Divi/js/scripts.min.js?ver=4.27.6 HTTP/2.0" 200 70576 "https://www.pioneercabinetry.net/" "Mozilla/5.0 (iPhone; CPU iPhone OS 18_7 like Mac OS X) AppleWebKit/605.1.15 (KHTML, like Gecko) Version/18.7.5 Mobile/15E148 Safari/604.1" 60 **0/60789**
47.26.76.212 - - [20/May/2026:09:02:54 -0700] "GET /wp-content/uploads/2017/09/Pioneer-LrgLogo-dark.png HTTP/2.0" 200 54528 "https://www.pioneercabinetry.net/" "Mozilla/5.0 (iPhone; CPU iPhone OS 18_7 like Mac OS X) AppleWebKit/605.1.15 (KHTML, like Gecko) Version/18.7.5 Mobile/15E148 Safari/604.1" 13 **0/13054**
47.26.76.212 - - [20/May/2026:09:02:54 -0700] "GET /wp-content/uploads/2018/02/PioneerLogo-1.png HTTP/2.0" 200 41766 "https://www.pioneercabinetry.net/" "Mozilla/5.0 (iPhone; CPU iPhone OS 18_7 like Mac OS X) AppleWebKit/605.1.15 (KHTML, like Gecko) Version/18.7.5 Mobile/15E148 Safari/604.1" 9 **0/9411**
47.26.76.212 - - [20/May/2026:09:02:54 -0700] "GET /wp-content/et-cache/8/et-divi-dynamic-tb-6029-tb-5898-8-late.css HTTP/2.0" 200 312 "https://www.pioneercabinetry.net/" "Mozilla/5.0 (iPhone; CPU iPhone OS 18_7 like Mac OS X) AppleWebKit/605.1.15 (KHTML, like Gecko) Version/18.7.5 Mobile/15E148 Safari/604.1" 12 **0/12350**
47.26.76.212 - - [20/May/2026:09:02:54 -0700] "GET /wp-content/uploads/2022/10/16236-Northern-Pintail-Dr-2-1-copy-scaled-e1677173135553.jpg HTTP/2.0" 200 356600 "https://www.pioneercabinetry.net/" "Mozilla/5.0 (iPhone; CPU iPhone OS 18_7 like Mac OS X) AppleWebKit/605.1.15 (KHTML, like Gecko) Version/18.7.5 Mobile/15E148 Safari/604.1" 10 **0/10648**
47.26.76.212 - - [20/May/2026:09:02:54 -0700] "GET /wp-content/themes/Divi/core/admin/fonts/modules/all/modules.woff HTTP/2.0" 200 92084 "https://www.pioneercabinetry.net/" "Mozilla/5.0 (iPhone; CPU iPhone OS 18_7 like Mac OS X) AppleWebKit/605.1.15 (KHTML, like Gecko) Version/18.7.5 Mobile/15E148 Safari/604.1" 11 **0/11554**
47.26.76.212 - - [20/May/2026:09:02:54 -0700] "GET /wp-content/uploads/2023/02/CDP-copy-scaled.jpg HTTP/2.0" 200 497207 "https://www.pioneercabinetry.net/" "Mozilla/5.0 (iPhone; CPU iPhone OS 18_7 like Mac OS X) AppleWebKit/605.1.15 (KHTML, like Gecko) Version/18.7.5 Mobile/15E148 Safari/604.1" 10 **0/10903**
47.26.76.212 - - [20/May/2026:09:02:54 -0700] "GET /wp-content/uploads/2023/02/Starlite-Kitchen-Pallet-Hood-e1677173557563.jpg HTTP/2.0" 200 81414 "https://www.pioneercabinetry.net/" "Mozilla/5.0 (iPhone; CPU iPhone OS 18_7 like Mac OS X) AppleWebKit/605.1.15 (KHTML, like Gecko) Version/18.7.5 Mobile/15E148 Safari/604.1" 9 **0/9450**
47.26.76.212 - - [20/May/2026:09:02:54 -0700] "GET /wp-content/uploads/2022/10/16236-Northern-Pintail-Dr-3-Copy-2-scaled-e1677173876302.jpg HTTP/2.0" 200 298013 "https://www.pioneercabinetry.net/" "Mozilla/5.0 (iPhone; CPU iPhone OS 18_7 like Mac OS X) AppleWebKit/605.1.15 (KHTML, like Gecko) Version/18.7.5 Mobile/15E148 Safari/604.1" 12 **0/12475**
47.26.76.212 - - [20/May/2026:09:02:54 -0700] "GET /wp-content/uploads/2023/02/Gray-fireplace-e1677173725722.jpg HTTP/2.0" 200 119024 "https://www.pioneercabinetry.net/" "Mozilla/5.0 (iPhone; CPU iPhone OS 18_7 like Mac OS X) AppleWebKit/605.1.15 (KHTML, like Gecko) Version/18.7.5 Mobile/15E148 Safari/604.1" 80 **0/80234**
47.26.76.212 - - [20/May/2026:09:02:54 -0700] "GET /wp-content/uploads/2023/02/modern-white-kitchen.jpg HTTP/2.0" 200 127513 "https://www.pioneercabinetry.net/" "Mozilla/5.0 (iPhone; CPU iPhone OS 18_7 like Mac OS X) AppleWebKit/605.1.15 (KHTML, like Gecko) Version/18.7.5 Mobile/15E148 Safari/604.1" 80 **0/80687**
47.26.76.212 - - [20/May/2026:09:02:54 -0700] "GET /wp-content/uploads/2023/02/boys-bath-1-Copy-scaled.jpg HTTP/2.0" 200 251573 "https://www.pioneercabinetry.net/" "Mozilla/5.0 (iPhone; CPU iPhone OS 18_7 like Mac OS X) AppleWebKit/605.1.15 (KHTML, like Gecko) Version/18.7.5 Mobile/15E148 Safari/604.1" 80 **0/80996**
47.26.76.212 - - [20/May/2026:09:02:54 -0700] "GET /wp/wp-content/uploads/2016/06/lightKitchen.jpg HTTP/2.0" 404 133629 "https://www.pioneercabinetry.net/" "Mozilla/5.0 (iPhone; CPU iPhone OS 18_7 like Mac OS X) AppleWebKit/605.1.15 (KHTML, like Gecko) Version/18.7.5 Mobile/15E148 Safari/604.1" 1391 **1/1391558**
47.26.76.212 - - [20/May/2026:09:02:56 -0700] "GET /favicon.ico HTTP/2.0" 302 - "https://www.pioneercabinetry.net/" "Mozilla/5.0 (iPhone; CPU iPhone OS 18_7 like Mac OS X) AppleWebKit/605.1.15 (KHTML, like Gecko) Version/18.7.5 Mobile/15E148 Safari/604.1" 1291 **1/1291429**
47.26.76.212 - - [20/May/2026:09:02:57 -0700] "GET /wp-includes/images/w-logo-blue-white-bg.png HTTP/2.0" 200 4119 "https://www.pioneercabinetry.net/" "Mozilla/5.0 (iPhone; CPU iPhone OS 18_7 like Mac OS X) AppleWebKit/605.1.15 (KHTML, like Gecko) Version/18.7.5 Mobile/15E148 Safari/604.1" 8 **0/8868**
107.194.32.55 - - [20/May/2026:09:02:57 -0700] "GET /wp-admin/admin-ajax.php?action=updraft_ajax&subaction=activejobs_list&nonce=33dd573458&downloaders= HTTP/2.0" 400 1 "https://www.pioneercabinetry.net/wp-admin/options-general.php?page=updraftplus" "Mozilla/5.0 (Macintosh; Intel Mac OS X 10.15; rv:150.0) Gecko/20100101 Firefox/150.0" 1259 **1/1259664**
47.26.76.212 - - [20/May/2026:09:03:00 -0700] "GET /wp-content/uploads/trustindex-google-widget.css?1776455168 HTTP/2.0" 200 10304 "https://www.pioneercabinetry.net/" "Mozilla/5.0 (iPhone; CPU iPhone OS 18_7 like Mac OS X) AppleWebKit/605.1.15 (KHTML, like Gecko) Version/18.7.5 Mobile/15E148 Safari/604.1" 13 **0/13108**
107.194.32.55 - - [20/May/2026:09:03:03 -0700] "GET /wp-admin/admin-ajax.php?action=updraft_ajax&subaction=activejobs_list&nonce=33dd573458&downloaders= HTTP/2.0" 400 1 "https://www.pioneercabinetry.net/wp-admin/options-general.php?page=updraftplus" "Mozilla/5.0 (Macintosh; Intel Mac OS X 10.15; rv:150.0) Gecko/20100101 Firefox/150.0" 1157 **1/1157722**
107.194.32.55 - - [20/May/2026:09:03:09 -0700] "GET /wp-admin/admin-ajax.php?action=updraft_ajax&subaction=activejobs_list&nonce=33dd573458&downloaders= HTTP/2.0" 400 1 "https://www.pioneercabinetry.net/wp-admin/options-general.php?page=updraftplus" "Mozilla/5.0 (Macintosh; Intel Mac OS X 10.15; rv:150.0) Gecko/20100101 Firefox/150.0" 1200 **1/1200880**
107.194.32.55 - - [20/May/2026:09:03:16 -0700] "GET /wp-admin/admin-ajax.php?action=updraft_ajax&subaction=activejobs_list&nonce=33dd573458&downloaders= HTTP/2.0" 400 1 "https://www.pioneercabinetry.net/wp-admin/options-general.php?page=updraftplus" "Mozilla/5.0 (Macintosh; Intel Mac OS X 10.15; rv:150.0) Gecko/20100101 Firefox/150.0" 1108 **1/1108675**
107.194.32.55 - - [20/May/2026:09:03:22 -0700] "GET /wp-admin/admin-ajax.php?action=updraft_ajax&subaction=activejobs_list&nonce=33dd573458&downloaders= HTTP/2.0" 400 1 "https://www.pioneercabinetry.net/wp-admin/options-general.php?page=updraftplus" "Mozilla/5.0 (Macintosh; Intel Mac OS X 10.15; rv:150.0) Gecko/20100101 Firefox/150.0" 1098 **1/1098243**
107.194.32.55 - - [20/May/2026:09:03:29 -0700] "GET /wp-admin/admin-ajax.php?action=updraft_ajax&subaction=activejobs_list&nonce=33dd573458&downloaders= HTTP/2.0" 400 1 "https://www.pioneercabinetry.net/wp-admin/options-general.php?page=updraftplus" "Mozilla/5.0 (Macintosh; Intel Mac OS X 10.15; rv:150.0) Gecko/20100101 Firefox/150.0" 1066 **1/1066664**
107.194.32.55 - - [20/May/2026:09:03:34 -0700] "GET /wp-admin/admin-ajax.php?action=updraft_ajax&subaction=activejobs_list&nonce=33dd573458&downloaders= HTTP/2.0" 400 1 "https://www.pioneercabinetry.net/wp-admin/options-general.php?page=updraftplus" "Mozilla/5.0 (Macintosh; Intel Mac OS X 10.15; rv:150.0) Gecko/20100101 Firefox/150.0" 1108 **1/1108405**
107.194.32.55 - - [20/May/2026:09:03:41 -0700] "GET /wp-admin/admin-ajax.php?action=updraft_ajax&subaction=activejobs_list&nonce=33dd573458&downloaders= HTTP/2.0" 400 1 "https://www.pioneercabinetry.net/wp-admin/options-general.php?page=updraftplus" "Mozilla/5.0 (Macintosh; Intel Mac OS X 10.15; rv:150.0) Gecko/20100101 Firefox/150.0" 1157 **1/1157337**
107.194.32.55 - - [20/May/2026:09:03:47 -0700] "GET /wp-admin/admin-ajax.php?action=updraft_ajax&subaction=activejobs_list&nonce=33dd573458&downloaders= HTTP/2.0" 400 1 "https://www.pioneercabinetry.net/wp-admin/options-general.php?page=updraftplus" "Mozilla/5.0 (Macintosh; Intel Mac OS X 10.15; rv:150.0) Gecko/20100101 Firefox/150.0" 998 **0/998752**
107.194.32.55 - - [20/May/2026:09:03:54 -0700] "GET /wp-admin/admin-ajax.php?action=updraft_ajax&subaction=activejobs_list&nonce=33dd573458&downloaders= HTTP/2.0" 400 1 "https://www.pioneercabinetry.net/wp-admin/options-general.php?page=updraftplus" "Mozilla/5.0 (Macintosh; Intel Mac OS X 10.15; rv:150.0) Gecko/20100101 Firefox/150.0" 1034 **1/1034318**
107.194.32.55 - - [20/May/2026:09:04:00 -0700] "GET /wp-admin/admin-ajax.php?action=updraft_ajax&subaction=activejobs_list&nonce=33dd573458&downloaders= HTTP/2.0" 400 1 "https://www.pioneercabinetry.net/wp-admin/options-general.php?page=updraftplus" "Mozilla/5.0 (Macintosh; Intel Mac OS X 10.15; rv:150.0) Gecko/20100101 Firefox/150.0" 1078 **1/1078206**
107.194.32.55 - - [20/May/2026:09:04:06 -0700] "GET /wp-admin/admin-ajax.php?action=updraft_ajax&subaction=activejobs_list&nonce=33dd573458&downloaders= HTTP/2.0" 400 1 "https://www.pioneercabinetry.net/wp-admin/options-general.php?page=updraftplus" "Mozilla/5.0 (Macintosh; Intel Mac OS X 10.15; rv:150.0) Gecko/20100101 Firefox/150.0" 1086 **1/1086755**
107.194.32.55 - - [20/May/2026:09:04:12 -0700] "GET /wp-admin/admin-ajax.php?action=updraft_ajax&subaction=activejobs_list&nonce=33dd573458&downloaders= HTTP/2.0" 400 1 "https://www.pioneercabinetry.net/wp-admin/options-general.php?page=updraftplus" "Mozilla/5.0 (Macintosh; Intel Mac OS X 10.15; rv:150.0) Gecko/20100101 Firefox/150.0" 1123 **1/1123026**
107.194.32.55 - - [20/May/2026:09:04:13 -0700] "POST /wp-admin/admin-ajax.php HTTP/2.0" 200 48 "https://www.pioneercabinetry.net/wp-admin/options-general.php?page=updraftplus" "Mozilla/5.0 (Macintosh; Intel Mac OS X 10.15; rv:150.0) Gecko/20100101 Firefox/150.0" 1026 **1/1026090**
107.194.32.55 - - [20/May/2026:09:04:18 -0700] "GET /wp-admin/admin-ajax.php?action=updraft_ajax&subaction=activejobs_list&nonce=33dd573458&downloaders= HTTP/2.0" 400 1 "https://www.pioneercabinetry.net/wp-admin/options-general.php?page=updraftplus" "Mozilla/5.0 (Macintosh; Intel Mac OS X 10.15; rv:150.0) Gecko/20100101 Firefox/150.0" 1062 **1/1062785**
107.194.32.55 - - [20/May/2026:09:04:25 -0700] "GET /wp-admin/admin-ajax.php?action=updraft_ajax&subaction=activejobs_list&nonce=33dd573458&downloaders= HTTP/2.0" 400 1 "https://www.pioneercabinetry.net/wp-admin/options-general.php?page=updraftplus" "Mozilla/5.0 (Macintosh; Intel Mac OS X 10.15; rv:150.0) Gecko/20100101 Firefox/150.0" 1013 **1/1013410**
107.194.32.55 - - [20/May/2026:09:04:31 -0700] "GET /wp-admin/admin-ajax.php?action=updraft_ajax&subaction=activejobs_list&nonce=33dd573458&downloaders= HTTP/2.0" 400 1 "https://www.pioneercabinetry.net/wp-admin/options-general.php?page=updraftplus" "Mozilla/5.0 (Macintosh; Intel Mac OS X 10.15; rv:150.0) Gecko/20100101 Firefox/150.0" 1195 **1/1195472**
107.194.32.55 - - [20/May/2026:09:04:38 -0700] "GET /wp-admin/admin-ajax.php?action=updraft_ajax&subaction=activejobs_list&nonce=33dd573458&downloaders= HTTP/2.0" 400 1 "https://www.pioneercabinetry.net/wp-admin/options-general.php?page=updraftplus" "Mozilla/5.0 (Macintosh; Intel Mac OS X 10.15; rv:150.0) Gecko/20100101 Firefox/150.0" 988 **0/988634**
