68.36.78.73 - - [20/May/2026:11:14:09 -0700] "GET /wp-content/uploads/2024/09/Craftsman-Profile.jpg HTTP/2.0" 200 23974 "https://www.pioneercabinetry.net/craftsman-door-styles/" "Mozilla/5.0 (Macintosh; Intel Mac OS X 10_15_7) AppleWebKit/605.1.15 (KHTML, like Gecko) Version/26.4 Safari/605.1.15" 12 **0/12260**
107.194.32.55 - - [20/May/2026:11:14:10 -0700] "GET /wp-admin/admin-ajax.php?action=updraft_ajax&subaction=activejobs_list&nonce=33dd573458&downloaders= HTTP/2.0" 400 1 "https://www.pioneercabinetry.net/wp-admin/options-general.php?page=updraftplus" "Mozilla/5.0 (Macintosh; Intel Mac OS X 10.15; rv:150.0) Gecko/20100101 Firefox/150.0" 1159 **1/1159190**
107.194.32.55 - - [20/May/2026:11:14:16 -0700] "GET /wp-admin/admin-ajax.php?action=updraft_ajax&subaction=activejobs_list&nonce=33dd573458&downloaders= HTTP/2.0" 400 1 "https://www.pioneercabinetry.net/wp-admin/options-general.php?page=updraftplus" "Mozilla/5.0 (Macintosh; Intel Mac OS X 10.15; rv:150.0) Gecko/20100101 Firefox/150.0" 1221 **1/1221780**
107.194.32.55 - - [20/May/2026:11:14:22 -0700] "GET /wp-admin/admin-ajax.php?action=updraft_ajax&subaction=activejobs_list&nonce=33dd573458&downloaders= HTTP/2.0" 400 1 "https://www.pioneercabinetry.net/wp-admin/options-general.php?page=updraftplus" "Mozilla/5.0 (Macintosh; Intel Mac OS X 10.15; rv:150.0) Gecko/20100101 Firefox/150.0" 1275 **1/1275650**
107.194.32.55 - - [20/May/2026:11:14:28 -0700] "GET /wp-admin/admin-ajax.php?action=updraft_ajax&subaction=activejobs_list&nonce=33dd573458&downloaders= HTTP/2.0" 400 1 "https://www.pioneercabinetry.net/wp-admin/options-general.php?page=updraftplus" "Mozilla/5.0 (Macintosh; Intel Mac OS X 10.15; rv:150.0) Gecko/20100101 Firefox/150.0" 1181 **1/1181612**
68.36.78.73 - - [20/May/2026:11:14:32 -0700] "GET /artisan-door-styles/ HTTP/2.0" 200 25081 "https://www.pioneercabinetry.net/craftsman-door-styles/" "Mozilla/5.0 (Macintosh; Intel Mac OS X 10_15_7) AppleWebKit/605.1.15 (KHTML, like Gecko) Version/26.4 Safari/605.1.15" 1870 **1/1870510**
68.36.78.73 - - [20/May/2026:11:14:34 -0700] "GET /wp-content/et-cache/6288/et-core-unified-tb-6252-tb-5898-deferred-6288.min.css?ver=1779289267 HTTP/2.0" 200 228 "https://www.pioneercabinetry.net/artisan-door-styles/" "Mozilla/5.0 (Macintosh; Intel Mac OS X 10_15_7) AppleWebKit/605.1.15 (KHTML, like Gecko) Version/26.4 Safari/605.1.15" 14 **0/14229**
68.36.78.73 - - [20/May/2026:11:14:34 -0700] "GET /wp-content/uploads/2024/09/9-Artisan.jpg HTTP/2.0" 200 169724 "https://www.pioneercabinetry.net/artisan-door-styles/" "Mozilla/5.0 (Macintosh; Intel Mac OS X 10_15_7) AppleWebKit/605.1.15 (KHTML, like Gecko) Version/26.4 Safari/605.1.15" 14 **0/14691**
68.36.78.73 - - [20/May/2026:11:14:34 -0700] "GET /wp-content/et-cache/6288/et-divi-dynamic-tb-6252-tb-5898-6288-late.css?ver=1779289267 HTTP/2.0" 200 3400 "https://www.pioneercabinetry.net/artisan-door-styles/" "Mozilla/5.0 (Macintosh; Intel Mac OS X 10_15_7) AppleWebKit/605.1.15 (KHTML, like Gecko) Version/26.4 Safari/605.1.15" 23 **0/23651**
68.36.78.73 - - [20/May/2026:11:14:34 -0700] "GET /wp-content/et-cache/6288/et-core-unified-6288.min.css?ver=1779289266 HTTP/2.0" 200 749 "https://www.pioneercabinetry.net/artisan-door-styles/" "Mozilla/5.0 (Macintosh; Intel Mac OS X 10_15_7) AppleWebKit/605.1.15 (KHTML, like Gecko) Version/26.4 Safari/605.1.15" 27 **0/27310**
68.36.78.73 - - [20/May/2026:11:14:34 -0700] "GET /wp-content/uploads/2024/09/10-Artisan.jpg HTTP/2.0" 200 172541 "https://www.pioneercabinetry.net/artisan-door-styles/" "Mozilla/5.0 (Macintosh; Intel Mac OS X 10_15_7) AppleWebKit/605.1.15 (KHTML, like Gecko) Version/26.4 Safari/605.1.15" 14 **0/14676**
68.36.78.73 - - [20/May/2026:11:14:34 -0700] "GET /wp-content/et-cache/6288/et-divi-dynamic-tb-6252-tb-5898-6288-late.css HTTP/2.0" 200 3400 "https://www.pioneercabinetry.net/artisan-door-styles/" "Mozilla/5.0 (Macintosh; Intel Mac OS X 10_15_7) AppleWebKit/605.1.15 (KHTML, like Gecko) Version/26.4 Safari/605.1.15" 11 **0/11420**
68.36.78.73 - - [20/May/2026:11:14:34 -0700] "GET /wp-content/uploads/2024/09/Artisan-Profile.jpg HTTP/2.0" 200 24586 "https://www.pioneercabinetry.net/artisan-door-styles/" "Mozilla/5.0 (Macintosh; Intel Mac OS X 10_15_7) AppleWebKit/605.1.15 (KHTML, like Gecko) Version/26.4 Safari/605.1.15" 9 **0/9567**
68.36.78.73 - - [20/May/2026:11:14:34 -0700] "GET /wp-content/uploads/2024/09/12-Artisan.jpg HTTP/2.0" 200 222499 "https://www.pioneercabinetry.net/artisan-door-styles/" "Mozilla/5.0 (Macintosh; Intel Mac OS X 10_15_7) AppleWebKit/605.1.15 (KHTML, like Gecko) Version/26.4 Safari/605.1.15" 10 **0/10022**
68.36.78.73 - - [20/May/2026:11:14:34 -0700] "GET /wp-content/uploads/2024/09/11-Artisan.jpg HTTP/2.0" 200 219068 "https://www.pioneercabinetry.net/artisan-door-styles/" "Mozilla/5.0 (Macintosh; Intel Mac OS X 10_15_7) AppleWebKit/605.1.15 (KHTML, like Gecko) Version/26.4 Safari/605.1.15" 11 **0/11320**
107.194.32.55 - - [20/May/2026:11:14:34 -0700] "GET /wp-admin/admin-ajax.php?action=updraft_ajax&subaction=activejobs_list&nonce=33dd573458&downloaders= HTTP/2.0" 400 1 "https://www.pioneercabinetry.net/wp-admin/options-general.php?page=updraftplus" "Mozilla/5.0 (Macintosh; Intel Mac OS X 10.15; rv:150.0) Gecko/20100101 Firefox/150.0" 1086 **1/1086129**
107.194.32.55 - - [20/May/2026:11:14:40 -0700] "GET /wp-admin/admin-ajax.php?action=updraft_ajax&subaction=activejobs_list&nonce=33dd573458&downloaders= HTTP/2.0" 400 1 "https://www.pioneercabinetry.net/wp-admin/options-general.php?page=updraftplus" "Mozilla/5.0 (Macintosh; Intel Mac OS X 10.15; rv:150.0) Gecko/20100101 Firefox/150.0" 1242 **1/1242729**
107.194.32.55 - - [20/May/2026:11:14:47 -0700] "GET /wp-admin/admin-ajax.php?action=updraft_ajax&subaction=activejobs_list&nonce=33dd573458&downloaders= HTTP/2.0" 400 1 "https://www.pioneercabinetry.net/wp-admin/options-general.php?page=updraftplus" "Mozilla/5.0 (Macintosh; Intel Mac OS X 10.15; rv:150.0) Gecko/20100101 Firefox/150.0" 1233 **1/1233126**
107.194.32.55 - - [20/May/2026:11:14:53 -0700] "GET /wp-admin/admin-ajax.php?action=updraft_ajax&subaction=activejobs_list&nonce=33dd573458&downloaders= HTTP/2.0" 400 1 "https://www.pioneercabinetry.net/wp-admin/options-general.php?page=updraftplus" "Mozilla/5.0 (Macintosh; Intel Mac OS X 10.15; rv:150.0) Gecko/20100101 Firefox/150.0" 1234 **1/1234138**
107.194.32.55 - - [20/May/2026:11:14:59 -0700] "GET /wp-admin/admin-ajax.php?action=updraft_ajax&subaction=activejobs_list&nonce=33dd573458&downloaders= HTTP/2.0" 400 1 "https://www.pioneercabinetry.net/wp-admin/options-general.php?page=updraftplus" "Mozilla/5.0 (Macintosh; Intel Mac OS X 10.15; rv:150.0) Gecko/20100101 Firefox/150.0" 1249 **1/1249506**
107.180.114.193 - - [20/May/2026:11:15:06 -0700] "POST /wp-cron.php?doing_wp_cron=1779300906.9126300811767578125000 HTTP/1.1" 200 - "-" "WordPress/6.9.4; https://www.pioneercabinetry.net" 29 **0/29649**
68.36.78.73 - - [20/May/2026:11:15:03 -0700] "GET /refined-door-styles/ HTTP/2.0" 200 25584 "https://www.pioneercabinetry.net/artisan-door-styles/" "Mozilla/5.0 (Macintosh; Intel Mac OS X 10_15_7) AppleWebKit/605.1.15 (KHTML, like Gecko) Version/26.4 Safari/605.1.15" 3428 **3/3428377**
68.36.78.73 - - [20/May/2026:11:15:07 -0700] "GET /wp-content/et-cache/6348/et-divi-dynamic-tb-6252-tb-5898-6348-late.css?ver=1779289282 HTTP/2.0" 200 3400 "https://www.pioneercabinetry.net/refined-door-styles/" "Mozilla/5.0 (Macintosh; Intel Mac OS X 10_15_7) AppleWebKit/605.1.15 (KHTML, like Gecko) Version/26.4 Safari/605.1.15" 20 **0/20422**
68.36.78.73 - - [20/May/2026:11:15:07 -0700] "GET /wp-content/uploads/2024/09/15-Refined.jpg HTTP/2.0" 200 27344 "https://www.pioneercabinetry.net/refined-door-styles/" "Mozilla/5.0 (Macintosh; Intel Mac OS X 10_15_7) AppleWebKit/605.1.15 (KHTML, like Gecko) Version/26.4 Safari/605.1.15" 15 **0/15821**
68.36.78.73 - - [20/May/2026:11:15:07 -0700] "GET /wp-content/et-cache/6348/et-core-unified-6348.min.css?ver=1779289281 HTTP/2.0" 200 749 "https://www.pioneercabinetry.net/refined-door-styles/" "Mozilla/5.0 (Macintosh; Intel Mac OS X 10_15_7) AppleWebKit/605.1.15 (KHTML, like Gecko) Version/26.4 Safari/605.1.15" 16 **0/16680**
68.36.78.73 - - [20/May/2026:11:15:07 -0700] "GET /wp-content/et-cache/6348/et-core-unified-tb-6252-tb-5898-deferred-6348.min.css?ver=1779289282 HTTP/2.0" 200 228 "https://www.pioneercabinetry.net/refined-door-styles/" "Mozilla/5.0 (Macintosh; Intel Mac OS X 10_15_7) AppleWebKit/605.1.15 (KHTML, like Gecko) Version/26.4 Safari/605.1.15" 26 **0/26099**
68.36.78.73 - - [20/May/2026:11:15:07 -0700] "GET /wp-content/uploads/2024/09/16-Refined.jpg HTTP/2.0" 200 27844 "https://www.pioneercabinetry.net/refined-door-styles/" "Mozilla/5.0 (Macintosh; Intel Mac OS X 10_15_7) AppleWebKit/605.1.15 (KHTML, like Gecko) Version/26.4 Safari/605.1.15" 19 **0/19137**
68.36.78.73 - - [20/May/2026:11:15:07 -0700] "GET /wp-content/et-cache/6348/et-divi-dynamic-tb-6252-tb-5898-6348-late.css HTTP/2.0" 200 3400 "https://www.pioneercabinetry.net/refined-door-styles/" "Mozilla/5.0 (Macintosh; Intel Mac OS X 10_15_7) AppleWebKit/605.1.15 (KHTML, like Gecko) Version/26.4 Safari/605.1.15" 26 **0/26529**
68.36.78.73 - - [20/May/2026:11:15:07 -0700] "GET /wp-content/uploads/2024/09/13-Refined-Combo.jpg HTTP/2.0" 200 138091 "https://www.pioneercabinetry.net/refined-door-styles/" "Mozilla/5.0 (Macintosh; Intel Mac OS X 10_15_7) AppleWebKit/605.1.15 (KHTML, like Gecko) Version/26.4 Safari/605.1.15" 14 **0/14866**
68.36.78.73 - - [20/May/2026:11:15:07 -0700] "GET /wp-content/uploads/2024/09/18-Refined.jpg HTTP/2.0" 200 195943 "https://www.pioneercabinetry.net/refined-door-styles/" "Mozilla/5.0 (Macintosh; Intel Mac OS X 10_15_7) AppleWebKit/605.1.15 (KHTML, like Gecko) Version/26.4 Safari/605.1.15" 15 **0/15724**
68.36.78.73 - - [20/May/2026:11:15:07 -0700] "GET /wp-content/uploads/2024/09/14-Refined.jpg HTTP/2.0" 200 154202 "https://www.pioneercabinetry.net/refined-door-styles/" "Mozilla/5.0 (Macintosh; Intel Mac OS X 10_15_7) AppleWebKit/605.1.15 (KHTML, like Gecko) Version/26.4 Safari/605.1.15" 101 **0/101527**
68.36.78.73 - - [20/May/2026:11:15:07 -0700] "GET /wp-content/uploads/2024/09/17-Refined.jpg HTTP/2.0" 200 184564 "https://www.pioneercabinetry.net/refined-door-styles/" "Mozilla/5.0 (Macintosh; Intel Mac OS X 10_15_7) AppleWebKit/605.1.15 (KHTML, like Gecko) Version/26.4 Safari/605.1.15" 103 **0/103933**
107.194.32.55 - - [20/May/2026:11:15:05 -0700] "GET /wp-admin/admin-ajax.php?action=updraft_ajax&subaction=activejobs_list&nonce=33dd573458&downloaders= HTTP/2.0" 400 1 "https://www.pioneercabinetry.net/wp-admin/options-general.php?page=updraftplus" "Mozilla/5.0 (Macintosh; Intel Mac OS X 10.15; rv:150.0) Gecko/20100101 Firefox/150.0" 2703 **2/2703541**
68.36.78.73 - - [20/May/2026:11:15:10 -0700] "GET /wp-content/uploads/2024/09/Refined-Profile-scaled.jpg HTTP/2.0" 200 22707 "https://www.pioneercabinetry.net/refined-door-styles/" "Mozilla/5.0 (Macintosh; Intel Mac OS X 10_15_7) AppleWebKit/605.1.15 (KHTML, like Gecko) Version/26.4 Safari/605.1.15" 12 **0/12892**
107.194.32.55 - - [20/May/2026:11:15:11 -0700] "GET /wp-admin/admin-ajax.php?action=updraft_ajax&subaction=activejobs_list&nonce=33dd573458&downloaders= HTTP/2.0" 400 1 "https://www.pioneercabinetry.net/wp-admin/options-general.php?page=updraftplus" "Mozilla/5.0 (Macintosh; Intel Mac OS X 10.15; rv:150.0) Gecko/20100101 Firefox/150.0" 1480 **1/1480876**
107.194.32.55 - - [20/May/2026:11:15:17 -0700] "GET /wp-admin/admin-ajax.php?action=updraft_ajax&subaction=activejobs_list&nonce=33dd573458&downloaders= HTTP/2.0" 400 1 "https://www.pioneercabinetry.net/wp-admin/options-general.php?page=updraftplus" "Mozilla/5.0 (Macintosh; Intel Mac OS X 10.15; rv:150.0) Gecko/20100101 Firefox/150.0" 1331 **1/1331027**
107.194.32.55 - - [20/May/2026:11:15:23 -0700] "GET /wp-admin/admin-ajax.php?action=updraft_ajax&subaction=activejobs_list&nonce=33dd573458&downloaders= HTTP/2.0" 400 1 "https://www.pioneercabinetry.net/wp-admin/options-general.php?page=updraftplus" "Mozilla/5.0 (Macintosh; Intel Mac OS X 10.15; rv:150.0) Gecko/20100101 Firefox/150.0" 1245 **1/1245462**
68.36.78.73 - - [20/May/2026:11:15:26 -0700] "GET /transitional-door-styles/ HTTP/2.0" 200 25820 "https://www.pioneercabinetry.net/refined-door-styles/" "Mozilla/5.0 (Macintosh; Intel Mac OS X 10_15_7) AppleWebKit/605.1.15 (KHTML, like Gecko) Version/26.4 Safari/605.1.15" 1941 **1/1941549**
68.36.78.73 - - [20/May/2026:11:15:29 -0700] "GET /wp-content/et-cache/1244/et-divi-dynamic-tb-6252-tb-5898-1244-late.css?ver=1779290671 HTTP/2.0" 200 3400 "https://www.pioneercabinetry.net/transitional-door-styles/" "Mozilla/5.0 (Macintosh; Intel Mac OS X 10_15_7) AppleWebKit/605.1.15 (KHTML, like Gecko) Version/26.4 Safari/605.1.15" 13 **0/13148**
68.36.78.73 - - [20/May/2026:11:15:29 -0700] "GET /wp-content/uploads/2018/03/Trans-StockbridgeFlat.jpg HTTP/2.0" 200 50451 "https://www.pioneercabinetry.net/transitional-door-styles/" "Mozilla/5.0 (Macintosh; Intel Mac OS X 10_15_7) AppleWebKit/605.1.15 (KHTML, like Gecko) Version/26.4 Safari/605.1.15" 8 **0/8394**
68.36.78.73 - - [20/May/2026:11:15:29 -0700] "GET /wp-content/et-cache/1244/et-core-unified-1244.min.css?ver=1779290670 HTTP/2.0" 200 749 "https://www.pioneercabinetry.net/transitional-door-styles/" "Mozilla/5.0 (Macintosh; Intel Mac OS X 10_15_7) AppleWebKit/605.1.15 (KHTML, like Gecko) Version/26.4 Safari/605.1.15" 8 **0/8823**
68.36.78.73 - - [20/May/2026:11:15:29 -0700] "GET /wp-content/et-cache/1244/et-core-unified-tb-6252-tb-5898-deferred-1244.min.css?ver=1779290671 HTTP/2.0" 200 228 "https://www.pioneercabinetry.net/transitional-door-styles/" "Mozilla/5.0 (Macintosh; Intel Mac OS X 10_15_7) AppleWebKit/605.1.15 (KHTML, like Gecko) Version/26.4 Safari/605.1.15" 10 **0/10771**
68.36.78.73 - - [20/May/2026:11:15:29 -0700] "GET /wp-content/uploads/2018/03/Trans-StockbridgeSolid.jpg HTTP/2.0" 200 49972 "https://www.pioneercabinetry.net/transitional-door-styles/" "Mozilla/5.0 (Macintosh; Intel Mac OS X 10_15_7) AppleWebKit/605.1.15 (KHTML, like Gecko) Version/26.4 Safari/605.1.15" 13 **0/13453**
68.36.78.73 - - [20/May/2026:11:15:29 -0700] "GET /wp-content/et-cache/1244/et-divi-dynamic-tb-6252-tb-5898-1244-late.css HTTP/2.0" 200 3400 "https://www.pioneercabinetry.net/transitional-door-styles/" "Mozilla/5.0 (Macintosh; Intel Mac OS X 10_15_7) AppleWebKit/605.1.15 (KHTML, like Gecko) Version/26.4 Safari/605.1.15" 12 **0/12213**
68.36.78.73 - - [20/May/2026:11:15:29 -0700] "GET /wp-content/uploads/2018/03/Trans-TimberlakeFlat.jpg HTTP/2.0" 200 318855 "https://www.pioneercabinetry.net/transitional-door-styles/" "Mozilla/5.0 (Macintosh; Intel Mac OS X 10_15_7) AppleWebKit/605.1.15 (KHTML, like Gecko) Version/26.4 Safari/605.1.15" 12 **0/12033**
68.36.78.73 - - [20/May/2026:11:15:29 -0700] "GET /wp-content/uploads/2018/03/Trans-TimberlakeSolid.jpg HTTP/2.0" 200 343285 "https://www.pioneercabinetry.net/transitional-door-styles/" "Mozilla/5.0 (Macintosh; Intel Mac OS X 10_15_7) AppleWebKit/605.1.15 (KHTML, like Gecko) Version/26.4 Safari/605.1.15" 92 **0/92419**
68.36.78.73 - - [20/May/2026:11:15:29 -0700] "GET /wp-content/uploads/2018/03/Trans-FrankfortSolid.jpg HTTP/2.0" 200 372189 "https://www.pioneercabinetry.net/transitional-door-styles/" "Mozilla/5.0 (Macintosh; Intel Mac OS X 10_15_7) AppleWebKit/605.1.15 (KHTML, like Gecko) Version/26.4 Safari/605.1.15" 93 **0/93121**
68.36.78.73 - - [20/May/2026:11:15:29 -0700] "GET /wp-content/uploads/2018/03/Trans-FrankfortFlat.jpg HTTP/2.0" 200 369563 "https://www.pioneercabinetry.net/transitional-door-styles/" "Mozilla/5.0 (Macintosh; Intel Mac OS X 10_15_7) AppleWebKit/605.1.15 (KHTML, like Gecko) Version/26.4 Safari/605.1.15" 176 **0/176576**
68.36.78.73 - - [20/May/2026:11:15:29 -0700] "GET /wp-content/uploads/2018/03/Trans-TamarackSolid.jpg HTTP/2.0" 200 422309 "https://www.pioneercabinetry.net/transitional-door-styles/" "Mozilla/5.0 (Macintosh; Intel Mac OS X 10_15_7) AppleWebKit/605.1.15 (KHTML, like Gecko) Version/26.4 Safari/605.1.15" 177 **0/177273**
68.36.78.73 - - [20/May/2026:11:15:29 -0700] "GET /wp-content/uploads/2018/03/Trans-TamarackFlat.jpg HTTP/2.0" 200 437128 "https://www.pioneercabinetry.net/transitional-door-styles/" "Mozilla/5.0 (Macintosh; Intel Mac OS X 10_15_7) AppleWebKit/605.1.15 (KHTML, like Gecko) Version/26.4 Safari/605.1.15" 177 **0/177656**
107.194.32.55 - - [20/May/2026:11:15:29 -0700] "GET /wp-admin/admin-ajax.php?action=updraft_ajax&subaction=activejobs_list&nonce=33dd573458&downloaders= HTTP/2.0" 400 1 "https://www.pioneercabinetry.net/wp-admin/options-general.php?page=updraftplus" "Mozilla/5.0 (Macintosh; Intel Mac OS X 10.15; rv:150.0) Gecko/20100101 Firefox/150.0" 1218 **1/1218281**
68.36.78.73 - - [20/May/2026:11:15:30 -0700] "GET /wp-content/uploads/2024/09/Transitional-Profile.jpg HTTP/2.0" 200 24379 "https://www.pioneercabinetry.net/transitional-door-styles/" "Mozilla/5.0 (Macintosh; Intel Mac OS X 10_15_7) AppleWebKit/605.1.15 (KHTML, like Gecko) Version/26.4 Safari/605.1.15" 15 **0/15101**
107.194.32.55 - - [20/May/2026:11:15:35 -0700] "GET /wp-admin/admin-ajax.php?action=updraft_ajax&subaction=activejobs_list&nonce=33dd573458&downloaders= HTTP/2.0" 400 1 "https://www.pioneercabinetry.net/wp-admin/options-general.php?page=updraftplus" "Mozilla/5.0 (Macintosh; Intel Mac OS X 10.15; rv:150.0) Gecko/20100101 Firefox/150.0" 1318 **1/1318438**
107.194.32.55 - - [20/May/2026:11:15:41 -0700] "GET /wp-admin/admin-ajax.php?action=updraft_ajax&subaction=activejobs_list&nonce=33dd573458&downloaders= HTTP/2.0" 400 1 "https://www.pioneercabinetry.net/wp-admin/options-general.php?page=updraftplus" "Mozilla/5.0 (Macintosh; Intel Mac OS X 10.15; rv:150.0) Gecko/20100101 Firefox/150.0" 1215 **1/1215392**
107.194.32.55 - - [20/May/2026:11:15:47 -0700] "GET /wp-admin/admin-ajax.php?action=updraft_ajax&subaction=activejobs_list&nonce=33dd573458&downloaders= HTTP/2.0" 400 1 "https://www.pioneercabinetry.net/wp-admin/options-general.php?page=updraftplus" "Mozilla/5.0 (Macintosh; Intel Mac OS X 10.15; rv:150.0) Gecko/20100101 Firefox/150.0" 1291 **1/1291131**
107.194.32.55 - - [20/May/2026:11:15:53 -0700] "GET /wp-admin/admin-ajax.php?action=updraft_ajax&subaction=activejobs_list&nonce=33dd573458&downloaders= HTTP/2.0" 400 1 "https://www.pioneercabinetry.net/wp-admin/options-general.php?page=updraftplus" "Mozilla/5.0 (Macintosh; Intel Mac OS X 10.15; rv:150.0) Gecko/20100101 Firefox/150.0" 1211 **1/1211453**
68.36.78.73 - - [20/May/2026:11:15:58 -0700] "GET /traditional-door-styles/ HTTP/2.0" 200 25791 "https://www.pioneercabinetry.net/transitional-door-styles/" "Mozilla/5.0 (Macintosh; Intel Mac OS X 10_15_7) AppleWebKit/605.1.15 (KHTML, like Gecko) Version/26.4 Safari/605.1.15" 2362 **2/2362133**
68.36.78.73 - - [20/May/2026:11:16:01 -0700] "GET /wp-content/et-cache/6378/et-divi-dynamic-tb-6252-tb-5898-6378-late.css?ver=1779290920 HTTP/2.0" 200 3400 "https://www.pioneercabinetry.net/traditional-door-styles/" "Mozilla/5.0 (Macintosh; Intel Mac OS X 10_15_7) AppleWebKit/605.1.15 (KHTML, like Gecko) Version/26.4 Safari/605.1.15" 16 **0/16384**
68.36.78.73 - - [20/May/2026:11:16:01 -0700] "GET /wp-content/et-cache/6378/et-core-unified-6378.min.css?ver=1779290919 HTTP/2.0" 200 749 "https://www.pioneercabinetry.net/traditional-door-styles/" "Mozilla/5.0 (Macintosh; Intel Mac OS X 10_15_7) AppleWebKit/605.1.15 (KHTML, like Gecko) Version/26.4 Safari/605.1.15" 15 **0/15234**
68.36.78.73 - - [20/May/2026:11:16:01 -0700] "GET /wp-content/uploads/2024/09/19-Traditional.jpg HTTP/2.0" 200 200551 "https://www.pioneercabinetry.net/traditional-door-styles/" "Mozilla/5.0 (Macintosh; Intel Mac OS X 10_15_7) AppleWebKit/605.1.15 (KHTML, like Gecko) Version/26.4 Safari/605.1.15" 17 **0/17432**
68.36.78.73 - - [20/May/2026:11:16:01 -0700] "GET /wp-content/et-cache/6378/et-core-unified-tb-6252-tb-5898-deferred-6378.min.css?ver=1779290920 HTTP/2.0" 200 228 "https://www.pioneercabinetry.net/traditional-door-styles/" "Mozilla/5.0 (Macintosh; Intel Mac OS X 10_15_7) AppleWebKit/605.1.15 (KHTML, like Gecko) Version/26.4 Safari/605.1.15" 18 **0/18033**
68.36.78.73 - - [20/May/2026:11:16:01 -0700] "GET /wp-content/et-cache/6378/et-divi-dynamic-tb-6252-tb-5898-6378-late.css HTTP/2.0" 200 3400 "https://www.pioneercabinetry.net/traditional-door-styles/" "Mozilla/5.0 (Macintosh; Intel Mac OS X 10_15_7) AppleWebKit/605.1.15 (KHTML, like Gecko) Version/26.4 Safari/605.1.15" 21 **0/21499**
68.36.78.73 - - [20/May/2026:11:16:01 -0700] "GET /wp-content/uploads/2024/09/20-Traditional.jpg HTTP/2.0" 200 200714 "https://www.pioneercabinetry.net/traditional-door-styles/" "Mozilla/5.0 (Macintosh; Intel Mac OS X 10_15_7) AppleWebKit/605.1.15 (KHTML, like Gecko) Version/26.4 Safari/605.1.15" 14 **0/14882**
68.36.78.73 - - [20/May/2026:11:16:01 -0700] "GET /wp-content/uploads/2024/09/26-Traditional.jpg HTTP/2.0" 200 39222 "https://www.pioneercabinetry.net/traditional-door-styles/" "Mozilla/5.0 (Macintosh; Intel Mac OS X 10_15_7) AppleWebKit/605.1.15 (KHTML, like Gecko) Version/26.4 Safari/605.1.15" 15 **0/15069**
68.36.78.73 - - [20/May/2026:11:16:01 -0700] "GET /wp-content/uploads/2024/09/21-Traditional.jpg HTTP/2.0" 200 196365 "https://www.pioneercabinetry.net/traditional-door-styles/" "Mozilla/5.0 (Macintosh; Intel Mac OS X 10_15_7) AppleWebKit/605.1.15 (KHTML, like Gecko) Version/26.4 Safari/605.1.15" 20 **0/20773**
68.36.78.73 - - [20/May/2026:11:16:01 -0700] "GET /wp-content/uploads/2024/09/22-Traditional.jpg HTTP/2.0" 200 39065 "https://www.pioneercabinetry.net/traditional-door-styles/" "Mozilla/5.0 (Macintosh; Intel Mac OS X 10_15_7) AppleWebKit/605.1.15 (KHTML, like Gecko) Version/26.4 Safari/605.1.15" 18 **0/18031**
68.36.78.73 - - [20/May/2026:11:16:01 -0700] "GET /wp-content/uploads/2024/09/23-Traditional.jpg HTTP/2.0" 200 228975 "https://www.pioneercabinetry.net/traditional-door-styles/" "Mozilla/5.0 (Macintosh; Intel Mac OS X 10_15_7) AppleWebKit/605.1.15 (KHTML, like Gecko) Version/26.4 Safari/605.1.15" 18 **0/18651**
68.36.78.73 - - [20/May/2026:11:16:01 -0700] "GET /wp-content/uploads/2024/09/24-Traditional.jpg HTTP/2.0" 200 219709 "https://www.pioneercabinetry.net/traditional-door-styles/" "Mozilla/5.0 (Macintosh; Intel Mac OS X 10_15_7) AppleWebKit/605.1.15 (KHTML, like Gecko) Version/26.4 Safari/605.1.15" 22 **0/22804**
68.36.78.73 - - [20/May/2026:11:16:01 -0700] "GET /wp-content/uploads/2024/09/25-Traditional.jpg HTTP/2.0" 200 231669 "https://www.pioneercabinetry.net/traditional-door-styles/" "Mozilla/5.0 (Macintosh; Intel Mac OS X 10_15_7) AppleWebKit/605.1.15 (KHTML, like Gecko) Version/26.4 Safari/605.1.15" 23 **0/23330**
107.194.32.55 - - [20/May/2026:11:15:59 -0700] "GET /wp-admin/admin-ajax.php?action=updraft_ajax&subaction=activejobs_list&nonce=33dd573458&downloaders= HTTP/2.0" 400 1 "https://www.pioneercabinetry.net/wp-admin/options-general.php?page=updraftplus" "Mozilla/5.0 (Macintosh; Intel Mac OS X 10.15; rv:150.0) Gecko/20100101 Firefox/150.0" 1960 **1/1960229**
68.36.78.73 - - [20/May/2026:11:16:03 -0700] "GET /wp-content/uploads/2024/09/Traditional-Profile.jpg HTTP/2.0" 200 31733 "https://www.pioneercabinetry.net/traditional-door-styles/" "Mozilla/5.0 (Macintosh; Intel Mac OS X 10_15_7) AppleWebKit/605.1.15 (KHTML, like Gecko) Version/26.4 Safari/605.1.15" 11 **0/11146**
107.194.32.55 - - [20/May/2026:11:16:06 -0700] "GET /wp-admin/admin-ajax.php?action=updraft_ajax&subaction=activejobs_list&nonce=33dd573458&downloaders= HTTP/2.0" 400 1 "https://www.pioneercabinetry.net/wp-admin/options-general.php?page=updraftplus" "Mozilla/5.0 (Macintosh; Intel Mac OS X 10.15; rv:150.0) Gecko/20100101 Firefox/150.0" 1206 **1/1206114**
107.194.32.55 - - [20/May/2026:11:16:09 -0700] "POST /wp-admin/admin-ajax.php HTTP/2.0" 200 48 "https://www.pioneercabinetry.net/wp-admin/admin.php?page=et_divi_options" "Mozilla/5.0 (Macintosh; Intel Mac OS X 10.15; rv:150.0) Gecko/20100101 Firefox/150.0" 1208 **1/1208454**
107.194.32.55 - - [20/May/2026:11:16:12 -0700] "GET /wp-admin/admin-ajax.php?action=updraft_ajax&subaction=activejobs_list&nonce=33dd573458&downloaders= HTTP/2.0" 400 1 "https://www.pioneercabinetry.net/wp-admin/options-general.php?page=updraftplus" "Mozilla/5.0 (Macintosh; Intel Mac OS X 10.15; rv:150.0) Gecko/20100101 Firefox/150.0" 1217 **1/1217276**
107.194.32.55 - - [20/May/2026:11:16:18 -0700] "GET /wp-admin/admin-ajax.php?action=updraft_ajax&subaction=activejobs_list&nonce=33dd573458&downloaders= HTTP/2.0" 400 1 "https://www.pioneercabinetry.net/wp-admin/options-general.php?page=updraftplus" "Mozilla/5.0 (Macintosh; Intel Mac OS X 10.15; rv:150.0) Gecko/20100101 Firefox/150.0" 1132 **1/1132978**
107.194.32.55 - - [20/May/2026:11:16:24 -0700] "GET /wp-admin/admin-ajax.php?action=updraft_ajax&subaction=activejobs_list&nonce=33dd573458&downloaders= HTTP/2.0" 400 1 "https://www.pioneercabinetry.net/wp-admin/options-general.php?page=updraftplus" "Mozilla/5.0 (Macintosh; Intel Mac OS X 10.15; rv:150.0) Gecko/20100101 Firefox/150.0" 1303 **1/1303435**
68.36.78.73 - - [20/May/2026:11:16:28 -0700] "GET /classic-door-styles/ HTTP/2.0" 200 26232 "https://www.pioneercabinetry.net/traditional-door-styles/" "Mozilla/5.0 (Macintosh; Intel Mac OS X 10_15_7) AppleWebKit/605.1.15 (KHTML, like Gecko) Version/26.4 Safari/605.1.15" 2138 **2/2138553**
68.36.78.73 - - [20/May/2026:11:16:30 -0700] "GET /wp-content/et-cache/1130/et-divi-dynamic-tb-6252-tb-5898-1130-late.css?ver=1779290675 HTTP/2.0" 200 3400 "https://www.pioneercabinetry.net/classic-door-styles/" "Mozilla/5.0 (Macintosh; Intel Mac OS X 10_15_7) AppleWebKit/605.1.15 (KHTML, like Gecko) Version/26.4 Safari/605.1.15" 13 **0/13954**
68.36.78.73 - - [20/May/2026:11:16:30 -0700] "GET /wp-content/et-cache/1130/et-core-unified-1130.min.css?ver=1779290674 HTTP/2.0" 200 749 "https://www.pioneercabinetry.net/classic-door-styles/" "Mozilla/5.0 (Macintosh; Intel Mac OS X 10_15_7) AppleWebKit/605.1.15 (KHTML, like Gecko) Version/26.4 Safari/605.1.15" 22 **0/22073**
68.36.78.73 - - [20/May/2026:11:16:30 -0700] "GET /wp-content/uploads/2018/03/Classic-SquareFlat.jpg HTTP/2.0" 200 202512 "https://www.pioneercabinetry.net/classic-door-styles/" "Mozilla/5.0 (Macintosh; Intel Mac OS X 10_15_7) AppleWebKit/605.1.15 (KHTML, like Gecko) Version/26.4 Safari/605.1.15" 22 **0/22470**
68.36.78.73 - - [20/May/2026:11:16:30 -0700] "GET /wp-content/et-cache/1130/et-core-unified-tb-6252-tb-5898-deferred-1130.min.css?ver=1779290675 HTTP/2.0" 200 228 "https://www.pioneercabinetry.net/classic-door-styles/" "Mozilla/5.0 (Macintosh; Intel Mac OS X 10_15_7) AppleWebKit/605.1.15 (KHTML, like Gecko) Version/26.4 Safari/605.1.15" 23 **0/23536**
68.36.78.73 - - [20/May/2026:11:16:30 -0700] "GET /wp-content/et-cache/1130/et-divi-dynamic-tb-6252-tb-5898-1130-late.css HTTP/2.0" 200 3400 "https://www.pioneercabinetry.net/classic-door-styles/" "Mozilla/5.0 (Macintosh; Intel Mac OS X 10_15_7) AppleWebKit/605.1.15 (KHTML, like Gecko) Version/26.4 Safari/605.1.15" 13 **0/13004**
68.36.78.73 - - [20/May/2026:11:16:30 -0700] "GET /wp-content/uploads/2018/03/Classic-SquareSolid.jpg HTTP/2.0" 200 191859 "https://www.pioneercabinetry.net/classic-door-styles/" "Mozilla/5.0 (Macintosh; Intel Mac OS X 10_15_7) AppleWebKit/605.1.15 (KHTML, like Gecko) Version/26.4 Safari/605.1.15" 16 **0/16053**
68.36.78.73 - - [20/May/2026:11:16:31 -0700] "GET /wp-content/uploads/2018/03/Classic-SquareRaised.jpg HTTP/2.0" 200 198629 "https://www.pioneercabinetry.net/classic-door-styles/" "Mozilla/5.0 (Macintosh; Intel Mac OS X 10_15_7) AppleWebKit/605.1.15 (KHTML, like Gecko) Version/26.4 Safari/605.1.15" 13 **0/13472**
68.36.78.73 - - [20/May/2026:11:16:31 -0700] "GET /wp-content/uploads/2018/03/Classic-TrumanRaised.jpg HTTP/2.0" 200 337099 "https://www.pioneercabinetry.net/classic-door-styles/" "Mozilla/5.0 (Macintosh; Intel Mac OS X 10_15_7) AppleWebKit/605.1.15 (KHTML, like Gecko) Version/26.4 Safari/605.1.15" 15 **0/15486**
68.36.78.73 - - [20/May/2026:11:16:31 -0700] "GET /wp-content/uploads/2024/09/Truman-Beaded.jpg HTTP/2.0" 200 41796 "https://www.pioneercabinetry.net/classic-door-styles/" "Mozilla/5.0 (Macintosh; Intel Mac OS X 10_15_7) AppleWebKit/605.1.15 (KHTML, like Gecko) Version/26.4 Safari/605.1.15" 19 **0/19603**
68.36.78.73 - - [20/May/2026:11:16:31 -0700] "GET /wp-content/uploads/2018/03/Classic-TrumanFlat.jpg HTTP/2.0" 200 305270 "https://www.pioneercabinetry.net/classic-door-styles/" "Mozilla/5.0 (Macintosh; Intel Mac OS X 10_15_7) AppleWebKit/605.1.15 (KHTML, like Gecko) Version/26.4 Safari/605.1.15" 22 **0/22933**
68.36.78.73 - - [20/May/2026:11:16:31 -0700] "GET /wp-content/uploads/2024/09/Square-Beaded.jpg HTTP/2.0" 200 46221 "https://www.pioneercabinetry.net/classic-door-styles/" "Mozilla/5.0 (Macintosh; Intel Mac OS X 10_15_7) AppleWebKit/605.1.15 (KHTML, like Gecko) Version/26.4 Safari/605.1.15" 71 **0/71169**
68.36.78.73 - - [20/May/2026:11:16:31 -0700] "GET /wp-content/uploads/2018/03/Classic-TrumanSolid.jpg HTTP/2.0" 200 327062 "https://www.pioneercabinetry.net/classic-door-styles/" "Mozilla/5.0 (Macintosh; Intel Mac OS X 10_15_7) AppleWebKit/605.1.15 (KHTML, like Gecko) Version/26.4 Safari/605.1.15" 71 **0/71675**
107.194.32.55 - - [20/May/2026:11:16:30 -0700] "GET /wp-admin/admin-ajax.php?action=updraft_ajax&subaction=activejobs_list&nonce=33dd573458&downloaders= HTTP/2.0" 400 1 "https://www.pioneercabinetry.net/wp-admin/options-general.php?page=updraftplus" "Mozilla/5.0 (Macintosh; Intel Mac OS X 10.15; rv:150.0) Gecko/20100101 Firefox/150.0" 1433 **1/1433901**
68.36.78.73 - - [20/May/2026:11:16:37 -0700] "GET /wp-content/uploads/2018/03/Classic-ArchSolid.jpg HTTP/2.0" 200 386443 "https://www.pioneercabinetry.net/classic-door-styles/" "Mozilla/5.0 (Macintosh; Intel Mac OS X 10_15_7) AppleWebKit/605.1.15 (KHTML, like Gecko) Version/26.4 Safari/605.1.15" 252 **0/252045**
68.36.78.73 - - [20/May/2026:11:16:37 -0700] "GET /wp-content/uploads/2018/03/Classic-ArchFlat.jpg HTTP/2.0" 200 385932 "https://www.pioneercabinetry.net/classic-door-styles/" "Mozilla/5.0 (Macintosh; Intel Mac OS X 10_15_7) AppleWebKit/605.1.15 (KHTML, like Gecko) Version/26.4 Safari/605.1.15" 364 **0/364177**
68.36.78.73 - - [20/May/2026:11:16:37 -0700] "GET /wp-content/uploads/2018/03/Classic-ArchRaised.jpg HTTP/2.0" 200 384394 "https://www.pioneercabinetry.net/classic-door-styles/" "Mozilla/5.0 (Macintosh; Intel Mac OS X 10_15_7) AppleWebKit/605.1.15 (KHTML, like Gecko) Version/26.4 Safari/605.1.15" 364 **0/364719**
107.194.32.55 - - [20/May/2026:11:16:36 -0700] "GET /wp-admin/admin-ajax.php?action=updraft_ajax&subaction=activejobs_list&nonce=33dd573458&downloaders= HTTP/2.0" 400 1 "https://www.pioneercabinetry.net/wp-admin/options-general.php?page=updraftplus" "Mozilla/5.0 (Macintosh; Intel Mac OS X 10.15; rv:150.0) Gecko/20100101 Firefox/150.0" 1279 **1/1279734**
107.194.32.55 - - [20/May/2026:11:16:42 -0700] "GET /wp-admin/admin-ajax.php?action=updraft_ajax&subaction=activejobs_list&nonce=33dd573458&downloaders= HTTP/2.0" 400 1 "https://www.pioneercabinetry.net/wp-admin/options-general.php?page=updraftplus" "Mozilla/5.0 (Macintosh; Intel Mac OS X 10.15; rv:150.0) Gecko/20100101 Firefox/150.0" 1154 **1/1154972**
68.36.78.73 - - [20/May/2026:11:16:46 -0700] "GET /wp-content/uploads/2024/09/Classic-Profile-1.jpg HTTP/2.0" 200 30906 "https://www.pioneercabinetry.net/classic-door-styles/" "Mozilla/5.0 (Macintosh; Intel Mac OS X 10_15_7) AppleWebKit/605.1.15 (KHTML, like Gecko) Version/26.4 Safari/605.1.15" 11 **0/11747**
107.194.32.55 - - [20/May/2026:11:16:48 -0700] "GET /wp-admin/admin-ajax.php?action=updraft_ajax&subaction=activejobs_list&nonce=33dd573458&downloaders= HTTP/2.0" 400 1 "https://www.pioneercabinetry.net/wp-admin/options-general.php?page=updraftplus" "Mozilla/5.0 (Macintosh; Intel Mac OS X 10.15; rv:150.0) Gecko/20100101 Firefox/150.0" 1248 **1/1248805**
107.194.32.55 - - [20/May/2026:11:16:54 -0700] "GET /wp-admin/admin-ajax.php?action=updraft_ajax&subaction=activejobs_list&nonce=33dd573458&downloaders= HTTP/2.0" 400 1 "https://www.pioneercabinetry.net/wp-admin/options-general.php?page=updraftplus" "Mozilla/5.0 (Macintosh; Intel Mac OS X 10.15; rv:150.0) Gecko/20100101 Firefox/150.0" 1181 **1/1181503**
107.194.32.55 - - [20/May/2026:11:17:00 -0700] "GET /wp-admin/admin-ajax.php?action=updraft_ajax&subaction=activejobs_list&nonce=33dd573458&downloaders= HTTP/2.0" 400 1 "https://www.pioneercabinetry.net/wp-admin/options-general.php?page=updraftplus" "Mozilla/5.0 (Macintosh; Intel Mac OS X 10.15; rv:150.0) Gecko/20100101 Firefox/150.0" 1669 **1/1669103**
68.36.78.73 - - [20/May/2026:11:17:03 -0700] "GET /specialty-door-styles/ HTTP/2.0" 200 26149 "https://www.pioneercabinetry.net/classic-door-styles/" "Mozilla/5.0 (Macintosh; Intel Mac OS X 10_15_7) AppleWebKit/605.1.15 (KHTML, like Gecko) Version/26.4 Safari/605.1.15" 2938 **2/2938941**
68.36.78.73 - - [20/May/2026:11:17:06 -0700] "GET /wp-content/et-cache/1259/et-divi-dynamic-tb-6252-tb-5898-1259-late.css?ver=1779290940 HTTP/2.0" 200 3400 "https://www.pioneercabinetry.net/specialty-door-styles/" "Mozilla/5.0 (Macintosh; Intel Mac OS X 10_15_7) AppleWebKit/605.1.15 (KHTML, like Gecko) Version/26.4 Safari/605.1.15" 12 **0/12448**
68.36.78.73 - - [20/May/2026:11:17:06 -0700] "GET /wp-content/et-cache/1259/et-core-unified-1259.min.css?ver=1779290939 HTTP/2.0" 200 749 "https://www.pioneercabinetry.net/specialty-door-styles/" "Mozilla/5.0 (Macintosh; Intel Mac OS X 10_15_7) AppleWebKit/605.1.15 (KHTML, like Gecko) Version/26.4 Safari/605.1.15" 13 **0/13950**
68.36.78.73 - - [20/May/2026:11:17:06 -0700] "GET /wp-content/et-cache/1259/et-core-unified-tb-6252-tb-5898-deferred-1259.min.css?ver=1779290940 HTTP/2.0" 200 228 "https://www.pioneercabinetry.net/specialty-door-styles/" "Mozilla/5.0 (Macintosh; Intel Mac OS X 10_15_7) AppleWebKit/605.1.15 (KHTML, like Gecko) Version/26.4 Safari/605.1.15" 14 **0/14863**
68.36.78.73 - - [20/May/2026:11:17:06 -0700] "GET /wp-content/uploads/2018/03/Specialty-FairfaxFlat.jpg HTTP/2.0" 200 347171 "https://www.pioneercabinetry.net/specialty-door-styles/" "Mozilla/5.0 (Macintosh; Intel Mac OS X 10_15_7) AppleWebKit/605.1.15 (KHTML, like Gecko) Version/26.4 Safari/605.1.15" 95 **0/95867**
68.36.78.73 - - [20/May/2026:11:17:06 -0700] "GET /wp-content/uploads/2018/03/Specialty-FairfaxSolid.jpg HTTP/2.0" 200 320730 "https://www.pioneercabinetry.net/specialty-door-styles/" "Mozilla/5.0 (Macintosh; Intel Mac OS X 10_15_7) AppleWebKit/605.1.15 (KHTML, like Gecko) Version/26.4 Safari/605.1.15" 79 **0/79772**
68.36.78.73 - - [20/May/2026:11:17:06 -0700] "GET /wp-content/et-cache/1259/et-divi-dynamic-tb-6252-tb-5898-1259-late.css HTTP/2.0" 200 3400 "https://www.pioneercabinetry.net/specialty-door-styles/" "Mozilla/5.0 (Macintosh; Intel Mac OS X 10_15_7) AppleWebKit/605.1.15 (KHTML, like Gecko) Version/26.4 Safari/605.1.15" 80 **0/80630**
68.36.78.73 - - [20/May/2026:11:17:07 -0700] "GET /wp-content/uploads/2018/03/Specialty-Regency.jpg HTTP/2.0" 200 441803 "https://www.pioneercabinetry.net/specialty-door-styles/" "Mozilla/5.0 (Macintosh; Intel Mac OS X 10_15_7) AppleWebKit/605.1.15 (KHTML, like Gecko) Version/26.4 Safari/605.1.15" 13 **0/13915**
68.36.78.73 - - [20/May/2026:11:17:07 -0700] "GET /wp-content/uploads/2018/03/Specialty-Berkley.jpg HTTP/2.0" 200 167021 "https://www.pioneercabinetry.net/specialty-door-styles/" "Mozilla/5.0 (Macintosh; Intel Mac OS X 10_15_7) AppleWebKit/605.1.15 (KHTML, like Gecko) Version/26.4 Safari/605.1.15" 94 **0/94317**
68.36.78.73 - - [20/May/2026:11:17:07 -0700] "GET /wp-content/uploads/2018/03/Specialty-Winchester.jpg HTTP/2.0" 200 361815 "https://www.pioneercabinetry.net/specialty-door-styles/" "Mozilla/5.0 (Macintosh; Intel Mac OS X 10_15_7) AppleWebKit/605.1.15 (KHTML, like Gecko) Version/26.4 Safari/605.1.15" 94 **0/94740**
68.36.78.73 - - [20/May/2026:11:17:07 -0700] "GET /wp-content/uploads/2024/03/PC_031824_Stratford-Solid_Web-Copy.jpg HTTP/2.0" 200 150433 "https://www.pioneercabinetry.net/specialty-door-styles/" "Mozilla/5.0 (Macintosh; Intel Mac OS X 10_15_7) AppleWebKit/605.1.15 (KHTML, like Gecko) Version/26.4 Safari/605.1.15" 97 **0/97778**
68.36.78.73 - - [20/May/2026:11:17:07 -0700] "GET /wp-content/uploads/2024/03/PC_031824_Stratford-Flat_Web-Copy.jpg HTTP/2.0" 200 164748 "https://www.pioneercabinetry.net/specialty-door-styles/" "Mozilla/5.0 (Macintosh; Intel Mac OS X 10_15_7) AppleWebKit/605.1.15 (KHTML, like Gecko) Version/26.4 Safari/605.1.15" 99 **0/99016**
68.36.78.73 - - [20/May/2026:11:17:07 -0700] "GET /wp-content/uploads/2024/05/PC_031824_Verona_Web-Copy.jpg HTTP/2.0" 200 213351 "https://www.pioneercabinetry.net/specialty-door-styles/" "Mozilla/5.0 (Macintosh; Intel Mac OS X 10_15_7) AppleWebKit/605.1.15 (KHTML, like Gecko) Version/26.4 Safari/605.1.15" 99 **0/99758**
107.194.32.55 - - [20/May/2026:11:17:06 -0700] "GET /wp-admin/admin-ajax.php?action=updraft_ajax&subaction=activejobs_list&nonce=33dd573458&downloaders= HTTP/2.0" 400 1 "https://www.pioneercabinetry.net/wp-admin/options-general.php?page=updraftplus" "Mozilla/5.0 (Macintosh; Intel Mac OS X 10.15; rv:150.0) Gecko/20100101 Firefox/150.0" 1346 **1/1346736**
68.36.78.73 - - [20/May/2026:11:17:08 -0700] "GET /wp-content/uploads/2024/09/Regency-Profile.jpg HTTP/2.0" 200 32564 "https://www.pioneercabinetry.net/specialty-door-styles/" "Mozilla/5.0 (Macintosh; Intel Mac OS X 10_15_7) AppleWebKit/605.1.15 (KHTML, like Gecko) Version/26.4 Safari/605.1.15" 15 **0/15504**
68.36.78.73 - - [20/May/2026:11:17:08 -0700] "GET /wp-content/uploads/2024/09/Stratford-Profile.jpg HTTP/2.0" 200 30343 "https://www.pioneercabinetry.net/specialty-door-styles/" "Mozilla/5.0 (Macintosh; Intel Mac OS X 10_15_7) AppleWebKit/605.1.15 (KHTML, like Gecko) Version/26.4 Safari/605.1.15" 23 **0/23666**
68.36.78.73 - - [20/May/2026:11:17:08 -0700] "GET /wp-content/uploads/2024/09/Fairfax-Profile.jpg HTTP/2.0" 200 33632 "https://www.pioneercabinetry.net/specialty-door-styles/" "Mozilla/5.0 (Macintosh; Intel Mac OS X 10_15_7) AppleWebKit/605.1.15 (KHTML, like Gecko) Version/26.4 Safari/605.1.15" 32 **0/32178**
107.194.32.55 - - [20/May/2026:11:17:13 -0700] "GET /wp-admin/admin-ajax.php?action=updraft_ajax&subaction=activejobs_list&nonce=33dd573458&downloaders= HTTP/2.0" 400 1 "https://www.pioneercabinetry.net/wp-admin/options-general.php?page=updraftplus" "Mozilla/5.0 (Macintosh; Intel Mac OS X 10.15; rv:150.0) Gecko/20100101 Firefox/150.0" 2268 **2/2268005**
68.36.78.73 - - [20/May/2026:11:17:12 -0700] "GET /mitered-door-styles/ HTTP/2.0" 200 26284 "https://www.pioneercabinetry.net/specialty-door-styles/" "Mozilla/5.0 (Macintosh; Intel Mac OS X 10_15_7) AppleWebKit/605.1.15 (KHTML, like Gecko) Version/26.4 Safari/605.1.15" 3609 **3/3609639**
68.36.78.73 - - [20/May/2026:11:17:16 -0700] "GET /wp-content/et-cache/6413/et-divi-dynamic-tb-6252-tb-5898-6413-late.css?ver=1779293501 HTTP/2.0" 200 3400 "https://www.pioneercabinetry.net/mitered-door-styles/" "Mozilla/5.0 (Macintosh; Intel Mac OS X 10_15_7) AppleWebKit/605.1.15 (KHTML, like Gecko) Version/26.4 Safari/605.1.15" 14 **0/14008**
68.36.78.73 - - [20/May/2026:11:17:16 -0700] "GET /wp-content/et-cache/6413/et-core-unified-6413.min.css?ver=1779293500 HTTP/2.0" 200 749 "https://www.pioneercabinetry.net/mitered-door-styles/" "Mozilla/5.0 (Macintosh; Intel Mac OS X 10_15_7) AppleWebKit/605.1.15 (KHTML, like Gecko) Version/26.4 Safari/605.1.15" 10 **0/10744**
68.36.78.73 - - [20/May/2026:11:17:16 -0700] "GET /wp-content/uploads/2024/09/MedfordFlat.jpg HTTP/2.0" 200 133573 "https://www.pioneercabinetry.net/mitered-door-styles/" "Mozilla/5.0 (Macintosh; Intel Mac OS X 10_15_7) AppleWebKit/605.1.15 (KHTML, like Gecko) Version/26.4 Safari/605.1.15" 17 **0/17056**
68.36.78.73 - - [20/May/2026:11:17:16 -0700] "GET /wp-content/et-cache/6413/et-core-unified-tb-6252-tb-5898-deferred-6413.min.css?ver=1779293501 HTTP/2.0" 200 228 "https://www.pioneercabinetry.net/mitered-door-styles/" "Mozilla/5.0 (Macintosh; Intel Mac OS X 10_15_7) AppleWebKit/605.1.15 (KHTML, like Gecko) Version/26.4 Safari/605.1.15" 28 **0/28905**
68.36.78.73 - - [20/May/2026:11:17:16 -0700] "GET /wp-content/et-cache/6413/et-divi-dynamic-tb-6252-tb-5898-6413-late.css HTTP/2.0" 200 3400 "https://www.pioneercabinetry.net/mitered-door-styles/" "Mozilla/5.0 (Macintosh; Intel Mac OS X 10_15_7) AppleWebKit/605.1.15 (KHTML, like Gecko) Version/26.4 Safari/605.1.15" 10 **0/10173**
68.36.78.73 - - [20/May/2026:11:17:16 -0700] "GET /wp-content/uploads/2024/09/MedfordSolid.jpg HTTP/2.0" 200 136768 "https://www.pioneercabinetry.net/mitered-door-styles/" "Mozilla/5.0 (Macintosh; Intel Mac OS X 10_15_7) AppleWebKit/605.1.15 (KHTML, like Gecko) Version/26.4 Safari/605.1.15" 6 **0/6807**
68.36.78.73 - - [20/May/2026:11:17:16 -0700] "GET /wp-content/uploads/2024/09/MadisonSolid.jpg HTTP/2.0" 200 57724 "https://www.pioneercabinetry.net/mitered-door-styles/" "Mozilla/5.0 (Macintosh; Intel Mac OS X 10_15_7) AppleWebKit/605.1.15 (KHTML, like Gecko) Version/26.4 Safari/605.1.15" 8 **0/8476**
68.36.78.73 - - [20/May/2026:11:17:16 -0700] "GET /wp-content/uploads/2024/09/Pioneer-Cabinets-13C.jpg HTTP/2.0" 200 60578 "https://www.pioneercabinetry.net/mitered-door-styles/" "Mozilla/5.0 (Macintosh; Intel Mac OS X 10_15_7) AppleWebKit/605.1.15 (KHTML, like Gecko) Version/26.4 Safari/605.1.15" 8 **0/8915**
68.36.78.73 - - [20/May/2026:11:17:16 -0700] "GET /wp-content/uploads/2024/09/Pioneer-Cabinets-13A.jpg HTTP/2.0" 200 55842 "https://www.pioneercabinetry.net/mitered-door-styles/" "Mozilla/5.0 (Macintosh; Intel Mac OS X 10_15_7) AppleWebKit/605.1.15 (KHTML, like Gecko) Version/26.4 Safari/605.1.15" 10 **0/10200**
68.36.78.73 - - [20/May/2026:11:17:17 -0700] "GET /wp-content/uploads/2024/09/MelbourneFlat.jpg HTTP/2.0" 200 260100 "https://www.pioneercabinetry.net/mitered-door-styles/" "Mozilla/5.0 (Macintosh; Intel Mac OS X 10_15_7) AppleWebKit/605.1.15 (KHTML, like Gecko) Version/26.4 Safari/605.1.15" 19 **0/19466**
68.36.78.73 - - [20/May/2026:11:17:17 -0700] "GET /wp-content/uploads/2024/09/MelbourneSolid.jpg HTTP/2.0" 200 275985 "https://www.pioneercabinetry.net/mitered-door-styles/" "Mozilla/5.0 (Macintosh; Intel Mac OS X 10_15_7) AppleWebKit/605.1.15 (KHTML, like Gecko) Version/26.4 Safari/605.1.15" 21 **0/21098**
68.36.78.73 - - [20/May/2026:11:17:17 -0700] "GET /wp-content/uploads/2024/09/MelbourneRaised.jpg HTTP/2.0" 200 266158 "https://www.pioneercabinetry.net/mitered-door-styles/" "Mozilla/5.0 (Macintosh; Intel Mac OS X 10_15_7) AppleWebKit/605.1.15 (KHTML, like Gecko) Version/26.4 Safari/605.1.15" 22 **0/22460**
107.194.32.55 - - [20/May/2026:11:17:19 -0700] "GET /wp-admin/admin-ajax.php?action=updraft_ajax&subaction=activejobs_list&nonce=33dd573458&downloaders= HTTP/2.0" 400 1 "https://www.pioneercabinetry.net/wp-admin/options-general.php?page=updraftplus" "Mozilla/5.0 (Macintosh; Intel Mac OS X 10.15; rv:150.0) Gecko/20100101 Firefox/150.0" 1195 **1/1195611**
68.36.78.73 - - [20/May/2026:11:17:21 -0700] "GET /transitional-door-styles/ HTTP/2.0" 200 25820 "https://www.pioneercabinetry.net/mitered-door-styles/" "Mozilla/5.0 (Macintosh; Intel Mac OS X 10_15_7) AppleWebKit/605.1.15 (KHTML, like Gecko) Version/26.4 Safari/605.1.15" 1987 **1/1987733**
107.194.32.55 - - [20/May/2026:11:17:25 -0700] "GET /wp-admin/admin-ajax.php?action=updraft_ajax&subaction=activejobs_list&nonce=33dd573458&downloaders= HTTP/2.0" 400 1 "https://www.pioneercabinetry.net/wp-admin/options-general.php?page=updraftplus" "Mozilla/5.0 (Macintosh; Intel Mac OS X 10.15; rv:150.0) Gecko/20100101 Firefox/150.0" 1168 **1/1168314**
107.194.32.55 - - [20/May/2026:11:17:31 -0700] "GET /wp-admin/admin-ajax.php?action=updraft_ajax&subaction=activejobs_list&nonce=33dd573458&downloaders= HTTP/2.0" 400 1 "https://www.pioneercabinetry.net/wp-admin/options-general.php?page=updraftplus" "Mozilla/5.0 (Macintosh; Intel Mac OS X 10.15; rv:150.0) Gecko/20100101 Firefox/150.0" 1212 **1/1212160**
68.36.78.73 - - [20/May/2026:11:17:34 -0700] "GET /traditional-door-styles/ HTTP/2.0" 200 25791 "https://www.pioneercabinetry.net/transitional-door-styles/" "Mozilla/5.0 (Macintosh; Intel Mac OS X 10_15_7) AppleWebKit/605.1.15 (KHTML, like Gecko) Version/26.4 Safari/605.1.15" 1857 **1/1857701**
107.194.32.55 - - [20/May/2026:11:17:37 -0700] "GET /wp-admin/admin-ajax.php?action=updraft_ajax&subaction=activejobs_list&nonce=33dd573458&downloaders= HTTP/2.0" 400 1 "https://www.pioneercabinetry.net/wp-admin/options-general.php?page=updraftplus" "Mozilla/5.0 (Macintosh; Intel Mac OS X 10.15; rv:150.0) Gecko/20100101 Firefox/150.0" 1118 **1/1118494**
107.194.32.55 - - [20/May/2026:11:17:43 -0700] "GET /wp-admin/admin-ajax.php?action=updraft_ajax&subaction=activejobs_list&nonce=33dd573458&downloaders= HTTP/2.0" 400 1 "https://www.pioneercabinetry.net/wp-admin/options-general.php?page=updraftplus" "Mozilla/5.0 (Macintosh; Intel Mac OS X 10.15; rv:150.0) Gecko/20100101 Firefox/150.0" 1115 **1/1115072**
107.194.32.55 - - [20/May/2026:11:17:49 -0700] "GET /wp-admin/admin-ajax.php?action=updraft_ajax&subaction=activejobs_list&nonce=33dd573458&downloaders= HTTP/2.0" 400 1 "https://www.pioneercabinetry.net/wp-admin/options-general.php?page=updraftplus" "Mozilla/5.0 (Macintosh; Intel Mac OS X 10.15; rv:150.0) Gecko/20100101 Firefox/150.0" 1087 **1/1087523**
107.194.32.55 - - [20/May/2026:11:17:56 -0700] "GET /wp-admin/admin-ajax.php?action=updraft_ajax&subaction=activejobs_list&nonce=33dd573458&downloaders= HTTP/2.0" 400 1 "https://www.pioneercabinetry.net/wp-admin/options-general.php?page=updraftplus" "Mozilla/5.0 (Macintosh; Intel Mac OS X 10.15; rv:150.0) Gecko/20100101 Firefox/150.0" 1092 **1/1092195**
107.194.32.55 - - [20/May/2026:11:18:01 -0700] "GET /wp-admin/admin-ajax.php?action=updraft_ajax&subaction=activejobs_list&nonce=33dd573458&downloaders= HTTP/2.0" 400 1 "https://www.pioneercabinetry.net/wp-admin/options-general.php?page=updraftplus" "Mozilla/5.0 (Macintosh; Intel Mac OS X 10.15; rv:150.0) Gecko/20100101 Firefox/150.0" 1413 **1/1413768**
68.36.78.73 - - [20/May/2026:11:18:05 -0700] "GET /classic-door-styles/ HTTP/2.0" 200 26231 "https://www.pioneercabinetry.net/traditional-door-styles/" "Mozilla/5.0 (Macintosh; Intel Mac OS X 10_15_7) AppleWebKit/605.1.15 (KHTML, like Gecko) Version/26.4 Safari/605.1.15" 2043 **2/2043587**
107.194.32.55 - - [20/May/2026:11:18:07 -0700] "GET /wp-admin/admin-ajax.php?action=updraft_ajax&subaction=activejobs_list&nonce=33dd573458&downloaders= HTTP/2.0" 400 1 "https://www.pioneercabinetry.net/wp-admin/options-general.php?page=updraftplus" "Mozilla/5.0 (Macintosh; Intel Mac OS X 10.15; rv:150.0) Gecko/20100101 Firefox/150.0" 1329 **1/1329276**
107.194.32.55 - - [20/May/2026:11:18:13 -0700] "GET /wp-admin/admin-ajax.php?action=updraft_ajax&subaction=activejobs_list&nonce=33dd573458&downloaders= HTTP/2.0" 400 1 "https://www.pioneercabinetry.net/wp-admin/options-general.php?page=updraftplus" "Mozilla/5.0 (Macintosh; Intel Mac OS X 10.15; rv:150.0) Gecko/20100101 Firefox/150.0" 1173 **1/1173213**
107.194.32.55 - - [20/May/2026:11:18:19 -0700] "GET /wp-admin/admin-ajax.php?action=updraft_ajax&subaction=activejobs_list&nonce=33dd573458&downloaders= HTTP/2.0" 400 1 "https://www.pioneercabinetry.net/wp-admin/options-general.php?page=updraftplus" "Mozilla/5.0 (Macintosh; Intel Mac OS X 10.15; rv:150.0) Gecko/20100101 Firefox/150.0" 1053 **1/1053726**
107.194.32.55 - - [20/May/2026:11:18:26 -0700] "GET /wp-admin/admin-ajax.php?action=updraft_ajax&subaction=activejobs_list&nonce=33dd573458&downloaders= HTTP/2.0" 400 1 "https://www.pioneercabinetry.net/wp-admin/options-general.php?page=updraftplus" "Mozilla/5.0 (Macintosh; Intel Mac OS X 10.15; rv:150.0) Gecko/20100101 Firefox/150.0" 1171 **1/1171358**
107.194.32.55 - - [20/May/2026:11:18:32 -0700] "GET /wp-admin/admin-ajax.php?action=updraft_ajax&subaction=activejobs_list&nonce=33dd573458&downloaders= HTTP/2.0" 400 1 "https://www.pioneercabinetry.net/wp-admin/options-general.php?page=updraftplus" "Mozilla/5.0 (Macintosh; Intel Mac OS X 10.15; rv:150.0) Gecko/20100101 Firefox/150.0" 988 **0/988388**
68.36.78.73 - - [20/May/2026:11:18:36 -0700] "GET /transitional-door-styles/ HTTP/2.0" 200 25820 "https://www.pioneercabinetry.net/classic-door-styles/" "Mozilla/5.0 (Macintosh; Intel Mac OS X 10_15_7) AppleWebKit/605.1.15 (KHTML, like Gecko) Version/26.4 Safari/605.1.15" 3836 **3/3836807**
174.239.152.123 - - [20/May/2026:11:18:36 -0700] "GET /artisan-door-styles/ HTTP/2.0" 200 25082 "https://www.pioneercabinetry.net/classic-door-styles/" "Mozilla/5.0 (iPhone; CPU iPhone OS 26_4_2 like Mac OS X) AppleWebKit/605.1.15 (KHTML, like Gecko) CriOS/148.0.7778.166 Mobile/15E148 Safari/604.1" 4022 **4/4022543**
174.239.152.123 - - [20/May/2026:11:18:41 -0700] "GET /wp-content/plugins/wp-store-locator/css/styles.min.css?ver=2.3.1 HTTP/2.0" 200 3638 "https://www.pioneercabinetry.net/artisan-door-styles/" "Mozilla/5.0 (iPhone; CPU iPhone OS 26_4_2 like Mac OS X) AppleWebKit/605.1.15 (KHTML, like Gecko) CriOS/148.0.7778.166 Mobile/15E148 Safari/604.1" 12 **0/12383**
174.239.152.123 - - [20/May/2026:11:18:41 -0700] "GET /wp-content/themes/Divi-child/style.css?ver=4.27.6 HTTP/2.0" 200 369 "https://www.pioneercabinetry.net/artisan-door-styles/" "Mozilla/5.0 (iPhone; CPU iPhone OS 26_4_2 like Mac OS X) AppleWebKit/605.1.15 (KHTML, like Gecko) CriOS/148.0.7778.166 Mobile/15E148 Safari/604.1" 17 **0/17493**
174.239.152.123 - - [20/May/2026:11:18:41 -0700] "GET /wp-content/et-cache/6288/et-core-unified-6288.min.css?ver=1779289266 HTTP/2.0" 200 749 "https://www.pioneercabinetry.net/artisan-door-styles/" "Mozilla/5.0 (iPhone; CPU iPhone OS 26_4_2 like Mac OS X) AppleWebKit/605.1.15 (KHTML, like Gecko) CriOS/148.0.7778.166 Mobile/15E148 Safari/604.1" 18 **0/18975**
